000
CXUS51 KRNK 010741
CF6LYH
PRELIMINARY LOCAL CLIMATOLOGICAL DATA (WS FORM: F-6)
STATION: LYNCHBURG VA
MONTH: FEBRUARY
YEAR: 2022
LATITUDE: 37 19 N
LONGITUDE: 79 12 W
TEMPERATURE IN F: :PCPN: SNOW: WIND :SUNSHINE: SKY :PK WND
================================================================================
1 2 3 4 5 6A 6B 7 8 9 10 11 12 13 14 15 16 17 18
12Z AVG MX 2MIN
DY MAX MIN AVG DEP HDD CDD WTR SNW DPTH SPD SPD DIR MIN PSBL S-S WX SPD DR
================================================================================
1 47 27 37 1 28 0 0.00 0.0 0 4.2 14 40 M M 5 18 40
2 53 22 38 2 27 0 T 0.0 0 1.7 8 190 M M 2 12 160
3 49 41 45 8 20 0 0.75 0.0 0 1.7 7 180 M M 10 12 9 280
4 63 38 51 14 14 0 0.60 0.0 0 8.3 18 200 M M 10 1 26 190
5 38 24 31 -6 34 0 0.00 0.0 0 5.2 15 10 M M 1 22 310
6 40 21 31 -6 34 0 0.00 0.0 0 3.5 9 100 M M 0 12 120
7 37 20 29 -8 36 0 0.11 T 0 2.0 8 30 M M 7 1246 10 360
8 51 25 38 1 27 0 0.00 0.0 0 3.3 14 270 M M 2 12 22 250
9 59 24 42 4 23 0 0.00 0.0 0 5.2 17 190 M M 0 24 220
10 64 30 47 9 18 0 0.00 0.0 0 6.2 16 260 M M 0 25 270
11 69 28 49 11 16 0 0.00 0.0 0 7.9 26 190 M M 0 36 200
12 66 39 53 15 12 0 0.00 0.0 0 4.6 16 260 M M 2 26 260
13 52 24 38 0 27 0 0.14 T 0 5.0 14 10 M M 8 1 18 10
14 39 21 30 -8 35 0 0.00 0.0 0 4.4 15 320 M M 3 26 330
15 46 15 31 -8 34 0 0.00 0.0 0 2.3 12 170 M M 0 16 190
16 59 25 42 3 23 0 0.00 0.0 0 3.2 14 200 M M 5 18 170
17 70 45 58 19 7 0 0.01 0.0 0 13.1 25 200 M M 9 34 190
18 64 29 47 8 18 0 0.30 0.0 0 8.0 17 200 M M 2 1 27 290
19 53 20 37 -3 28 0 0.00 0.0 0 6.6 21 280 M M 0 34 270
20 50 16 33 -7 32 0 0.00 0.0 0 5.6 15 200 M M 0 23 210
21 68 24 46 6 19 0 0.00 0.0 0 4.9 17 180 M M 2 21 180
22 64 54 59 19 6 0 0.31 0.0 0 7.6 20 210 M M 10 1 30 220
23 72 54 63 23 2 0 0.15 0.0 0 6.9 16 180 M M 5 1 25 210
24 56 34 45 4 20 0 0.72 0.0 0 7.1 16 30 M M 8 1 22 60
25 64 34 49 8 16 0 0.05 0.0 0 5.7 16 300 M M 5 1 25 260
26 49 36 43 2 22 0 0.00 0.0 0 2.8 10 140 M M 1 13 140
27 55 37 46 4 19 0 0.00 0.0 0 3.8 13 200 M M 4 18 290
28 58 27 43 1 22 0 0.00 0.0 0 2.9 10 220 M M 0 14 220
================================================================================
SM 1555 834 619 0 3.14 T 143.7 M 101
================================================================================
AV 55.5 29.8 5.1 FASTST M M 4 MAX(MPH)
MISC ----> 26 190 36 200
================================================================================
NOTES:
# LAST OF SEVERAL OCCURRENCES
COLUMN 17 PEAK WIND IN M.P.H.
PRELIMINARY LOCAL CLIMATOLOGICAL DATA (WS FORM: F-6) , PAGE 2
STATION: LYNCHBURG VA
MONTH: FEBRUARY
YEAR: 2022
LATITUDE: 37 19 N
LONGITUDE: 79 12 W
[TEMPERATURE DATA] [PRECIPITATION DATA] SYMBOLS USED IN COLUMN 16
AVERAGE MONTHLY: 42.7 TOTAL FOR MONTH: 3.14 1 = FOG OR MIST
DPTR FM NORMAL: 3.9 DPTR FM NORMAL: 0.23 2 = FOG REDUCING VISIBILITY
HIGHEST: 72 ON 23 GRTST 24HR 0.79 ON 3- 4 TO 1/4 MILE OR LESS
LOWEST: 15 ON 15 3 = THUNDER
SNOW, ICE PELLETS, HAIL 4 = ICE PELLETS
TOTAL MONTH: T 5 = HAIL
GRTST 24HR T ON 7- 7 6 = FREEZING RAIN OR DRIZZLE
GRTST DEPTH: 0 7 = DUSTSTORM OR SANDSTORM:
VSBY 1/2 MILE OR LESS
8 = SMOKE OR HAZE
[NO. OF DAYS WITH] [WEATHER - DAYS WITH] 9 = BLOWING SNOW
X = TORNADO
MAX 32 OR BELOW: 0 0.01 INCH OR MORE: 10
MAX 90 OR ABOVE: 0 0.10 INCH OR MORE: 8
MIN 32 OR BELOW: 18 0.50 INCH OR MORE: 3
MIN 0 OR BELOW: 0 1.00 INCH OR MORE: 0
[HDD (BASE 65) ]
TOTAL THIS MO. 619 CLEAR (SCALE 0-3) 16
DPTR FM NORMAL -115 PTCLDY (SCALE 4-7) 6
TOTAL FM JUL 1 2752 CLOUDY (SCALE 8-10) 6
DPTR FM NORMAL -562
[CDD (BASE 65) ]
TOTAL THIS MO. 0
DPTR FM NORMAL 0 [PRESSURE DATA]
TOTAL FM JAN 1 0 HIGHEST SLP M ON M
DPTR FM NORMAL 0 LOWEST SLP 29.57 ON 18
[REMARKS]
DUE TO EQUIPMENT FAILURE ON NOVEMBER 4, 2021, ALL HEATING DEGREE DAY
INFORMATION WILL BE CALCULATED WITHOUT DATA FROM THIS DATE.
#FINAL-02-22#