000
CXUS54 KLZK 180011
CLSLZK
CLIMATE REPORT...UPDATED WITH SUPPLEMENTAL DATA
NATIONAL WEATHER SERVICE LITTLE ROCK AR
1154 AM CDT THU SEP 01 2022
...................................
...THE NORTH LITTLE ROCK CLIMATE SUMMARY FOR THE SEASON, FROM
6/1/2022 TO 8/31/2022...
CLIMATE NORMAL PERIOD 1991 TO 2020
CLIMATE RECORD PERIOD 1975 TO 2022
WEATHER OBSERVED NORMAL DEPART LAST YEAR`S
VALUE DATE(S) VALUE FROM VALUE DATE(S)
NORMAL
................................................................
TEMPERATURE (F)
RECORD
HIGH 111 08/03/2011
08/30/2000
LOW 52 06/01/1993
HIGHEST 103 08/15 92 11 98 08/25
LOWEST 60 06/03 71 -11 58 06/23
08/24
AVG. MAXIMUM 91.4 89.6 1.8 89.0
AVG. MINIMUM 72.0 70.5 1.5 70.8
MEAN 81.7 80.1 1.6 79.9
DAYS MAX >= 90 65 57.8 7.2 54
DAYS MAX <= 32 0 0.0 0.0 0
DAYS MIN <= 32 0 0.0 0.0 0
DAYS MIN <= 0 0 0.0 0.0 0
PRECIPITATION (INCHES)
TOTALS 6.38 10.89 -4.51 8.93
DAILY AVG. 0.07 0.12 -0.05 0.10
DAYS >= .01 13 24.7 -11.7 15
DAYS >= .10 7 16.6 -9.6 10
DAYS >= .50 3 7.3 -4.3 4
DAYS >= 1.00 1 3.4 -2.4 3
GREATEST
24 HR. TOTAL 1.46 2.44 06/07 TO 06/08
STORM TOTAL 1.46 1.52
(MM/DD(HH)) MM
SNOWFALL (INCHES)
RECORDS
TOTAL T 2018
24 HR TOTAL MM
SNOW DEPTH 0 MM
TOTALS 0.0 0.0 0.0 0.0
LIQUID EQUIV 0.00 0.00 0.00 0.00
SINCE 7/1 0.0 0.0 0.0 MM
LIQUID 7/1 0.00 0.00 0.00 MM
SNOWDEPTH AVG. 0 0
DAYS >= TRACE 0 0.0 0.0 0
DAYS >= 1.0 0 0.0 0.0 0
GREATEST
SNOW DEPTH 0 0 MM
24 HR TOTAL 0.0 MM 0.0
STORM TOTAL 0.0 0.0
(MM/DD(HH)) MM
DEGREE DAYS
HEATING TOTAL 0 1 -1 0
SINCE 7/1 0 0 0 MM
COOLING TOTAL 1566 1387 179 1394
SINCE 1/1 1858 1644 214 MM
FREEZE DATES
RECORD
EARLIEST 10/20/1989
LATEST 04/19/1983
EARLIEST MM
LATEST 03/13
................................................................
WIND (MPH)
AVERAGE WIND SPEED 4.8
HIGHEST WIND SPEED/DIRECTION 13/040 DATE 06/02
HIGHEST GUST SPEED/DIRECTION 18/040 DATE 06/02
SKY COVER
AVERAGE SKY COVER 0.04
NUMBER OF DAYS FAIR 6
NUMBER OF DAYS PC 1
NUMBER OF DAYS CLOUDY 0
WEATHER CONDITIONS. NUMBER OF DAYS WITH
THUNDERSTORM 20 MIXED PRECIP 0
HEAVY RAIN 8 RAIN 13
LIGHT RAIN 29 FREEZING RAIN 0
LT FREEZING RAIN 0 HAIL 0
HEAVY SNOW 0 SLEET 0
FOG 7 FOG W/VIS <= 1/4 MILE 1
HAZE 0
- INDICATES NEGATIVE NUMBERS.
R INDICATES RECORD WAS SET OR TIED.
MM INDICATES DATA IS MISSING.
T INDICATES TRACE AMOUNT.
&&
...ADDITIONAL DATA FOR NORTH LITTLE ROCK FOR SUMMER 2022...
.SEASONAL TEMPERATURES...
THE AVERAGE HIGH TEMPERATURE WAS THE WARMEST SINCE 2015. THE AVERAGE
LOW TEMPERATURE WAS THE WARMEST SINCE 2016. THE AVERAGE SEASONAL
TEMPERATURE WAS THE WARMEST SINCE 2016.
THE HOTTEST TEMPERATURE OF 103 WAS THE WARMEST SUMMER TEMPERATURE SINCE 2012.
THERE WERE EIGHT DAYS WITH HIGH TEMPERATURES AT OR ABOVE 100, WHICH IS
THE MOST SINCE 2012. THERE WERE 65 DAYS WITH HIGH TEMPERATURES AT OR
ABOVE 90 DEGREES, WHICH WAS THE MOST SINCE 2016.
.SEASONAL RAINFALL...
IT WAS THE DRIEST SUMMER SINCE 1999, AND THE 7TH DRIEST SUMMER ON RECORD.
THERE WERE 19 DAYS WITH MEASURABLE PRECIPITATION, WHICH WAS THE LEAST AMOUNT
SINCE 2015.
$$
62 (IN MEMORY OF 57)