399
CXUS54 KLZK 011130
CF6M19
PRELIMINARY LOCAL CLIMATOLOGICAL DATA (WS FORM: F-6)
STATION: Newport Airport
MONTH: SEPTEMBER
YEAR: 2020
LATITUDE: 35 35 N
LONGITUDE: 91 16 W
TEMPERATURE IN F: :PCPN: SNOW: WIND :SUNSHINE: SKY :PK WND
================================================================================
1 2 3 4 5 6A 6B 7 8 9 10 11 12 13 14 15 16 17 18
12Z AVG MX 2MIN
DY MAX MIN AVG DEP HDD CDD WTR SNW DPTH SPD SPD DIR MIN PSBL S-S WX SPD DR
================================================================================
1 84 70 77 -1 0 12 0.90 M M 5.9 12 200 M M 2 13 M M
2 79 72 76 -1 0 11 1.40 M M 3.9 7 340 M M 10 1 M M
3 85 72 79 2 0 14 0.00 M M 7.2 13 260 M M 5 1 M M
4 79 67 73 -4 0 8 0.20 M M 5.7 10 50 M M 2 M M
5 86 62 74 -2 0 9 0.00 M M 3.9 7 180 M M 0 M M
6 88 64 76 0 0 11 0.00 M M 5.5 12 170 M M 0 M M
7 90 66 78 2 0 13 0.00 M M 8.9 16 210 M M 0 M M
8 89 67 78 3 0 13 0.00 M M 6.4 13 200 M M 0 M M
9 89 67 78 3 0 13 0.00 M M 4.7 7 120 M M 1 8 M M
10 88 65 77 2 0 12 0.00 M M 3.0 7 80 M M 0 1 M M
11 90 68 79 5 0 14 0.00 M M 2.5 7 40 M M 1 1 M M
12 91 67 79 5 0 14 0.00 M M 3.1 12 170 M M 2 123 M M
13 82 67 75 1 0 10 0.00 M M 7.5 14 40 M M 3 M M
14 83 64 74 1 0 9 0.00 M M 11.8 17 30 M M 3 22 30
15 84 62 73 0 0 8 0.00 M M 8.6 13 30 M M 0 M M
16 86 65 76 4 0 11 M M M 6.3 9 40 M M 3 M M
17 83 67 75 3 0 10 M M M 8.2 14 360 M M 1 M M
18 76 56 66 -6 0 1 M M M 11.6 20 40 M M 0 25 30
19 73 51 62 -9 3 0 M M M 9.5 15 30 M M 0 17 50
20 79 52 66 -5 0 1 M M M 7.7 13 40 M M 4 8 16 50
21 79 52 66 -4 0 1 M M M 7.6 14 130 M M 1 8 M M
22 64 60 62 -8 3 0 0.15 M M 5.5 12 30 M M 5 M M
23 62 59 61 -8 4 0 2.24 M M 8.4 13 50 M M 10 1 M M
24 66 58 62 -7 3 0 0.01 M M 9.5 15 20 M M 10 1 M M
25 74 59 67 -2 0 2 0.00 M M 5.0 10 170 M M 6 M M
26 77 58 68 0 0 3 0.00 M M 8.2 16 200 M M 5 12 M M
27 83 57 70 2 0 5 0.00 M M 8.5 17 230 M M 2 1 16 220
28 74 57 66 -1 0 1 0.31 M M 14.6 21 290 M M 6 3 27 290
29 71 49 60 -7 5 0 0.00 M M 6.2 15 290 M M 0 M M
30 82 50 66 -1 0 1 0.00 M M 11.1 20 210 M M 0 27 210
================================================================================
SM 2416 1850 18 207 5.21 M 216.5 M 82
================================================================================
AV 80.5 61.7 7.2 FASTST M M 3 MAX(MPH)
MISC ----> # 21 290 # 27 290
================================================================================
NOTES:
# LAST OF SEVERAL OCCURRENCES
COLUMN 17 PEAK WIND IN M.P.H.
PRELIMINARY LOCAL CLIMATOLOGICAL DATA (WS FORM: F-6) , PAGE 2
STATION: Newport Airport
MONTH: SEPTEMBER
YEAR: 2020
LATITUDE: 35 35 N
LONGITUDE: 91 16 W
[TEMPERATURE DATA] [PRECIPITATION DATA] SYMBOLS USED IN COLUMN 16
AVERAGE MONTHLY: 71.1 TOTAL FOR MONTH: 5.21 1 = FOG OR MIST
DPTR FM NORMAL: -1.3 DPTR FM NORMAL: 2.15 2 = FOG REDUCING VISIBILITY
HIGHEST: 91 ON 12 GRTST 24HR 2.24 ON 23-23 TO 1/4 MILE OR LESS
LOWEST: 49 ON 29 3 = THUNDER
SNOW, ICE PELLETS, HAIL 4 = ICE PELLETS
TOTAL MONTH: M 5 = HAIL
GRTST 24HR M ON M 6 = FREEZING RAIN OR DRIZZLE
GRTST DEPTH: M ON M 7 = DUSTSTORM OR SANDSTORM:
VSBY 1/2 MILE OR LESS
8 = SMOKE OR HAZE
[NO. OF DAYS WITH] [WEATHER - DAYS WITH] 9 = BLOWING SNOW
X = TORNADO
MAX 32 OR BELOW: 0 0.01 INCH OR MORE: 7
MAX 90 OR ABOVE: 3 0.10 INCH OR MORE: 6
MIN 32 OR BELOW: 0 0.50 INCH OR MORE: 3
MIN 0 OR BELOW: 0 1.00 INCH OR MORE: 2
[HDD (BASE 65) ]
TOTAL THIS MO. 18 CLEAR (SCALE 0-3) 20
DPTR FM NORMAL -4 PTCLDY (SCALE 4-7) 7
TOTAL FM JUL 1 18 CLOUDY (SCALE 8-10) 3
DPTR FM NORMAL -4
[CDD (BASE 65) ]
TOTAL THIS MO. 207
DPTR FM NORMAL -37 [PRESSURE DATA]
TOTAL FM JAN 1 1708 HIGHEST SLP M ON M
DPTR FM NORMAL -116 LOWEST SLP M ON M
[REMARKS]
#FINAL-09-20#