000
CXUS54 KMAF 011726
CF6MAF
PRELIMINARY LOCAL CLIMATOLOGICAL DATA (WS FORM: F-6)
STATION: MIDLAND INTERNATIONAL AIRPORT
MONTH: FEBRUARY
YEAR: 2023
LATITUDE: 31 57 N
LONGITUDE: 102 11 W
TEMPERATURE IN F: :PCPN: SNOW: WIND :SUNSHINE: SKY :PK WND
================================================================================
1 2 3 4 5 6A 6B 7 8 9 10 11 12 13 14 15 16 17 18
12Z AVG MX 2MIN
DY MAX MIN AVG DEP HDD CDD WTR SNW DPTH SPD SPD DIR MIN PSBL S-S WX SPD DR
================================================================================
1 30 23 27 -20 38 0 0.06 0.0 T 5.0 12 130 M M 10 16 14 90
2 55 29 42 -6 23 0 T 0.0 T 7.0 17 360 M M 6 168 21 350
3 55 25 40 -8 25 0 0.00 0.0 0 6.3 13 140 M M 0 1 17 240
4 64 31 48 0 17 0 0.00 0.0 0 10.0 18 200 M M 0 25 200
5 75 29 52 4 13 0 0.00 0.0 0 8.4 18 220 M M 0 1 24 180
6 79 49 64 16 1 0 0.00 0.0 0 11.7 21 160 M M 0 25 160
7 57 41 49 1 16 0 0.00 0.0 0 17.3 28 40 M M 8 37 50
8 57 34 46 -3 19 0 0.00 0.0 0 11.7 26 250 M M 4 36 280
9 59 33 46 -3 19 0 0.08 0.1 0 14.9 38 350 M M 2 18 49 350
10 47 27 37 -12 28 0 T T 0 11.8 23 350 M M 2 33 330
11 55 21 38 -11 27 0 0.00 0.0 0 6.0 14 180 M M 0 20 160
12 67 31 49 -1 16 0 0.00 0.0 0 8.6 17 160 M M 1 21 160
13 61 41 51 1 14 0 T 0.0 0 13.2 29 250 M M 2 35 240
14 66 43 55 5 10 0 0.00 0.0 0 21.0 41 240 M M 2 78 53 250
15 74 40 57 7 8 0 0.00 0.0 0 16.8 31 310 M M 0 8 43 320
16 45 22 34 -16 31 0 0.00 0.0 0 13.5 22 10 M M 0 29 10
17 48 17 33 -18 32 0 0.00 0.0 0 5.3 12 170 M M 0 15 160
18 53 33 43 -8 22 0 0.00 0.0 0 11.5 23 160 M M 3 28 170
19 67 40 54 3 11 0 0.01 0.0 0 8.4 18 240 M M 3 26 270
20 79 52 66 15 0 1 0.00 0.0 0 15.8 31 240 M M 0 44 230
21 83 48 66 14 0 1 0.01 0.0 0 13.1 30 230 M M 1 38 39 240
22 74 49 62 10 3 0 0.05 0.0 0 20.3 43 240 M M 2 13 58 240
23 70 40 55 3 10 0 0.00 0.0 0 12.4 25 70 M M 0 8 33 70
24 45 32 39 -13 26 0 0.00 0.0 0 10.7 16 70 M M 7 8 21 50
25 45 37 41 -11 24 0 0.00 0.0 0 6.2 15 130 M M 9 18 17 70
26 86 45 66 13 0 1 T 0.0 0 18.1 46 280 M M 6 128 65 240
27 73 34 54 1 11 0 0.00 0.0 0 12.3 25 270 M M 0 33 280
28 78 43 61 8 4 0 0.00 0.0 0 11.5 23 220 M M 0 31 240
================================================================================
SM 1747 989 448 3 0.21 0.1 328.8 M 68
================================================================================
AV 62.4 35.3 11.7 FASTST M M 2 MAX(MPH)
MISC ----> 46 280 65 240
================================================================================
NOTES:
# LAST OF SEVERAL OCCURRENCES
COLUMN 17 PEAK WIND IN M.P.H.
PRELIMINARY LOCAL CLIMATOLOGICAL DATA (WS FORM: F-6) , PAGE 2
STATION: MIDLAND INTERNATIONAL AIRPORT
MONTH: FEBRUARY
YEAR: 2023
LATITUDE: 31 57 N
LONGITUDE: 102 11 W
[TEMPERATURE DATA] [PRECIPITATION DATA] SYMBOLS USED IN COLUMN 16
AVERAGE MONTHLY: 48.9 TOTAL FOR MONTH: 0.21 1 = FOG OR MIST
DPTR FM NORMAL: -1.3 DPTR FM NORMAL: -0.37 2 = FOG REDUCING VISIBILITY
HIGHEST: 86 ON 26 GRTST 24HR 0.08 ON 9- 9 TO 1/4 MILE OR LESS
LOWEST: 17 ON 17 3 = THUNDER
SNOW, ICE PELLETS, HAIL 4 = ICE PELLETS
TOTAL MONTH: 0.1 INCH 5 = HAIL
GRTST 24HR 0.1 ON 9- 9 6 = FREEZING RAIN OR DRIZZLE
GRTST DEPTH: T 7 = DUSTSTORM OR SANDSTORM:
VSBY 1/2 MILE OR LESS
8 = SMOKE OR HAZE
[NO. OF DAYS WITH] [WEATHER - DAYS WITH] 9 = BLOWING SNOW
X = TORNADO
MAX 32 OR BELOW: 1 0.01 INCH OR MORE: 5
MAX 90 OR ABOVE: 0 0.10 INCH OR MORE: 0
MIN 32 OR BELOW: 11 0.50 INCH OR MORE: 0
MIN 0 OR BELOW: 0 1.00 INCH OR MORE: 0
[HDD (BASE 65) ]
TOTAL THIS MO. 448 CLEAR (SCALE 0-3) 21
DPTR FM NORMAL 28 PTCLDY (SCALE 4-7) 4
TOTAL FM JUL 1 2082 CLOUDY (SCALE 8-10) 3
DPTR FM NORMAL 62
[CDD (BASE 65) ]
TOTAL THIS MO. 3
DPTR FM NORMAL -1 [PRESSURE DATA]
TOTAL FM JAN 1 3 HIGHEST SLP 30.58 ON 3
DPTR FM NORMAL 3 LOWEST SLP 29.43 ON 26
[REMARKS]
#FINAL-02-23#