000
CXUS53 KABR 011100
CF6MBG
PRELIMINARY LOCAL CLIMATOLOGICAL DATA (WS FORM: F-6)
STATION: MOBRIDGE SD
MONTH: MAY
YEAR: 2023
LATITUDE: 45 32 N
LONGITUDE: 100 25 W
TEMPERATURE IN F: :PCPN: SNOW: WIND :SUNSHINE: SKY :PK WND
================================================================================
1 2 3 4 5 6A 6B 7 8 9 10 11 12 13 14 15 16 17 18
12Z AVG MX 2MIN
DY MAX MIN AVG DEP HDD CDD WTR SNW DPTH SPD SPD DIR MIN PSBL S-S WX SPD DR
================================================================================
1 64 25 45 -7 20 0 0.00 0.0 0 8.9 20 360 M M 0 29 350
2 68 28 48 -4 17 0 0.00 0.0 0 4.7 12 190 M M 0 21 340
3 82 36 59 6 6 0 0.00 0.0 0 9.9 21 160 M M 0 25 150
4 81 45 63 10 2 0 0.00 0.0 0 11.5 20 70 M M 0 26 60
5 75 39 57 4 8 0 0.00 0.0 0 10.3 18 50 M M 0 26 60
6 58 49 54 0 11 0 1.04 0.0 0 12.3 25 40 M M 7 13 32 50
7 66 46 56 2 9 0 0.00 0.0 0 8.6 17 30 M M 7 1 22 10
8 69 41 55 0 10 0 0.01 0.0 0 4.7 13 90 M M 5 17 100
9 78 49 64 9 1 0 0.00 0.0 0 11.4 21 80 M M 3 3 31 60
10 81 54 68 13 0 3 0.00 0.0 0 10.1 21 150 M M 1 3 26 160
11 79 55 67 11 0 2 0.28 0.0 0 8.5 18 90 M M 5 1 24 60
12 75 63 69 13 0 4 0.41 0.0 0 10.1 21 110 M M 9 138 27 90
13 64 58 61 5 4 0 0.37 0.0 0 14.6 24 70 M M 10 18 32 70
14 74 48 61 4 4 0 0.00 0.0 0 9.4 20 80 M M 3 28 40
15 76 41 59 2 6 0 0.00 0.0 0 2.3 12 200 M M 0 14 190
16 79 43 61 3 4 0 0.00 0.0 0 2.6 9 240 M M 0 8 13 210
17 84 48 66 8 0 1 0.00 0.0 0 10.6 26 330 M M 4 8 37 320
18 66 45 56 -2 9 0 0.00 0.0 0 11.5 26 10 M M 8 8 37 10
19 70 40 55 -4 10 0 0.00 0.0 0 10.4 18 360 M M 0 26 340
20 78 40 59 0 6 0 0.00 0.0 0 9.2 17 170 M M 0 24 180
21 82 49 66 6 0 1 0.00 0.0 0 5.9 14 80 M M 0 20 130
22 84 47 66 6 0 1 0.00 0.0 0 4.5 14 70 M M 0 20 80
23 88 61 75 15 0 10 0.00 0.0 0 11.0 20 170 M M 0 27 190
24 85 57 71 10 0 6 0.00 0.0 0 12.1 23 170 M M 1 32 160
25 86 57 72 11 0 7 0.00 0.0 0 13.0 25 170 M M 1 37 160
26 83 59 71 10 0 6 0.03 0.0 0 16.7 30 160 M M 3 42 160
27 85 62 74 12 0 9 0.07 0.0 0 16.6 29 170 M M 3 3 39 170
28 81 62 72 10 0 7 0.18 0.0 0 9.7 23 150 M M 5 13 38 160
29 83 57 70 8 0 5 0.00 0.0 0 8.2 26 340 M M 2 3 38 360
30 89 54 72 9 0 7 0.00 0.0 0 5.6 14 70 M M 0 19 70
31 80 65 73 10 0 8 0.11 0.0 0 9.1 17 70 M M 6 27 200
================================================================================
SM 2393 1523 127 77 2.50 0.0 294.0 M 83
================================================================================
AV 77.2 49.1 9.5 FASTST M M 3 MAX(MPH)
MISC ----> 30 160 42 160
================================================================================
NOTES:
# LAST OF SEVERAL OCCURRENCES
COLUMN 17 PEAK WIND IN M.P.H.
PRELIMINARY LOCAL CLIMATOLOGICAL DATA (WS FORM: F-6) , PAGE 2
STATION: MOBRIDGE SD
MONTH: MAY
YEAR: 2023
LATITUDE: 45 32 N
LONGITUDE: 100 25 W
[TEMPERATURE DATA] [PRECIPITATION DATA] SYMBOLS USED IN COLUMN 16
AVERAGE MONTHLY: 63.2 TOTAL FOR MONTH: 2.50 1 = FOG OR MIST
DPTR FM NORMAL: 5.6 DPTR FM NORMAL: -0.44 2 = FOG REDUCING VISIBILITY
HIGHEST: 89 ON 30 GRTST 24HR 1.04 ON 6- 6 TO 1/4 MILE OR LESS
LOWEST: 25 ON 1 3 = THUNDER
SNOW, ICE PELLETS, HAIL 4 = ICE PELLETS
TOTAL MONTH: 0.0 INCH 5 = HAIL
GRTST 24HR 0.0 6 = FREEZING RAIN OR DRIZZLE
GRTST DEPTH: 0 7 = DUSTSTORM OR SANDSTORM:
VSBY 1/2 MILE OR LESS
8 = SMOKE OR HAZE
[NO. OF DAYS WITH] [WEATHER - DAYS WITH] 9 = BLOWING SNOW
X = TORNADO
MAX 32 OR BELOW: 0 0.01 INCH OR MORE: 9
MAX 90 OR ABOVE: 0 0.10 INCH OR MORE: 6
MIN 32 OR BELOW: 2 0.50 INCH OR MORE: 1
MIN 0 OR BELOW: 0 1.00 INCH OR MORE: 1
[HDD (BASE 65) ]
TOTAL THIS MO. 127 CLEAR (SCALE 0-3) 19
DPTR FM NORMAL -130 PTCLDY (SCALE 4-7) 10
TOTAL FM JUL 1 7999 CLOUDY (SCALE 8-10) 2
DPTR FM NORMAL 501
[CDD (BASE 65) ]
TOTAL THIS MO. 77
DPTR FM NORMAL 50 [PRESSURE DATA]
TOTAL FM JAN 1 79 HIGHEST SLP 30.48 ON 15
DPTR FM NORMAL 51 LOWEST SLP 29.66 ON 29
[REMARKS]
#FINAL-05-23#