000
CXUS53 KDTX 080844
CF6MBS
PRELIMINARY LOCAL CLIMATOLOGICAL DATA (WS FORM: F-6)
STATION: TRI CITIES MI
MONTH: AUGUST
YEAR: 2023
LATITUDE: 43 31 N
LONGITUDE: 84 5 W
TEMPERATURE IN F: :PCPN: SNOW: WIND :SUNSHINE: SKY :PK WND
================================================================================
1 2 3 4 5 6A 6B 7 8 9 10 11 12 13 14 15 16 17 18
12Z AVG MX 2MIN
DY MAX MIN AVG DEP HDD CDD WTR SNW DPTH SPD SPD DIR MIN PSBL S-S WX SPD DR
================================================================================
1 77 59 68 -3 0 3 0.00 0.0 0 2.9 8 200 M M 2 8 11 210
2 84 64 74 3 0 9 0.15 0.0 0 9.2 18 260 M M 2 18 24 260
3 87 65 76 5 0 11 T 0.0 0 8.5 17 290 M M 1 38 26 280
4 81 63 72 1 0 7 0.00 0.0 0 6.7 15 80 M M 2 8 19 80
5 77 59 68 -3 0 3 0.00 0.0 0 6.0 16 50 M M 1 23 50
6 66 57 62 -9 3 0 1.39 0.0 0 9.9 18 60 M M 7 1 26 60
7 78 62 70 -1 0 5 0.11 0.0 0 9.6 20 40 M M 7 18 26 40
8 82 58 70 -1 0 5 T 0.0 0 8.0 21 290 M M 1 8 28 290
9 82 60 71 0 0 6 0.00 0.0 0 7.9 16 280 M M 1 12 22 280
10 81 62 72 2 0 7 0.00 0.0 0 8.5 22 300 M M 3 18 31 300
11 76 53 65 -5 0 0 0.78 0.0 0 5.9 15 130 M M 3 13 19 120
12 81 62 72 2 0 7 0.00 0.0 0 9.6 20 320 M M 3 1 26 310
13 76 58 67 -3 0 2 T 0.0 0 7.3 12 280 M M 2 8 18 320
14 73 62 68 -2 0 3 0.25 0.0 0 9.3 20 60 M M 8 1 26 60
15 73 60 67 -3 0 2 1.09 0.0 0 8.7 17 20 M M 8 128 23 20
16 80 54 67 -3 0 2 0.00 0.0 0 8.5 17 240 M M 1 12 22 240
17 73 57 65 -5 0 0 1.14 0.0 0 11.6 24 300 M M 5 13 33 310
18 73 55 64 -6 1 0 0.00 0.0 0 11.1 26 330 M M 1 37 320
19 77 50 64 -6 1 0 0.00 0.0 0 6.7 15 250 M M 0 8 21 210
20 89 63 76 7 0 11 0.00 0.0 0 8.0 16 360 M M 2 8 20 360
21 74 60 67 -2 0 2 0.00 0.0 0 8.3 17 60 M M 1 22 70
22 73 60 67 -2 0 2 T 0.0 0 4.3 14 110 M M 8 18 100
23 77 64 71 2 0 6 0.01 0.0 0 8.3 22 50 M M 10 3 28 40
24 79 68 74 5 0 9 0.89 0.0 0 6.5 17 40 M M 10 1238 24 240
25 76 64 70 1 0 5 0.00 0.0 0 5.5 14 50 M M 7 1 18 70
26 70 54 62 -6 3 0 0.01 0.0 0 9.6 18 40 M M 6 18 25 40
27 70 50 60 -8 5 0 0.00 0.0 0 6.5 17 70 M M 0 8 23 60
28 76 50 63 -5 2 0 0.00 0.0 0 3.3 12 270 M M 0 8 14 260
29 75 57 66 -2 0 1 0.36 0.0 0 10.4 28 300 M M 4 138 43 310
30 70 53 62 -6 3 0 0.00 0.0 0 9.1 17 350 M M 4 24 360
31 74 48 61 -6 4 0 0.00 0.0 0 3.2 8 10 M M 1 8 12 130
================================================================================
SM 2380 1811 22 108 6.18 0.0 238.9 M 111
================================================================================
AV 76.8 58.4 7.7 FASTST M M 4 MAX(MPH)
MISC ----> 28 300 43 310
================================================================================
NOTES:
# LAST OF SEVERAL OCCURRENCES
COLUMN 17 PEAK WIND IN M.P.H.
PRELIMINARY LOCAL CLIMATOLOGICAL DATA (WS FORM: F-6) , PAGE 2
STATION: TRI CITIES MI
MONTH: AUGUST
YEAR: 2023
LATITUDE: 43 31 N
LONGITUDE: 84 5 W
[TEMPERATURE DATA] [PRECIPITATION DATA] SYMBOLS USED IN COLUMN 16
AVERAGE MONTHLY: 67.6 TOTAL FOR MONTH: 6.18 1 = FOG OR MIST
DPTR FM NORMAL: -2.1 DPTR FM NORMAL: 2.33 2 = FOG REDUCING VISIBILITY
HIGHEST: 89 ON 20 GRTST 24HR 1.50 ON 6- 7 TO 1/4 MILE OR LESS
LOWEST: 48 ON 31 3 = THUNDER
SNOW, ICE PELLETS, HAIL 4 = ICE PELLETS
TOTAL MONTH: 0.0 INCH 5 = HAIL
GRTST 24HR 0.0 6 = FREEZING RAIN OR DRIZZLE
GRTST DEPTH: 0 7 = DUSTSTORM OR SANDSTORM:
VSBY 1/2 MILE OR LESS
8 = SMOKE OR HAZE
[NO. OF DAYS WITH] [WEATHER - DAYS WITH] 9 = BLOWING SNOW
X = TORNADO
MAX 32 OR BELOW: 0 0.01 INCH OR MORE: 11
MAX 90 OR ABOVE: 0 0.10 INCH OR MORE: 9
MIN 32 OR BELOW: 0 0.50 INCH OR MORE: 5
MIN 0 OR BELOW: 0 1.00 INCH OR MORE: 3
[HDD (BASE 65) ]
TOTAL THIS MO. 22 CLEAR (SCALE 0-3) 17
DPTR FM NORMAL 3 PTCLDY (SCALE 4-7) 10
TOTAL FM JUL 1 22 CLOUDY (SCALE 8-10) 4
DPTR FM NORMAL -3
[CDD (BASE 65) ]
TOTAL THIS MO. 108
DPTR FM NORMAL -57 [PRESSURE DATA]
TOTAL FM JAN 1 494 HIGHEST SLP 30.35 ON 22
DPTR FM NORMAL -71 LOWEST SLP 29.60 ON 17
[REMARKS]
#FINAL-08-23#