000
CXUS56 KHNX 011528
CF6MCE
PRELIMINARY LOCAL CLIMATOLOGICAL DATA (WS FORM: F-6)
STATION: MERCED CA AIRPORT
MONTH: NOVEMBER
YEAR: 2022
LATITUDE: 37 16 N
LONGITUDE: 120 36 W
TEMPERATURE IN F: :PCPN: SNOW: WIND :SUNSHINE: SKY :PK WND
================================================================================
1 2 3 4 5 6A 6B 7 8 9 10 11 12 13 14 15 16 17 18
12Z AVG MX 2MIN
DY MAX MIN AVG DEP HDD CDD WTR SNW DPTH SPD SPD DIR MIN PSBL S-S WX SPD DR
================================================================================
1 69 47 58 -1 7 0 0.34 0.0 0 4.4 21 280 M M 3 128 27 280
2 60 40 50 -8 15 0 0.03 0.0 0 2.0 13 220 M M 4 1 16 210
3 61 40 51 -7 14 0 0.00 0.0 0 8.2 20 330 M M 2 1 23 340
4 64 36 50 -8 15 0 0.00 0.0 0 2.6 9 150 M M 0 12 160
5 66 39 53 -4 12 0 0.00 0.0 0 2.8 7 30 M M 6 8 10 40
6 65 47 56 -1 9 0 0.00 0.0 0 6.8 18 140 M M 8 8 21 140
7 61 47 54 -2 11 0 0.21 0.0 0 6.2 16 340 M M 6 1 24 340
8 57 42 50 -6 15 0 0.37 0.0 0 9.0 22 140 M M 7 1 28 140
9 61 41 51 -5 14 0 0.04 0.0 0 3.6 8 150 M M 4 12 10 190
10 60 39 50 -5 15 0 0.00 0.0 0 4.6 10 350 M M 2 1 14 340
11 60 35 48 -7 17 0 0.00 0.0 0 1.2 6 240 M M 0 18 7 260
12 62 34 48 -7 17 0 0.00 0.0 0 4.5 13 330 M M 1 18 16 340
13 61 38 50 -4 15 0 0.00 0.0 0 6.8 15 350 M M 0 1 20 360
14 61 34 48 -6 17 0 0.00 0.0 0 2.5 8 30 M M 0 18 10 140
15 65 33 49 -5 16 0 0.00 0.0 0 4.7 12 320 M M 0 18 14 340
16 66 33 50 -3 15 0 0.00 0.0 0 1.9 9 300 M M 0 18 14 330
17 66 33 50 -3 15 0 0.00 0.0 0 2.6 8 310 M M 0 18 11 350
18 64 35 50 -2 15 0 0.00 0.0 0 2.4 9 340 M M 0 18 12 360
19 64 36 50 -2 15 0 0.00 0.0 0 2.9 8 340 M M 0 18 11 350
20 65 32 49 -3 16 0 0.00 0.0 0 1.6 6 270 M M 0 18 9 300
21 63 31 47 -4 18 0 0.00 0.0 0 1.3 6 230 M M 0 18 9 240
22 65 30 48 -3 17 0 0.00 0.0 0 1.7 10 340 M M 0 18 13 330
23 64 35 50 -1 15 0 0.00 0.0 0 1.5 7 330 M M 0 18 10 360
24 66 33 50 0 15 0 0.00 0.0 0 2.2 7 110 M M 0 18 9 110
25 71 34 53 3 12 0 0.00 0.0 0 1.5 7 340 M M 0 18 8 80
26 68 36 52 2 13 0 0.00 0.0 0 2.8 13 340 M M 0 18 15 310
27 66 35 51 2 14 0 0.00 0.0 0 2.0 6 270 M M 0 18 9 80
28 64 34 49 0 16 0 0.00 0.0 0 4.7 16 330 M M 0 18 22 330
29 58 35 47 -2 18 0 0.00 0.0 0 2.2 10 330 M M 0 13 340
30 63 30 47 -1 18 0 0.00 0.0 0 3.3 9 180 M M 1 8 12 160
================================================================================
SM 1906 1094 441 0 0.99 0.0 104.5 M 44
================================================================================
AV 63.5 36.5 3.5 FASTST M M 1 MAX(MPH)
MISC ----> 22 140 28 140
================================================================================
NOTES:
# LAST OF SEVERAL OCCURRENCES
COLUMN 17 PEAK WIND IN M.P.H.
PRELIMINARY LOCAL CLIMATOLOGICAL DATA (WS FORM: F-6) , PAGE 2
STATION: MERCED CA AIRPORT
MONTH: NOVEMBER
YEAR: 2022
LATITUDE: 37 16 N
LONGITUDE: 120 36 W
[TEMPERATURE DATA] [PRECIPITATION DATA] SYMBOLS USED IN COLUMN 16
AVERAGE MONTHLY: 50.0 TOTAL FOR MONTH: 0.99 1 = FOG OR MIST
DPTR FM NORMAL: -3.5 DPTR FM NORMAL: -0.03 2 = FOG REDUCING VISIBILITY
HIGHEST: 71 ON 25 GRTST 24HR 0.41 ON 8- 9 TO 1/4 MILE OR LESS
LOWEST: 30 ON 30,22 3 = THUNDER
SNOW, ICE PELLETS, HAIL 4 = ICE PELLETS
TOTAL MONTH: 0.0 INCH 5 = HAIL
GRTST 24HR 0.0 6 = FREEZING RAIN OR DRIZZLE
GRTST DEPTH: 0 7 = DUSTSTORM OR SANDSTORM:
VSBY 1/2 MILE OR LESS
8 = SMOKE OR HAZE
[NO. OF DAYS WITH] [WEATHER - DAYS WITH] 9 = BLOWING SNOW
X = TORNADO
MAX 32 OR BELOW: 0 0.01 INCH OR MORE: 5
MAX 90 OR ABOVE: 0 0.10 INCH OR MORE: 3
MIN 32 OR BELOW: 4 0.50 INCH OR MORE: 0
MIN 0 OR BELOW: 0 1.00 INCH OR MORE: 0
[HDD (BASE 65) ]
TOTAL THIS MO. 441 CLEAR (SCALE 0-3) 24
DPTR FM NORMAL 93 PTCLDY (SCALE 4-7) 6
TOTAL FM JUL 1 503 CLOUDY (SCALE 8-10) 0
DPTR FM NORMAL 63
[CDD (BASE 65) ]
TOTAL THIS MO. 0
DPTR FM NORMAL -1 [PRESSURE DATA]
TOTAL FM JAN 1 2178 HIGHEST SLP 30.40 ON 16
DPTR FM NORMAL 595 LOWEST SLP 29.58 ON 8
[REMARKS]
#FINAL-11-22#