000
CXAK56 PAFG 011042
CF6MCG
PRELIMINARY LOCAL CLIMATOLOGICAL DATA (WS FORM: F-6)
STATION: MCGRATH AK
MONTH: JUNE
YEAR: 2020
LATITUDE: 62 57 N
LONGITUDE: 155 36 W
TEMPERATURE IN F: :PCPN: SNOW: WIND :SUNSHINE: SKY :PK WND
================================================================================
1 2 3 4 5 6A 6B 7 8 9 10 11 12 13 14 15 16 17 18
12Z AVG MX 2MIN
DY MAX MIN AVG DEP HDD CDD WTR SNW DPTH SPD SPD DIR MIN PSBL S-S WX SPD DR
================================================================================
1 64 51 58 5 7 0 0.13 M M 4.0 10 30 M M 7 1 14 220
2 64 48 56 3 9 0 0.18 M M 2.4 15 90 M M 7 1 20 200
3 67 49 58 4 7 0 0.00 M M 6.8 14 210 M M 5 19 200
4 71 44 58 4 7 0 0.08 M M 4.1 16 280 M M 5 22 290
5 65 48 57 3 8 0 0.30 M M 4.8 16 350 M M 9 1 26 50
6 67 45 56 1 9 0 0.01 M M 5.2 16 200 M M 6 1 23 190
7 65 49 57 2 8 0 0.02 M M 3.2 10 220 M M 7 1 14 220
8 70 44 57 2 8 0 0.01 M M 3.7 14 280 M M 0 17 280
9 72 46 59 3 6 0 T M M 4.3 14 300 M M 4 20 320
10 66 46 56 0 9 0 0.00 M M 6.6 14 250 M M 2 8 20 270
11 73 39 56 0 9 0 0.00 M M 4.8 14 210 M M 1 19 190
12 72 53 63 6 2 0 0.02 M M 4.5 15 220 M M 5 19 120
13 70 46 58 1 7 0 0.04 M M 3.9 17 50 M M 5 1 23 50
14 72 52 62 5 3 0 T M M 4.7 17 260 M M 3 8 22 260
15 79 51 65 7 0 0 0.04 M M 3.6 14 310 M M 5 21 40
16 76 54 65 7 0 0 0.18 M M 3.5 16 80 M M 2 8 21 110
17 73 48 61 3 4 0 0.00 M M 4.0 15 90 M M 0 21 90
18 73 55 64 5 1 0 0.00 M M 4.6 13 310 M M 5 17 300
19 64 52 58 -1 7 0 0.70 M M 3.7 13 190 M M 8 1 19 150
20 68 49 59 0 6 0 0.15 M M 3.3 16 60 M M 5 1 19 200
21 64 52 58 -1 7 0 0.46 M M 5.1 15 260 M M 8 1 19 240
22 58 52 55 -5 10 0 0.01 M M 6.0 14 200 M M 10 21 190
23 66 52 59 -1 6 0 0.02 M M 8.9 17 200 M M 8 26 200
24 64 50 57 -3 8 0 0.12 M M 7.6 18 200 M M 5 1 26 200
25 64 48 56 -4 9 0 0.09 M M 5.6 15 150 M M 8 1 22 190
26 61 48 55 -5 10 0 0.01 M M 4.1 14 260 M M 8 19 270
27 64 42 53 -7 12 0 0.01 M M 4.6 15 210 M M 4 22 190
28 59 50 55 -6 10 0 0.06 M M 6.3 17 200 M M 9 24 190
29 59 48 54 -7 11 0 0.40 M M 7.8 20 210 M M 8 18 29 190
30 65 43 54 -7 11 0 0.00 M M 3.4 9 190 M M 6 12 240
================================================================================
SM 2015 1454 211 0 3.04 M 145.1 M 165
================================================================================
AV 67.2 48.5 4.8 FASTST M M 6 MAX(MPH)
MISC ----> # 20 210 # 29 190
================================================================================
NOTES:
# LAST OF SEVERAL OCCURRENCES
COLUMN 17 PEAK WIND IN M.P.H.
PRELIMINARY LOCAL CLIMATOLOGICAL DATA (WS FORM: F-6) , PAGE 2
STATION: MCGRATH AK
MONTH: JUNE
YEAR: 2020
LATITUDE: 62 57 N
LONGITUDE: 155 36 W
[TEMPERATURE DATA] [PRECIPITATION DATA] SYMBOLS USED IN COLUMN 16
AVERAGE MONTHLY: 57.8 TOTAL FOR MONTH: 3.04 1 = FOG OR MIST
DPTR FM NORMAL: 0.4 DPTR FM NORMAL: 1.52 2 = FOG REDUCING VISIBILITY
HIGHEST: 79 ON 15 GRTST 24HR 0.70 ON 19-19 TO 1/4 MILE OR LESS
LOWEST: 39 ON 11 3 = THUNDER
SNOW, ICE PELLETS, HAIL 4 = ICE PELLETS
TOTAL MONTH: M 5 = HAIL
GRTST 24HR M ON M 6 = FREEZING RAIN OR DRIZZLE
GRTST DEPTH: M ON M 7 = DUSTSTORM OR SANDSTORM:
VSBY 1/2 MILE OR LESS
8 = SMOKE OR HAZE
[NO. OF DAYS WITH] [WEATHER - DAYS WITH] 9 = BLOWING SNOW
X = TORNADO
MAX 32 OR BELOW: 0 0.01 INCH OR MORE: 22
MAX 90 OR ABOVE: 0 0.10 INCH OR MORE: 9
MIN 32 OR BELOW: 0 0.50 INCH OR MORE: 1
MIN 0 OR BELOW: 0 1.00 INCH OR MORE: 0
[HDD (BASE 65) ]
TOTAL THIS MO. 211 CLEAR (SCALE 0-3) 6
DPTR FM NORMAL -23 PTCLDY (SCALE 4-7) 19
TOTAL FM JUL 1 13763 CLOUDY (SCALE 8-10) 5
DPTR FM NORMAL 16
[CDD (BASE 65) ]
TOTAL THIS MO. 0
DPTR FM NORMAL -6 [PRESSURE DATA]
TOTAL FM JAN 1 0 HIGHEST SLP M ON M
DPTR FM NORMAL -6 LOWEST SLP 29.51 ON 22
[REMARKS]
#FINAL-06-20#