000
CXUS53 KEAX 012051
CLAMCI
CLIMATE REPORT
NATIONAL WEATHER SERVICE KANSAS CITY/PLEASANT HILL MO
249 PM CST MON JAN 01 2024
...................................
...THE KANSAS CITY INTERNATIONAL MO CLIMATE SUMMARY FOR THE YEAR OF 2023...
CLIMATE NORMAL PERIOD: 1991 TO 2020
CLIMATE RECORD PERIOD: 1888 TO 2023
WEATHER OBSERVED NORMAL DEPART LAST YEAR`S
VALUE DATE(S) VALUE FROM VALUE
NORMAL
..............................................................
TEMPERATURE (F)
RECORD
HIGH 113 08/14/1936
LOW -23 12/23/1989
12/22/1989
HIGHEST 103 08/25 99 4
LOWEST 8 01/31 0 8
AVG. MAXIMUM 67.6 65.0 2.6
AVG. MINIMUM 46.4 44.5 1.9
MEAN 57.0 54.7 2.3
DAYS MAX >= 90 37 36.3 0.7
DAYS MAX <= 32 8 25.8 -17.8
DAYS MIN <= 32 98 107.0 -9.0 106
DAYS MIN <= 0 0 3.8 -3.8
PRECIPITATION (INCHES)
RECORD
MAXIMUM 60.25 1961
MINIMUM 20.93 1953
TOTALS 37.37 39.30 -1.93
DAILY AVG. 0.10 0.11 -0.01
DAYS >= .01 107 103.7 3.3
DAYS >= .10 68 63.2 4.8
DAYS >= .50 24 25.8 -1.8
DAYS >= 1.00 11 10.5 0.5
GREATEST
24 HR. TOTAL 2.91
SNOWFALL (INCHES)
RECORDS
TOTAL 63.0 1960
24 HR TOTAL 20.0 03/23/1912 TO 03/23/1912
TOTALS 10.5 18.2 -7.7
DAYS >= TRACE 21 13.8 7.2
DAYS >= 1.0 3 5.8 -2.8
GREATEST
SNOW DEPTH 3 02/09
24 HR TOTAL MM
DEGREE DAYS
HEATING TOTAL 4312 5071 -759
COOLING TOTAL 1509 1363 146
..............................................................
WIND (MPH)
AVERAGE WIND SPEED 9.4
HIGHEST WIND SPEED/DIRECTION 44/020 DATE 07/30
HIGHEST GUST SPEED/DIRECTION 65/040 DATE 07/30
SKY COVER
POSSIBLE SUNSHINE (PERCENT) MM
AVERAGE SKY COVER 0.52
NUMBER OF DAYS FAIR 116
NUMBER OF DAYS PC 154
NUMBER OF DAYS CLOUDY 95
AVERAGE RH (PERCENT) 68
WEATHER CONDITIONS. NUMBER OF DAYS WITH
THUNDERSTORM 56 MIXED PRECIP 0
HEAVY RAIN 31 RAIN 49
LIGHT RAIN 116 FREEZING RAIN 0
LT FREEZING RAIN 2 HAIL 1
HEAVY SNOW 1 SNOW 6
LIGHT SNOW 21 SLEET 3
FOG 163 FOG W/VIS <= 1/4 MILE 21
HAZE 104
- INDICATES NEGATIVE NUMBERS.
R INDICATES RECORD WAS SET OR TIED.
MM INDICATES DATA IS MISSING.
T INDICATES TRACE AMOUNT.
$$