000
CXUS53 KGLD 010800
CF6MCK
PRELIMINARY LOCAL CLIMATOLOGICAL DATA (WS FORM: F-6)
STATION: MCCOOK NE
MONTH: OCTOBER
YEAR: 2021
LATITUDE: 40 13 N
LONGITUDE: 100 35 W
TEMPERATURE IN F: :PCPN: SNOW: WIND :SUNSHINE: SKY :PK WND
================================================================================
1 2 3 4 5 6A 6B 7 8 9 10 11 12 13 14 15 16 17 18
12Z AVG MX 2MIN
DY MAX MIN AVG DEP HDD CDD WTR SNW DPTH SPD SPD DIR MIN PSBL S-S WX SPD DR
================================================================================
1 77 51 64 4 1 0 0.00 M M 6.4 15 350 M M 3 8 21 340
2 76 49 63 4 2 0 0.00 M M 5.8 18 340 M M 1 18 24 340
3 82 44 63 4 2 0 0.00 M M 5.5 9 220 M M 0 15 200
4 84 42 63 5 2 0 0.00 M M 5.6 15 90 M M 0 19 110
5 80 42 61 3 4 0 0.00 M M 5.0 15 110 M M 0 22 100
6 80 43 62 5 3 0 0.00 M M 9.9 21 140 M M 0 28 150
7 80 49 65 8 0 0 0.00 M M 5.9 13 130 M M 0 1 17 130
8 85 48 67 11 0 2 0.00 M M 5.9 14 120 M M 0 18 18 120
9 78 57 68 12 0 3 0.00 M M 6.7 17 250 M M 0 8 23 250
10 70 41 56 1 9 0 0.00 M M 11.1 26 330 M M 0 8 33 330
11 73 38 56 1 9 0 0.00 M M 6.8 12 80 M M 0 18 17 90
12 71 46 59 5 6 0 0.39 M M 16.2 37 130 M M 5 13 52 120
13 63 40 52 -2 13 0 T M M 16.8 39 290 M M 1 61 290
14 53 31 42 -11 23 0 0.00 M M 6.6 23 340 M M 7 28 340
15 59 32 46 -7 19 0 0.00 M M 11.2 28 320 M M 2 35 330
16 70 29 50 -2 15 0 0.00 M M 6.7 15 300 M M 0 8 24 310
17 77 31 54 2 11 0 0.00 M M 7.8 21 190 M M 0 29 170
18 75 36 56 4 9 0 0.00 M M 8.8 20 160 M M 0 27 150
19 81 44 63 12 2 0 T M M 12.3 39 310 M M 0 51 300
20 54 34 44 -7 21 0 0.00 M M 14.5 26 320 M M 3 35 310
21 65 28 47 -3 18 0 0.00 M M 3.6 9 210 M M 0 13 210
22 78 31 55 5 10 0 0.00 M M 5.8 14 270 M M 0 18 18 270
23 56 36 46 -3 19 0 T M M 9.4 16 80 M M 7 18 20 40
24 67 37 52 3 13 0 T M M 13.0 29 330 M M 3 1 36 340
25 51 33 42 -6 23 0 0.00 M M 9.7 18 120 M M 6 12 26 130
26 80 46 63 15 2 0 0.00 M M 19.4 41 330 M M 6 13 55 330
27 63 40 52 4 13 0 0.00 M M 24.4 40 340 M M 4 52 340
28 62 39 51 4 14 0 0.00 M M 25.2 45 330 M M 0 8 56 340
29 65 30 48 1 17 0 T M M 7.0 16 300 M M 0 20 300
30 70 30 50 4 15 0 0.00 M M 12.6 28 10 M M 0 35 10
31 47 35 41 -5 24 0 0.00 M M 7.3 14 60 M M 8 17 50
================================================================================
SM 2172 1212 319 5 0.39 M 312.9 M 56
================================================================================
AV 70.1 39.1 10.1 FASTST M M 2 MAX(MPH)
MISC ----> 45 330 61 290
================================================================================
NOTES:
# LAST OF SEVERAL OCCURRENCES
COLUMN 17 PEAK WIND IN M.P.H.
PRELIMINARY LOCAL CLIMATOLOGICAL DATA (WS FORM: F-6) , PAGE 2
STATION: MCCOOK NE
MONTH: OCTOBER
YEAR: 2021
LATITUDE: 40 13 N
LONGITUDE: 100 35 W
[TEMPERATURE DATA] [PRECIPITATION DATA] SYMBOLS USED IN COLUMN 16
AVERAGE MONTHLY: 54.6 TOTAL FOR MONTH: 0.39 1 = FOG OR MIST
DPTR FM NORMAL: 2.0 DPTR FM NORMAL: -1.04 2 = FOG REDUCING VISIBILITY
HIGHEST: 85 ON 8 GRTST 24HR 0.39 ON 12-12 TO 1/4 MILE OR LESS
LOWEST: 28 ON 21 3 = THUNDER
SNOW, ICE PELLETS, HAIL 4 = ICE PELLETS
TOTAL MONTH: M 5 = HAIL
GRTST 24HR M ON M 6 = FREEZING RAIN OR DRIZZLE
GRTST DEPTH: M ON M 7 = DUSTSTORM OR SANDSTORM:
VSBY 1/2 MILE OR LESS
8 = SMOKE OR HAZE
[NO. OF DAYS WITH] [WEATHER - DAYS WITH] 9 = BLOWING SNOW
X = TORNADO
MAX 32 OR BELOW: 0 0.01 INCH OR MORE: 1
MAX 90 OR ABOVE: 0 0.10 INCH OR MORE: 1
MIN 32 OR BELOW: 8 0.50 INCH OR MORE: 0
MIN 0 OR BELOW: 0 1.00 INCH OR MORE: 0
[HDD (BASE 65) ]
TOTAL THIS MO. 319 CLEAR (SCALE 0-3) 24
DPTR FM NORMAL -79 PTCLDY (SCALE 4-7) 7
TOTAL FM JUL 1 343 CLOUDY (SCALE 8-10) 0
DPTR FM NORMAL -151
[CDD (BASE 65) ]
TOTAL THIS MO. 5
DPTR FM NORMAL -8 [PRESSURE DATA]
TOTAL FM JAN 1 1359 HIGHEST SLP M ON M
DPTR FM NORMAL 205 LOWEST SLP 29.28 ON 26
[REMARKS]
#FINAL-10-21#