000
CXUS52 KFFC 011110
CF6MCN
PRELIMINARY LOCAL CLIMATOLOGICAL DATA (WS FORM: F-6)
STATION: MACON
MONTH: MARCH
YEAR: 2020
LATITUDE: 32 42 N
LONGITUDE: 83 39 W
TEMPERATURE IN F: :PCPN: SNOW: WIND :SUNSHINE: SKY :PK WND
================================================================================
1 2 3 4 5 6A 6B 7 8 9 10 11 12 13 14 15 16 17 18
12Z AVG MX 2MIN
DY MAX MIN AVG DEP HDD CDD WTR SNW DPTH SPD SPD DIR MIN PSBL S-S WX SPD DR
================================================================================
1 68 28 48 -5 17 0 0.00 0.0 0 3.9 12 190 M M 0 14 280
2 66 43 55 1 10 0 0.11 M 0 6.6 20 210 M M 5 1 25 200
3 67 59 63 9 2 0 0.80 0.0 0 7.4 15 260 M M 10 1 20 220
4 62 55 59 5 6 0 1.62 0.0 0 4.3 13 20 M M 10 123 16 30
5 56 50 53 -1 12 0 1.12 0.0 0 9.2 20 110 M M 10 13 27 100
6 65 45 55 1 10 0 T 0.0 0 11.7 26 320 M M 2 38 300
7 62 35 49 -6 16 0 0.00 0.0 0 6.2 16 330 M M 0 20 330
8 66 32 49 -6 16 0 0.00 0.0 0 3.5 13 160 M M 0 12 18 160
9 75 40 58 3 7 0 0.00 0.0 0 4.8 18 200 M M 2 24 200
10 76 57 67 11 0 2 T 0.0 0 6.1 16 250 M M 8 21 250
11 78 50 64 8 1 0 0.08 0.0 0 3.5 17 260 M M 5 1238 22 260
12 77 55 66 10 0 1 T 0.0 0 4.4 15 190 M M 6 12 19 210
13 82 62 72 16 0 7 0.00 0.0 0 6.0 16 260 M M 4 20 260
14 87 55 71 15 0 6 0.00 0.0 0 3.3 13 190 M M 2 12 17 190
15 79 56 68 11 0 3 0.00 0.0 0 6.1 15 320 M M 2 21 320
16 63 56 60 3 5 0 0.00 0.0 0 7.1 13 70 M M 10 1 14 120
17 74 57 66 9 0 1 0.00 0.0 0 2.7 8 360 M M 7 128 15 30
18 86 53 70 13 0 5 T 0.0 0 4.1 20 200 M M 7 12 25 200
19 87 58 73 15 0 8 0.00 0.0 0 5.3 17 200 M M 4 12 23 210
20 84 59 72 14 0 7 0.00 0.0 0 7.2 16 210 M M 3 26 200
21 84 60 72 14 0 7 0.00 0.0 0 5.2 15 350 M M 5 21 350
22 70 55 63 5 2 0 0.37 0.0 0 7.1 15 70 M M 6 13 18 70
23 73 56 65 7 0 0 0.66 0.0 0 5.2 14 340 M M 10 1 18 340
24 83 65 74 15 0 9 0.02 0.0 0 8.3 21 210 M M 8 1 28 210
25 86 56 71 12 0 6 0.62 0.0 0 8.4 21 340 M M 4 13 27 240
26 83 50 67 8 0 2 0.00 0.0 0 4.4 13 160 M M 1 1 17 160
27 84 58 71 12 0 6 0.00 0.0 0 5.4 13 230 M M 3 12 17 230
28 86 66 76 16 0 11 0.00 0.0 0 8.5 18 240 M M 2 25 240
29 87 66 77 17 0 12 0.00 0.0 0 7.9 17 240 M M 4 1 24 250
30 84 57 71 11 0 6 0.00 0.0 0 5.9 13 320 M M 1 15 320
31 73 52 63 3 2 0 0.60 0.0 0 8.1 24 320 M M 7 1 33 310
================================================================================
SM 2353 1646 106 99 6.00 0.0 187.8 M 148
================================================================================
AV 75.9 53.1 6.1 FASTST M M 5 MAX(MPH)
MISC ----> # 26 320 # 38 300
================================================================================
NOTES:
# LAST OF SEVERAL OCCURRENCES
COLUMN 17 PEAK WIND IN M.P.H.
PRELIMINARY LOCAL CLIMATOLOGICAL DATA (WS FORM: F-6) , PAGE 2
STATION: MACON
MONTH: MARCH
YEAR: 2020
LATITUDE: 32 42 N
LONGITUDE: 83 39 W
[TEMPERATURE DATA] [PRECIPITATION DATA] SYMBOLS USED IN COLUMN 16
AVERAGE MONTHLY: 64.5 TOTAL FOR MONTH: 6.00 1 = FOG OR MIST
DPTR FM NORMAL: 7.7 DPTR FM NORMAL: 1.45 2 = FOG REDUCING VISIBILITY
HIGHEST: 87 ON 29,19 GRTST 24HR 1.62 ON 4- 4 TO 1/4 MILE OR LESS
LOWEST: 28 ON 1 3 = THUNDER
SNOW, ICE PELLETS, HAIL 4 = ICE PELLETS
TOTAL MONTH: 0.0 INCH 5 = HAIL
GRTST 24HR 0.0 6 = FREEZING RAIN OR DRIZZLE
GRTST DEPTH: 0 7 = DUSTSTORM OR SANDSTORM:
VSBY 1/2 MILE OR LESS
8 = SMOKE OR HAZE
[NO. OF DAYS WITH] [WEATHER - DAYS WITH] 9 = BLOWING SNOW
X = TORNADO
MAX 32 OR BELOW: 0 0.01 INCH OR MORE: 10
MAX 90 OR ABOVE: 0 0.10 INCH OR MORE: 8
MIN 32 OR BELOW: 2 0.50 INCH OR MORE: 6
MIN 0 OR BELOW: 0 1.00 INCH OR MORE: 2
[HDD (BASE 65) ]
TOTAL THIS MO. 106 CLEAR (SCALE 0-3) 12
DPTR FM NORMAL -166 PTCLDY (SCALE 4-7) 14
TOTAL FM JUL 1 1640 CLOUDY (SCALE 8-10) 5
DPTR FM NORMAL -557
[CDD (BASE 65) ]
TOTAL THIS MO. 99
DPTR FM NORMAL 81 [PRESSURE DATA]
TOTAL FM JAN 1 133 HIGHEST SLP 30.62 ON 8
DPTR FM NORMAL 112 LOWEST SLP 29.57 ON 31
[REMARKS]
#FINAL-03-20#