000
CXUS53 KDMX 021135
CF6MCW
PRELIMINARY LOCAL CLIMATOLOGICAL DATA (WS FORM: F-6)
STATION: MASON CITY IA
MONTH: MARCH
YEAR: 2023
LATITUDE: 43 9 N
LONGITUDE: 93 20 W
TEMPERATURE IN F: :PCPN: SNOW: WIND :SUNSHINE: SKY :PK WND
================================================================================
1 2 3 4 5 6A 6B 7 8 9 10 11 12 13 14 15 16 17 18
12Z AVG MX 2MIN
DY MAX MIN AVG DEP HDD CDD WTR SNW DPTH SPD SPD DIR MIN PSBL S-S WX SPD DR
================================================================================
1 40 26 33 7 32 0 0.00 0.0 T 16.4 32 280 M M 8 1 41 270
2 28 22 25 -1 40 0 0.00 0.0 0 7.6 21 340 M M 9 25 330
3 44 22 33 6 32 0 0.00 0.0 0 4.9 10 160 M M 0 18 13 150
4 43 24 34 7 31 0 0.00 0.0 0 6.9 17 320 M M 3 18 22 280
5 38 24 31 3 34 0 0.11 T 0 11.9 24 80 M M 5 13 32 80
6 38 31 35 7 30 0 0.00 0.0 0 13.7 25 350 M M 10 12 31 350
7 39 30 35 6 30 0 0.00 0.0 0 12.2 21 90 M M 7 26 70
8 34 31 33 4 32 0 0.01 0.1 0 11.4 18 130 M M 8 18 26 120
9 33 27 30 0 35 0 0.31 3.6 0 12.5 18 80 M M 10 12 25 60
10 31 17 24 -6 41 0 T T 3 8.5 16 350 M M 9 1 20 360
11 31 28 30 0 35 0 0.19 2.2 3 13.2 24 130 M M 10 12 32 130
12 31 23 27 -4 38 0 T T 4 18.3 29 300 M M 10 18 35 290
13 25 9 17 -15 48 0 0.00 0.0 4 14.3 25 330 M M 6 33 340
14 28 6 17 -15 48 0 0.00 0.0 4 10.3 20 150 M M 1 1 26 150
15 43 27 35 3 30 0 0.00 0.0 3 15.9 23 160 M M 2 30 160
16 39 18 29 -4 36 0 0.22 T T 18.7 38 320 M M 8 1 51 330
17 20 5 13 -20 52 0 T T T 27.4 37 320 M M 7 18 48 310
18 23 5 14 -20 51 0 T T T 21.0 29 320 M M 6 37 320
19 42 7 25 -9 40 0 0.00 0.0 0 16.5 26 220 M M 0 38 230
20 45 30 38 3 27 0 0.00 0.0 0 11.2 25 210 M M 1 8 39 210
21 54 26 40 5 25 0 T 0.0 0 11.5 23 150 M M 4 1 29 150
22 41 29 35 -1 30 0 T T 0 12.7 22 340 M M 9 1 27 350
23 39 23 31 -5 34 0 0.16 1.8 2 9.1 21 330 M M 6 1 27 330
24 46 20 33 -4 32 0 0.00 0.0 T 6.8 14 140 M M 0 19 130
25 48 25 37 0 28 0 0.00 0.0 0 9.1 17 300 M M 5 24 320
26 43 25 34 -4 31 0 0.00 0.0 0 11.7 18 330 M M 1 1 23 350
27 44 20 32 -6 33 0 0.00 0.0 0 10.5 20 330 M M 0 25 330
28 41 16 29 -9 36 0 T T 0 12.1 21 330 M M 2 1 27 240
29 32 16 24 -15 41 0 0.00 0.0 0 11.3 24 340 M M 3 30 350
30 52 22 37 -2 28 0 0.04 0.0 0 14.3 28 120 M M 7 13 36 130
31 62 32 47 7 18 0 0.90 0.0 0 15.0 33 250 M M 9 123 47 240
================================================================================
SM 1197 666 1078 0 1.94 7.7 396.9 M 166
================================================================================
AV 38.6 21.5 12.8 FASTST M M 5 MAX(MPH)
MISC ----> 38 320 51 330
================================================================================
NOTES:
# LAST OF SEVERAL OCCURRENCES
COLUMN 17 PEAK WIND IN M.P.H.
PRELIMINARY LOCAL CLIMATOLOGICAL DATA (WS FORM: F-6) , PAGE 2
STATION: MASON CITY IA
MONTH: MARCH
YEAR: 2023
LATITUDE: 43 9 N
LONGITUDE: 93 20 W
[TEMPERATURE DATA] [PRECIPITATION DATA] SYMBOLS USED IN COLUMN 16
AVERAGE MONTHLY: 30.0 TOTAL FOR MONTH: 1.94 1 = FOG OR MIST
DPTR FM NORMAL: -2.9 DPTR FM NORMAL: -0.35 2 = FOG REDUCING VISIBILITY
HIGHEST: 62 ON 31 GRTST 24HR 0.94 ON 30-31 TO 1/4 MILE OR LESS
LOWEST: 5 ON 18,17 3 = THUNDER
SNOW, ICE PELLETS, HAIL 4 = ICE PELLETS
TOTAL MONTH: 7.7 INCHES 5 = HAIL
GRTST 24HR 3.6 ON 9- 9 6 = FREEZING RAIN OR DRIZZLE
GRTST DEPTH: 4 ON 14,13 7 = DUSTSTORM OR SANDSTORM:
VSBY 1/2 MILE OR LESS
8 = SMOKE OR HAZE
[NO. OF DAYS WITH] [WEATHER - DAYS WITH] 9 = BLOWING SNOW
X = TORNADO
MAX 32 OR BELOW: 9 0.01 INCH OR MORE: 8
MAX 90 OR ABOVE: 0 0.10 INCH OR MORE: 6
MIN 32 OR BELOW: 31 0.50 INCH OR MORE: 1
MIN 0 OR BELOW: 0 1.00 INCH OR MORE: 0
[HDD (BASE 65) ]
TOTAL THIS MO. 1078 CLEAR (SCALE 0-3) 10
DPTR FM NORMAL 81 PTCLDY (SCALE 4-7) 12
TOTAL FM JUL 1 6815 CLOUDY (SCALE 8-10) 9
DPTR FM NORMAL 27
[CDD (BASE 65) ]
TOTAL THIS MO. 0
DPTR FM NORMAL 0 [PRESSURE DATA]
TOTAL FM JAN 1 0 HIGHEST SLP 30.47 ON 7
DPTR FM NORMAL 0 LOWEST SLP 29.09 ON 31
[REMARKS]
#FINAL-03-23#