000
CXUS53 KDMX 050301
CF6MCW
PRELIMINARY LOCAL CLIMATOLOGICAL DATA (WS FORM: F-6)
STATION: MASON CITY IA
MONTH: APRIL
YEAR: 2022
LATITUDE: 43 9 N
LONGITUDE: 93 20 W
TEMPERATURE IN F: :PCPN: SNOW: WIND :SUNSHINE: SKY :PK WND
================================================================================
1 2 3 4 5 6A 6B 7 8 9 10 11 12 13 14 15 16 17 18
12Z AVG MX 2MIN
DY MAX MIN AVG DEP HDD CDD WTR SNW DPTH SPD SPD DIR MIN PSBL S-S WX SPD DR
================================================================================
1 47 19 33 -7 32 0 0.14 0.1 0 7.3 15 210 M M 2 1 19 230
2 53 27 40 -1 25 0 0.30 1.3 1 10.2 26 320 M M 6 1 35 300
3 42 22 32 -9 33 0 T T 0 10.8 26 280 M M 4 1 34 280
4 50 32 41 0 24 0 0.00 0.0 0 13.3 26 320 M M 5 36 310
5 48 33 41 -1 24 0 0.16 0.0 0 17.7 25 140 M M 6 1 34 150
6 40 36 38 -4 27 0 0.05 0.0 0 24.7 35 300 M M 9 1 46 300
7 40 29 35 -8 30 0 0.05 0.3 T 23.3 33 330 M M 10 18 46 300
8 47 25 36 -7 29 0 T T T 18.7 29 340 M M 7 1 38 340
9 53 20 37 -6 28 0 0.00 0.0 0 7.5 13 150 M M 0 17 290
10 69 36 53 9 12 0 0.00 0.0 0 21.6 36 150 M M 1 50 130
11 62 32 47 3 18 0 0.00 0.0 0 10.5 25 270 M M 0 34 260
12 67 32 50 5 15 0 2.62 0.0 0 18.2 43 100 M M 5 3 56 110
13 54 30 42 -3 23 0 0.06 T 0 18.5 32 280 M M 6 136 41 290
14 41 26 34 -11 31 0 0.00 0.0 0 27.4 44 250 M M 4 60 260
15 41 24 33 -13 32 0 0.00 0.0 0 16.1 24 290 M M 1 33 290
16 43 22 33 -13 32 0 0.00 0.0 0 14.2 26 320 M M 3 34 310
17 42 21 32 -15 33 0 0.01 0.1 0 7.8 22 160 M M 6 1 26 140
18 41 25 33 -14 32 0 0.00 0.0 0 23.2 36 310 M M 8 46 290
19 43 18 31 -16 34 0 0.00 0.0 0 9.3 20 130 M M 5 29 130
20 47 36 42 -6 23 0 0.31 0.0 0 15.6 28 160 M M 10 18 35 160
21 61 32 47 -1 18 0 0.00 0.0 0 9.5 23 320 M M 3 12 33 330
22 60 46 53 4 12 0 0.25 0.0 0 17.8 32 120 M M 10 13 47 130
23 75 50 63 14 2 0 0.32 0.0 0 21.6 40 230 M M 5 13 56 230
24 50 37 44 -5 21 0 0.00 0.0 0 23.0 36 240 M M 6 50 240
25 38 27 33 -17 32 0 0.00 0.0 0 20.3 29 310 M M 9 39 300
26 49 26 38 -12 27 0 0.00 0.0 0 11.9 22 320 M M 6 29 320
27 56 32 44 -7 21 0 0.01 0.0 0 18.4 25 90 M M 4 3 34 100
28 51 35 43 -8 22 0 1.02 0.0 0 17.6 26 120 M M 10 13 38 120
29 55 44 50 -1 15 0 0.12 0.0 0 19.6 30 110 M M 10 138 42 110
30 62 47 55 3 10 0 0.33 0.0 0 17.5 37 110 M M 9 138 51 110
================================================================================
SM 1527 921 717 0 5.75 1.8 493.1 M 170
================================================================================
AV 50.9 30.7 16.4 FASTST M M 6 MAX(MPH)
MISC ----> 44 250 60 260
================================================================================
NOTES:
# LAST OF SEVERAL OCCURRENCES
COLUMN 17 PEAK WIND IN M.P.H.
PRELIMINARY LOCAL CLIMATOLOGICAL DATA (WS FORM: F-6) , PAGE 2
STATION: MASON CITY IA
MONTH: APRIL
YEAR: 2022
LATITUDE: 43 9 N
LONGITUDE: 93 20 W
[TEMPERATURE DATA] [PRECIPITATION DATA] SYMBOLS USED IN COLUMN 16
AVERAGE MONTHLY: 40.8 TOTAL FOR MONTH: 5.75 1 = FOG OR MIST
DPTR FM NORMAL: -5.2 DPTR FM NORMAL: 1.60 2 = FOG REDUCING VISIBILITY
HIGHEST: 75 ON 23 GRTST 24HR 2.62 ON 12-12 TO 1/4 MILE OR LESS
LOWEST: 18 ON 19 3 = THUNDER
SNOW, ICE PELLETS, HAIL 4 = ICE PELLETS
TOTAL MONTH: 2.4 INCHES 5 = HAIL
GRTST 24HR 1.3 ON 2- 2 6 = FREEZING RAIN OR DRIZZLE
GRTST DEPTH: 1 ON 2 7 = DUSTSTORM OR SANDSTORM:
VSBY 1/2 MILE OR LESS
8 = SMOKE OR HAZE
[NO. OF DAYS WITH] [WEATHER - DAYS WITH] 9 = BLOWING SNOW
X = TORNADO
MAX 32 OR BELOW: 0 0.01 INCH OR MORE: 15
MAX 90 OR ABOVE: 0 0.10 INCH OR MORE: 10
MIN 32 OR BELOW: 20 0.50 INCH OR MORE: 2
MIN 0 OR BELOW: 0 1.00 INCH OR MORE: 2
[HDD (BASE 65) ]
TOTAL THIS MO. 717 CLEAR (SCALE 0-3) 6
DPTR FM NORMAL 144 PTCLDY (SCALE 4-7) 16
TOTAL FM JUL 1 7221 CLOUDY (SCALE 8-10) 8
DPTR FM NORMAL -138
[CDD (BASE 65) ]
TOTAL THIS MO. 0
DPTR FM NORMAL -3 [PRESSURE DATA]
TOTAL FM JAN 1 0 HIGHEST SLP 30.44 ON 26
DPTR FM NORMAL -3 LOWEST SLP 29.11 ON 12
[REMARKS]
#FINAL-04-22#