000
CXUS53 KDMX 011046
CF6MCW
PRELIMINARY LOCAL CLIMATOLOGICAL DATA (WS FORM: F-6)
STATION: MASON CITY IA
MONTH: JULY
YEAR: 2021
LATITUDE: 43 9 N
LONGITUDE: 93 20 W
TEMPERATURE IN F: :PCPN: SNOW: WIND :SUNSHINE: SKY :PK WND
================================================================================
1 2 3 4 5 6A 6B 7 8 9 10 11 12 13 14 15 16 17 18
12Z AVG MX 2MIN
DY MAX MIN AVG DEP HDD CDD WTR SNW DPTH SPD SPD DIR MIN PSBL S-S WX SPD DR
================================================================================
1 86 60 73 2 0 8 0.00 0.0 0 3.0 10 50 M M 2 13 40
2 82 59 71 -1 0 6 0.00 0.0 0 4.7 12 40 M M 2 18 15 20
3 86 55 71 -1 0 6 0.00 0.0 0 4.3 14 200 M M 0 18 230
4 89 63 76 4 0 11 0.00 0.0 0 13.1 22 240 M M 0 32 210
5 90 71 81 9 0 16 0.02 0.0 0 9.4 20 250 M M 1 26 250
6 89 67 78 6 0 13 0.53 0.0 0 9.2 28 340 M M 2 138 36 340
7 69 60 65 -7 0 0 0.37 0.0 0 9.5 17 340 M M 10 1 23 350
8 73 59 66 -6 0 1 0.00 0.0 0 4.2 10 330 M M 7 13 320
9 75 59 67 -5 0 2 0.22 0.0 0 8.1 16 150 M M 8 13 22 160
10 66 61 64 -8 1 0 0.34 0.0 0 7.5 18 110 M M 9 18 26 90
11 79 53 66 -6 0 1 0.00 0.0 0 6.7 15 50 M M 1 12 22 70
12 79 51 65 -7 0 0 0.00 0.0 0 2.8 9 50 M M 4 1 12 40
13 80 56 68 -4 0 3 0.02 0.0 0 5.6 13 230 M M 2 123 19 220
14 75 63 69 -3 0 4 1.60 0.0 0 7.3 22 270 M M 6 13 35 290
15 79 57 68 -4 0 3 0.00 0.0 0 5.4 14 360 M M 2 1 18 360
16 81 55 68 -4 0 3 0.00 0.0 0 5.1 10 80 M M 2 18 16 40
17 82 59 71 -1 0 6 0.00 0.0 0 1.8 8 150 M M 2 128 14 60
18 82 55 69 -3 0 4 0.00 0.0 0 2.0 7 150 M M 3 12 11 170
19 84 56 70 -2 0 5 0.00 0.0 0 1.8 8 280 M M 1 1 14 340
20 85 61 73 1 0 8 0.00 0.0 0 6.0 16 290 M M 0 1 20 280
21 85 64 75 3 0 10 0.00 0.0 0 4.2 10 210 M M 1 18 15 210
22 85 65 75 4 0 10 0.00 0.0 0 8.2 17 200 M M 1 1 23 200
23 89 62 76 5 0 11 0.00 0.0 0 9.9 17 180 M M 0 18 24 180
24 87 66 77 6 0 12 0.03 0.0 0 9.3 16 340 M M 1 1 25 210
25 88 62 75 4 0 10 0.00 0.0 0 4.2 9 320 M M 0 13 280
26 88 63 76 5 0 11 0.00 0.0 0 7.4 20 250 M M 1 1 24 200
27 91 63 77 6 0 12 0.00 0.0 0 9.3 18 210 M M 0 27 200
28 92 71 82 11 0 17 T 0.0 0 9.0 21 10 M M 1 1 33 20
29 87 63 75 4 0 10 0.00 0.0 0 8.7 16 20 M M 5 18 21 10
30 73 60 67 -4 0 2 0.22 0.0 0 3.1 12 220 M M 7 18 15 210
31 81 60 71 0 0 6 0.00 0.0 0 6.4 17 320 M M 4 128 24 320
================================================================================
SM 2557 1879 1 211 3.35 0.0 197.2 M 85
================================================================================
AV 82.5 60.6 6.4 FASTST M M 3 MAX(MPH)
MISC ----> 28 340 36 340
================================================================================
NOTES:
# LAST OF SEVERAL OCCURRENCES
COLUMN 17 PEAK WIND IN M.P.H.
PRELIMINARY LOCAL CLIMATOLOGICAL DATA (WS FORM: F-6) , PAGE 2
STATION: MASON CITY IA
MONTH: JULY
YEAR: 2021
LATITUDE: 43 9 N
LONGITUDE: 93 20 W
[TEMPERATURE DATA] [PRECIPITATION DATA] SYMBOLS USED IN COLUMN 16
AVERAGE MONTHLY: 71.5 TOTAL FOR MONTH: 3.35 1 = FOG OR MIST
DPTR FM NORMAL: 0.0 DPTR FM NORMAL: -1.08 2 = FOG REDUCING VISIBILITY
HIGHEST: 92 ON 28 GRTST 24HR 1.60 ON 13-14 TO 1/4 MILE OR LESS
LOWEST: 51 ON 12 3 = THUNDER
SNOW, ICE PELLETS, HAIL 4 = ICE PELLETS
TOTAL MONTH: 0.0 INCH 5 = HAIL
GRTST 24HR 0.0 6 = FREEZING RAIN OR DRIZZLE
GRTST DEPTH: 0 7 = DUSTSTORM OR SANDSTORM:
VSBY 1/2 MILE OR LESS
8 = SMOKE OR HAZE
[NO. OF DAYS WITH] [WEATHER - DAYS WITH] 9 = BLOWING SNOW
X = TORNADO
MAX 32 OR BELOW: 0 0.01 INCH OR MORE: 9
MAX 90 OR ABOVE: 3 0.10 INCH OR MORE: 6
MIN 32 OR BELOW: 0 0.50 INCH OR MORE: 2
MIN 0 OR BELOW: 0 1.00 INCH OR MORE: 1
[HDD (BASE 65) ]
TOTAL THIS MO. 1 CLEAR (SCALE 0-3) 22
DPTR FM NORMAL -9 PTCLDY (SCALE 4-7) 7
TOTAL FM JUL 1 1 CLOUDY (SCALE 8-10) 2
DPTR FM NORMAL 1
[CDD (BASE 65) ]
TOTAL THIS MO. 211
DPTR FM NORMAL -1 [PRESSURE DATA]
TOTAL FM JAN 1 573 HIGHEST SLP 30.24 ON 18
DPTR FM NORMAL 181 LOWEST SLP 29.84 ON 28
[REMARKS]
#FINAL-07-21#