000
CXUS53 KDMX 010920
CF6MCW
PRELIMINARY LOCAL CLIMATOLOGICAL DATA (WS FORM: F-6)
STATION: MASON CITY IA
MONTH: MARCH
YEAR: 2020
LATITUDE: 43 9 N
LONGITUDE: 93 20 W
TEMPERATURE IN F: :PCPN: SNOW: WIND :SUNSHINE: SKY :PK WND
================================================================================
1 2 3 4 5 6A 6B 7 8 9 10 11 12 13 14 15 16 17 18
12Z AVG MX 2MIN
DY MAX MIN AVG DEP HDD CDD WTR SNW DPTH SPD SPD DIR MIN PSBL S-S WX SPD DR
================================================================================
1 42 31 37 11 28 0 0.00 0.0 4 13.3 24 320 M M 0 32 310
2 33 29 31 4 34 0 0.00 0.0 3 12.1 26 320 M M 9 32 320
3 43 30 37 10 28 0 0.01 T 3 15.7 26 280 M M 5 35 300
4 46 27 37 9 28 0 0.00 0.0 2 9.3 16 170 M M 1 21 170
5 42 30 36 8 29 0 T T 1 23.2 40 300 M M 7 55 310
6 40 23 32 4 33 0 0.00 0.0 1 9.4 21 330 M M 0 26 320
7 58 30 44 15 21 0 0.00 0.0 T 16.8 26 180 M M 0 36 180
8 65 38 52 23 13 0 0.00 0.0 0 15.3 29 200 M M 0 39 200
9 52 29 41 11 24 0 0.04 0.0 0 15.3 22 330 M M 9 16 29 220
10 43 24 34 4 31 0 0.21 0.0 0 8.2 18 320 M M 5 1 23 320
11 49 33 41 10 24 0 0.00 0.0 0 8.8 16 170 M M 6 1 21 160
12 55 31 43 12 22 0 0.03 0.0 0 19.5 32 310 M M 6 1 44 320
13 43 29 36 4 29 0 0.00 0.0 0 15.4 24 290 M M 0 35 300
14 34 21 28 -4 37 0 0.07 0.8 0 8.5 16 20 M M 7 18 19 30
15 39 19 29 -3 36 0 0.00 0.0 0 8.1 16 140 M M 4 21 130
16 39 29 34 1 31 0 0.00 0.0 0 9.4 21 320 M M 10 1 27 320
17 44 21 33 0 32 0 0.01 0.0 0 7.7 14 230 M M 3 19 200
18 43 36 40 6 25 0 0.12 0.0 0 8.4 13 120 M M 10 1 18 120
19 42 33 38 4 27 0 1.37 0.2 0 14.1 30 360 M M 10 123 39 360
20 33 21 27 -8 38 0 0.07 0.7 1 18.7 36 340 M M 6 1 45 340
21 38 22 30 -5 35 0 0.00 0.0 0 10.4 18 150 M M 9 29 150
22 40 30 35 -1 30 0 0.00 0.0 0 16.7 29 140 M M 8 1 36 150
23 43 31 37 1 28 0 0.00 0.0 0 6.4 14 180 M M 10 1 17 180
24 43 36 40 4 25 0 0.00 0.0 0 11.2 24 140 M M 10 18 31 130
25 48 37 43 6 22 0 0.22 0.0 0 8.9 16 360 M M 10 12 20 150
26 49 35 42 5 23 0 0.00 0.0 0 8.5 15 20 M M 9 1 20 50
27 54 34 44 6 21 0 0.04 0.0 0 10.8 21 90 M M 6 1 28 80
28 49 42 46 8 19 0 0.47 0.0 0 13.6 24 70 M M 10 13 33 70
29 50 34 42 3 23 0 0.01 0.0 0 22.9 37 330 M M 7 1 48 310
30 60 28 44 5 21 0 0.00 0.0 0 7.5 12 70 M M 0 M M
31 54 27 41 1 24 0 0.00 0.0 0 7.8 17 120 M M 2 25 130
================================================================================
SM 1413 920 841 0 2.67 1.7 381.9 M 179
================================================================================
AV 45.6 29.7 12.3 FASTST M M 6 MAX(MPH)
MISC ----> # 40 300 # 55 310
================================================================================
NOTES:
# LAST OF SEVERAL OCCURRENCES
COLUMN 17 PEAK WIND IN M.P.H.
PRELIMINARY LOCAL CLIMATOLOGICAL DATA (WS FORM: F-6) , PAGE 2
STATION: MASON CITY IA
MONTH: MARCH
YEAR: 2020
LATITUDE: 43 9 N
LONGITUDE: 93 20 W
[TEMPERATURE DATA] [PRECIPITATION DATA] SYMBOLS USED IN COLUMN 16
AVERAGE MONTHLY: 37.6 TOTAL FOR MONTH: 2.67 1 = FOG OR MIST
DPTR FM NORMAL: 4.6 DPTR FM NORMAL: 0.44 2 = FOG REDUCING VISIBILITY
HIGHEST: 65 ON 8 GRTST 24HR 1.37 ON 19-19 TO 1/4 MILE OR LESS
LOWEST: 19 ON 15 3 = THUNDER
SNOW, ICE PELLETS, HAIL 4 = ICE PELLETS
TOTAL MONTH: 1.7 INCHES 5 = HAIL
GRTST 24HR 0.8 ON 14-14 6 = FREEZING RAIN OR DRIZZLE
GRTST DEPTH: 4 ON 1 7 = DUSTSTORM OR SANDSTORM:
VSBY 1/2 MILE OR LESS
8 = SMOKE OR HAZE
[NO. OF DAYS WITH] [WEATHER - DAYS WITH] 9 = BLOWING SNOW
X = TORNADO
MAX 32 OR BELOW: 0 0.01 INCH OR MORE: 13
MAX 90 OR ABOVE: 0 0.10 INCH OR MORE: 5
MIN 32 OR BELOW: 21 0.50 INCH OR MORE: 1
MIN 0 OR BELOW: 0 1.00 INCH OR MORE: 1
[HDD (BASE 65) ]
TOTAL THIS MO. 841 CLEAR (SCALE 0-3) 8
DPTR FM NORMAL -153 PTCLDY (SCALE 4-7) 12
TOTAL FM JUL 1 6606 CLOUDY (SCALE 8-10) 11
DPTR FM NORMAL -239
[CDD (BASE 65) ]
TOTAL THIS MO. 0
DPTR FM NORMAL 0 [PRESSURE DATA]
TOTAL FM JAN 1 0 HIGHEST SLP 30.70 ON 15
DPTR FM NORMAL 0 LOWEST SLP 29.26 ON 28
[REMARKS]
#FINAL-03-20#