000
CXUS51 KCTP 010900
CF6MDT
PRELIMINARY LOCAL CLIMATOLOGICAL DATA (WS FORM: F-6)
STATION: HARRISBURG PA
MONTH: FEBRUARY
YEAR: 2022
LATITUDE: 40 11 N
LONGITUDE: 76 46 W
TEMPERATURE IN F: :PCPN: SNOW: WIND :SUNSHINE: SKY :PK WND
================================================================================
1 2 3 4 5 6A 6B 7 8 9 10 11 12 13 14 15 16 17 18
12Z AVG MX 2MIN
DY MAX MIN AVG DEP HDD CDD WTR SNW DPTH SPD SPD DIR MIN PSBL S-S WX SPD DR
================================================================================
1 41 15 28 -3 37 0 0.00 0.0 0 3.2 12 110 M M 4 8 14 130
2 47 22 35 4 30 0 0.00 0.0 0 3.5 12 130 M M 8 18 13 130
3 43 36 40 9 25 0 1.14 0.0 0 1.1 10 300 M M 10 12 12 300
4 43 29 36 5 29 0 0.43 0.0 0 10.6 20 320 M M 10 16 24 320
5 30 19 25 -6 40 0 T T 0 13.3 28 310 M M 4 38 300
6 35 16 26 -5 39 0 0.00 0.0 0 5.0 12 120 M M 1 16 140
7 43 21 32 0 33 0 T 0.0 0 3.0 9 130 M M 8 18 10 130
8 39 24 32 0 33 0 0.00 0.0 0 8.1 20 290 M M 2 18 25 320
9 53 21 37 5 28 0 0.00 0.0 0 5.1 13 140 M M 2 8 16 140
10 50 27 39 7 26 0 0.00 0.0 0 6.3 24 280 M M 5 34 260
11 59 23 41 9 24 0 0.00 0.0 0 6.1 21 180 M M 4 30 180
12 54 37 46 13 19 0 0.00 0.0 0 10.0 25 280 M M 8 35 250
13 38 25 32 -1 33 0 0.07 2.0 2 7.9 15 320 M M 8 1 18 320
14 29 18 24 -9 41 0 T T T 11.9 23 320 M M 6 29 320
15 35 17 26 -7 39 0 0.00 0.0 0 5.8 10 140 M M 1 14 270
16 49 22 36 2 29 0 0.00 0.0 0 7.8 18 170 M M 6 25 180
17 63 34 49 15 16 0 0.49 0.0 0 8.1 23 230 M M 9 1 37 230
18 65 30 48 14 17 0 0.11 0.0 0 21.1 41 290 M M 5 48 280
19 41 23 32 -2 33 0 T T 0 14.3 41 300 M M 4 18 53 310
20 41 20 31 -3 34 0 0.00 0.0 0 7.5 23 310 M M 1 30 320
21 62 23 43 8 22 0 0.00 0.0 0 3.2 13 130 M M 4 13 140
22 64 33 49 14 16 0 0.15 0.0 0 5.4 23 180 M M 9 18 35 190
23 66 36 51 16 14 0 T 0.0 0 16.1 36 280 M M 8 49 260
24 36 31 34 -2 31 0 0.07 T 0 7.7 15 150 M M 10 46 19 350
25 47 31 39 3 26 0 0.46 T 0 13.8 36 300 M M 9 146 47 310
26 39 25 32 -4 33 0 0.00 0.0 0 9.1 20 300 M M 5 23 310
27 50 23 37 1 28 0 0.00 0.0 0 10.9 29 270 M M 2 35 270
28 42 27 35 -2 30 0 0.00 0.0 0 6.8 20 320 M M 4 26 330
================================================================================
SM 1304 708 805 0 2.92 2.0 232.7 M 157
================================================================================
AV 46.6 25.3 8.3 FASTST M M 6 MAX(MPH)
MISC ----> # 41 290 53 310
================================================================================
NOTES:
# LAST OF SEVERAL OCCURRENCES
COLUMN 17 PEAK WIND IN M.P.H.
PRELIMINARY LOCAL CLIMATOLOGICAL DATA (WS FORM: F-6) , PAGE 2
STATION: HARRISBURG PA
MONTH: FEBRUARY
YEAR: 2022
LATITUDE: 40 11 N
LONGITUDE: 76 46 W
[TEMPERATURE DATA] [PRECIPITATION DATA] SYMBOLS USED IN COLUMN 16
AVERAGE MONTHLY: 35.9 TOTAL FOR MONTH: 2.92 1 = FOG OR MIST
DPTR FM NORMAL: 2.5 DPTR FM NORMAL: 0.33 2 = FOG REDUCING VISIBILITY
HIGHEST: 66 ON 23 GRTST 24HR 1.23 ON 3- 4 TO 1/4 MILE OR LESS
LOWEST: 15 ON 1 3 = THUNDER
SNOW, ICE PELLETS, HAIL 4 = ICE PELLETS
TOTAL MONTH: 2.0 INCHES 5 = HAIL
GRTST 24HR 2.0 ON 13-13 6 = FREEZING RAIN OR DRIZZLE
GRTST DEPTH: 2 ON 13 7 = DUSTSTORM OR SANDSTORM:
VSBY 1/2 MILE OR LESS
8 = SMOKE OR HAZE
[NO. OF DAYS WITH] [WEATHER - DAYS WITH] 9 = BLOWING SNOW
X = TORNADO
MAX 32 OR BELOW: 2 0.01 INCH OR MORE: 8
MAX 90 OR ABOVE: 0 0.10 INCH OR MORE: 6
MIN 32 OR BELOW: 23 0.50 INCH OR MORE: 1
MIN 0 OR BELOW: 0 1.00 INCH OR MORE: 1
[HDD (BASE 65) ]
TOTAL THIS MO. 805 CLEAR (SCALE 0-3) 6
DPTR FM NORMAL -81 PTCLDY (SCALE 4-7) 15
TOTAL FM JUL 1 3426 CLOUDY (SCALE 8-10) 7
DPTR FM NORMAL -381
[CDD (BASE 65) ]
TOTAL THIS MO. 0
DPTR FM NORMAL 0 [PRESSURE DATA]
TOTAL FM JAN 1 0 HIGHEST SLP 30.68 ON 15
DPTR FM NORMAL 0 LOWEST SLP 29.35 ON 18
[REMARKS]
#FINAL-02-22#