000
CXUS53 KARX 100607
CF6MDZ
PRELIMINARY LOCAL CLIMATOLOGICAL DATA (WS FORM: F-6)
STATION: MEDFORD WI
MONTH: AUGUST
YEAR: 2021
LATITUDE: 45 5 N
LONGITUDE: 90 18 W
TEMPERATURE IN F: :PCPN: SNOW: WIND :SUNSHINE: SKY :PK WND
================================================================================
1 2 3 4 5 6A 6B 7 8 9 10 11 12 13 14 15 16 17 18
12Z AVG MX 2MIN
DY MAX MIN AVG DEP HDD CDD WTR SNW DPTH SPD SPD DIR MIN PSBL S-S WX SPD DR
================================================================================
1 70 48 59 M 6 0 0.00 0.0 0 7.6 16 340 M M 3 21 350
2 73 45 59 M 6 0 0.00 0.0 0 2.5 9 280 M M 4 M M
3 74 53 64 M 1 0 0.00 0.0 0 2.8 8 290 M M 0 M M
4 76 53 65 M 0 0 0.00 0.0 0 3.5 9 240 M M 1 M M
5 72 59 66 M 0 1 0.14 0.0 0 9.2 15 200 M M 5 22 200
6 76 58 67 M 0 2 0.00 0.0 0 2.9 9 190 M M 6 16 190
7 66 56 61 M 4 0 0.65 0.0 0 5.3 12 160 M M 10 3 17 160
8 78 65 72 M 0 7 0.47 0.0 0 5.4 16 160 M M 9 3 23 170
9 80 62 71 M 0 6 0.00 0.0 0 2.8 9 100 M M 8 M M
10 78 60 69 M 0 4 0.00 0.0 0 5.2 12 200 M M 7 16 180
11 79 60 70 M 0 5 0.47 0.0 0 7.4 17 360 M M 6 3 21 360
12 75 51 63 M 2 0 0.01 0.0 0 6.6 15 270 M M 3 23 270
13 69 47 58 M 7 0 0.00 0.0 0 5.0 14 340 M M 1 21 310
14 74 43 59 M 6 0 0.00 0.0 0 2.4 8 200 M M 0 M M
15 75 52 64 M 1 0 0.00 0.0 0 5.6 12 210 M M 0 16 210
16 76 50 63 M 2 0 0.00 0.0 0 5.1 12 160 M M 0 M M
17 77 51 64 M 1 0 0.00 0.0 0 5.8 12 170 M M 1 16 190
18 80 55 68 M 0 3 0.00 0.0 0 3.1 8 190 M M 3 16 160
19 81 53 67 M 0 2 0.00 0.0 0 1.8 7 150 M M 2 M M
20 82 54 68 M 0 3 0.00 0.0 0 6.0 15 180 M M 2 17 160
21 75 50 63 M 2 0 0.16 0.0 0 8.7 15 300 M M 6 23 150
22 72 44 58 M 7 0 0.04 0.0 0 2.8 8 110 M M 1 M M
23 80 57 69 M 0 4 0.01 0.0 0 5.5 13 210 M M 5 18 240
24 72 57 65 M 0 0 0.00 0.0 0 4.5 21 180 M M 6 3 28 M
25 81 55 68 M 0 3 0.00 0.0 0 3.9 12 300 M M 4 17 300
26 73 51 62 M 3 0 0.25 0.0 0 4.2 7 110 M M 4 3 22 110
27 69 56 63 M 2 0 0.67 0.0 0 6.0 15 80 M M 9 3 20 150
28 80 61 71 M 0 6 0.28 0.0 0 5.2 10 160 M M 6 22 170
29 74 59 67 M 0 2 0.36 0.0 0 7.8 16 270 M M 5 27 280
30 75 53 64 M 1 0 0.00 0.0 0 5.6 14 280 M M 2 20 280
31 73 49 61 M 4 0 0.00 0.0 0 4.5 9 60 M M 2 M M
================================================================================
SM 2335 1667 55 48 3.51 0.0 154.7 M 121
================================================================================
AV 75.3 53.8 5.0 FASTST M M 4 MAX(MPH)
MISC ----> 21 180 28 9999
================================================================================
NOTES:
# LAST OF SEVERAL OCCURRENCES
COLUMN 17 PEAK WIND IN M.P.H.
PRELIMINARY LOCAL CLIMATOLOGICAL DATA (WS FORM: F-6) , PAGE 2
STATION: MEDFORD WI
MONTH: AUGUST
YEAR: 2021
LATITUDE: 45 5 N
LONGITUDE: 90 18 W
[TEMPERATURE DATA] [PRECIPITATION DATA] SYMBOLS USED IN COLUMN 16
AVERAGE MONTHLY: 64.5 TOTAL FOR MONTH: 3.51 1 = FOG OR MIST
DPTR FM NORMAL: 0.0 DPTR FM NORMAL: M 2 = FOG REDUCING VISIBILITY
HIGHEST: 82 ON 20 GRTST 24HR 0.67 ON 27-27 TO 1/4 MILE OR LESS
LOWEST: 43 ON 14 3 = THUNDER
SNOW, ICE PELLETS, HAIL 4 = ICE PELLETS
TOTAL MONTH: 0.0 INCH 5 = HAIL
GRTST 24HR 0.0 6 = FREEZING RAIN OR DRIZZLE
GRTST DEPTH: 0 7 = DUSTSTORM OR SANDSTORM:
VSBY 1/2 MILE OR LESS
8 = SMOKE OR HAZE
[NO. OF DAYS WITH] [WEATHER - DAYS WITH] 9 = BLOWING SNOW
X = TORNADO
MAX 32 OR BELOW: 0 0.01 INCH OR MORE: 12
MAX 90 OR ABOVE: 0 0.10 INCH OR MORE: 9
MIN 32 OR BELOW: 0 0.50 INCH OR MORE: 2
MIN 0 OR BELOW: 0 1.00 INCH OR MORE: 0
[HDD (BASE 65) ]
TOTAL THIS MO. 55 CLEAR (SCALE 0-3) 15
DPTR FM NORMAL M PTCLDY (SCALE 4-7) 12
TOTAL FM JUL 1 101 CLOUDY (SCALE 8-10) 4
DPTR FM NORMAL M
[CDD (BASE 65) ]
TOTAL THIS MO. 48
DPTR FM NORMAL M [PRESSURE DATA]
TOTAL FM JAN 1 227 HIGHEST SLP M ON M
DPTR FM NORMAL M LOWEST SLP M ON M
[REMARKS]
#FINAL-08-21#