000
CXUS53 KARX 011601
CF6MDZ
PRELIMINARY LOCAL CLIMATOLOGICAL DATA (WS FORM: F-6)
STATION: MEDFORD WI
MONTH: FEBRUARY
YEAR: 2020
LATITUDE: 45 5 N
LONGITUDE: 90 18 W
TEMPERATURE IN F: :PCPN: SNOW: WIND :SUNSHINE: SKY :PK WND
================================================================================
1 2 3 4 5 6A 6B 7 8 9 10 11 12 13 14 15 16 17 18
12Z AVG MX 2MIN
DY MAX MIN AVG DEP HDD CDD WTR SNW DPTH SPD SPD DIR MIN PSBL S-S WX SPD DR
================================================================================
1 33 28 31 M 34 0 0.00 0.0 M 10.2 16 260 M M 7 1 24 260
2 43 23 33 M 32 0 0.00 0.0 M 10.4 20 280 M M 4 30 280
3 33 20 27 M 38 0 0.00 0.0 M 7.7 15 350 M M 7 18 360
4 21 2 12 M 53 0 0.00 0.0 M 8.6 13 350 M M 2 20 360
5 19 -10 5 M 60 0 0.00 0.0 M 2.3 6 160 M M 1 M M
6 27 -4 12 M 53 0 0.00 0.0 M 1.2 7 170 M M 3 M M
7 28 6 17 M 48 0 M M M 3.5 12 310 M M 9 16 310
8 20 -2 9 M 56 0 M M M 4.6 10 200 M M 7 M M
9 20 -5 8 M 57 0 M M M 3.7 7 10 M M 7 2 M M
10 21 -18 2 M 63 0 0.00 0.0 M 3.8 10 250 M M 7 128 16 250
11 22 12 17 M 48 0 0.00 0.0 M 9.3 16 290 M M 8 22 290
12 31 6 19 M 46 0 M M M 12.4 21 360 M M 6 28 360
13 6 -12 -3 M 68 0 0.00 0.0 M 10.4 17 20 M M 1 28 10
14 8 -22 -7 M 72 0 0.00 0.0 M 8.1 17 170 M M 1 21 180
15 27 4 16 M 49 0 M M M 10.5 16 180 M M 5 20 260
16 20 3 12 M 53 0 0.00 0.0 M 4.7 10 270 M M 3 M M
17 31 16 24 M 41 0 M M M 7.8 14 140 M M 10 20 140
18 27 3 15 M 50 0 M M M 12.2 20 320 M M 7 18 28 320
19 9 -8 1 M 64 0 0.00 0.0 M 7.5 12 290 M M 0 M M
20 9 -18 -4 M 69 0 0.00 0.0 M 4.9 10 240 M M 0 17 240
21 34 -1 17 M 48 0 0.00 0.0 M 9.5 16 240 M M 0 25 230
22 39 11 25 M 40 0 0.00 0.0 M 5.9 10 190 M M 2 12 M M
23 43 21 32 M 33 0 0.00 0.0 M 8.9 14 270 M M 2 1 21 240
24 39 16 28 M 37 0 0.00 0.0 M 5.4 12 20 M M 0 M M
25 32 20 26 M 39 0 0.00 0.0 M 10.5 17 360 M M 2 22 360
26 24 15 20 M 45 0 M M M 9.6 16 330 M M 9 23 330
27 17 2 10 M 55 0 0.00 0.0 M 7.8 15 330 M M 6 18 320
28 22 -5 9 M 56 0 0.00 0.0 M 7.9 16 330 M M 0 23 330
29 29 -6 12 M 53 0 0.00 0.0 M 4.8 12 180 M M 1 M M
================================================================================
SM 734 97 1460 0 0.00 0.0 214.1 M 117
================================================================================
AV 25.3 3.3 7.4 FASTST M M 4 MAX(MPH)
MISC ----> # 21 360 # 30 280
================================================================================
NOTES:
# LAST OF SEVERAL OCCURRENCES
COLUMN 17 PEAK WIND IN M.P.H.
PRELIMINARY LOCAL CLIMATOLOGICAL DATA (WS FORM: F-6) , PAGE 2
STATION: MEDFORD WI
MONTH: FEBRUARY
YEAR: 2020
LATITUDE: 45 5 N
LONGITUDE: 90 18 W
[TEMPERATURE DATA] [PRECIPITATION DATA] SYMBOLS USED IN COLUMN 16
AVERAGE MONTHLY: 14.3 TOTAL FOR MONTH: 0.00 1 = FOG OR MIST
DPTR FM NORMAL: M DPTR FM NORMAL: M 2 = FOG REDUCING VISIBILITY
HIGHEST: 43 ON 23, 2 GRTST 24HR 0.00 ON 29-29 TO 1/4 MILE OR LESS
LOWEST: -22 ON 14 3 = THUNDER
SNOW, ICE PELLETS, HAIL 4 = ICE PELLETS
TOTAL MONTH: 0.0 INCH 5 = HAIL
GRTST 24HR 0.0 6 = FREEZING RAIN OR DRIZZLE
GRTST DEPTH: M ON M 7 = DUSTSTORM OR SANDSTORM:
VSBY 1/2 MILE OR LESS
8 = SMOKE OR HAZE
[NO. OF DAYS WITH] [WEATHER - DAYS WITH] 9 = BLOWING SNOW
X = TORNADO
MAX 32 OR BELOW: 22 0.01 INCH OR MORE: 0
MAX 90 OR ABOVE: 0 0.10 INCH OR MORE: 0
MIN 32 OR BELOW: 29 0.50 INCH OR MORE: 0
MIN 0 OR BELOW: 12 1.00 INCH OR MORE: 0
[HDD (BASE 65) ]
TOTAL THIS MO. 1460 CLEAR (SCALE 0-3) 14
DPTR FM NORMAL M PTCLDY (SCALE 4-7) 12
TOTAL FM JUL 1 6510 CLOUDY (SCALE 8-10) 3
DPTR FM NORMAL M
[CDD (BASE 65) ]
TOTAL THIS MO. 0
DPTR FM NORMAL M [PRESSURE DATA]
TOTAL FM JAN 1 0 HIGHEST SLP M ON M
DPTR FM NORMAL M LOWEST SLP M ON M
[REMARKS]
#FINAL-02-20#