000
CXUS54 KMEG 040150
CF6MEG
PRELIMINARY LOCAL CLIMATOLOGICAL DATA (WS FORM: F-6)
STATION: MEMPHIS/GERMANTOWN WFO
MONTH: FEBRUARY
YEAR: 2021
LATITUDE: 35 7 N
LONGITUDE: 89 48 W
TEMPERATURE IN F: :PCPN: SNOW: WIND :SUNSHINE: SKY :PK WND
================================================================================
1 2 3 4 5 6A 6B 7 8 9 10 11 12 13 14 15 16 17 18
12Z AVG MX 2MIN
DY MAX MIN AVG DEP HDD CDD WTR SNW DPTH SPD SPD DIR MIN PSBL S-S WX SPD DR
================================================================================
1 40 35 38 -2 27 0 0.00 0.0 0 M M M M M M M M
2 44 26 35 -5 30 0 0.00 0.0 0 M M M M M M M M
3 55 23 39 -1 26 0 0.00 0.0 0 M M M M M M 1 M M
4 55 36 46 5 19 0 0.12 0.0 0 M M M M M M 1 M M
5 54 26 40 -1 25 0 0.00 0.0 0 M M M M M M M M
6 56 32 44 3 21 0 0.21 0.0 0 M M M M M M 1 M M
7 38 31 35 -6 30 0 T 0.0 0 M M M M M M M M
8 54 34 44 3 21 0 0.00 0.0 0 M M M M M M M M
9 47 33 40 -2 25 0 0.01 0.0 0 M M M M M M 1 M M
10 42 30 36 -6 29 0 0.33 0.0 0 M M M M M M 16 M M
11 31 27 29 -13 36 0 0.53 0.0 0 M M M M M M 136 M M
12 27 22 25 -17 40 0 T 0.0 0 M M M M M M 16 M M
13 23 17 20 -22 45 0 T T 0 M M M M M M 1 M M
14 18 14 16 -27 49 0 0.04 1.1 0 M M M M M M 14 M M
15 14 8 11 -32 54 0 0.66 3.3 T M M M M M M 1249 M M
16 21 1 11 -32 54 0 T T 4 M M M M M M M M
17 23 15 19 -24 46 0 0.33 4.4 4 M M M M M M M M
18 30 18 24 -20 41 0 0.00 0.0 8 M M M M M M M M
19 35 9 22 -22 43 0 0.00 0.0 7 M M M M M M M M
20 43 10 27 -17 38 0 0.00 0.0 7 M M M M M M M M
21 58 26 42 -2 23 0 0.17 0.0 5 M M M M M M M M
22 57 36 47 2 18 0 0.15 0.0 T M M M M M M M M
23 70 38 54 9 11 0 0.00 0.0 0 M M M M M M M M
24 67 49 58 13 7 0 0.00 0.0 0 M M M M M M M M
25 58 44 51 5 14 0 0.01 0.0 0 M M M M M M M M
26 59 42 51 5 14 0 2.38 0.0 0 M M M M M M M M
27 61 50 56 10 9 0 0.54 0.0 0 M M M M M M 3 M M
28 74 57 66 20 0 1 1.70 0.0 0 M M M M M M 3 M M
================================================================================
SM 1254 789 795 1 7.18 8.8 M M M
================================================================================
AV 44.8 28.2 M FASTST M M M MAX(MPH)
MISC ----> M M M M
================================================================================
NOTES:
# LAST OF SEVERAL OCCURRENCES
COLUMN 17 PEAK WIND IN M.P.H.
PRELIMINARY LOCAL CLIMATOLOGICAL DATA (WS FORM: F-6) , PAGE 2
STATION: MEMPHIS/GERMANTOWN WFO
MONTH: FEBRUARY
YEAR: 2021
LATITUDE: 35 7 N
LONGITUDE: 89 48 W
[TEMPERATURE DATA] [PRECIPITATION DATA] SYMBOLS USED IN COLUMN 16
AVERAGE MONTHLY: 36.5 TOTAL FOR MONTH: 7.18 1 = FOG OR MIST
DPTR FM NORMAL: -6.5 DPTR FM NORMAL: 2.51 2 = FOG REDUCING VISIBILITY
HIGHEST: 74 ON 28 GRTST 24HR 2.38 ON 26-26 TO 1/4 MILE OR LESS
LOWEST: 1 ON 16 3 = THUNDER
SNOW, ICE PELLETS, HAIL 4 = ICE PELLETS
TOTAL MONTH: 8.8 INCHES 5 = HAIL
GRTST 24HR 4.4 ON 17-17 6 = FREEZING RAIN OR DRIZZLE
GRTST DEPTH: 8 ON 18 7 = DUSTSTORM OR SANDSTORM:
VSBY 1/2 MILE OR LESS
8 = SMOKE OR HAZE
[NO. OF DAYS WITH] [WEATHER - DAYS WITH] 9 = BLOWING SNOW
X = TORNADO
MAX 32 OR BELOW: 8 0.01 INCH OR MORE: 14
MAX 90 OR ABOVE: 0 0.10 INCH OR MORE: 11
MIN 32 OR BELOW: 17 0.50 INCH OR MORE: 5
MIN 0 OR BELOW: 0 1.00 INCH OR MORE: 2
[HDD (BASE 65) ]
TOTAL THIS MO. 795 CLEAR (SCALE 0-3) 0
DPTR FM NORMAL 178 PTCLDY (SCALE 4-7) 0
TOTAL FM JUL 1 2644 CLOUDY (SCALE 8-10) 28
DPTR FM NORMAL -103
[CDD (BASE 65) ]
TOTAL THIS MO. 1
DPTR FM NORMAL 0 [PRESSURE DATA]
TOTAL FM JAN 1 1 HIGHEST SLP M ON M
DPTR FM NORMAL 1 LOWEST SLP M ON M
[REMARKS]
#FINAL-02-21#