003
CXUS56 KPDT 020532
CF6MEH
PRELIMINARY LOCAL CLIMATOLOGICAL DATA (WS FORM: F-6)
STATION: MEACHAM OR
MONTH: MAY
YEAR: 2020
LATITUDE: 45 30 N
LONGITUDE: 118 24 W
TEMPERATURE IN F: :PCPN: SNOW: WIND :SUNSHINE: SKY :PK WND
================================================================================
1 2 3 4 5 6A 6B 7 8 9 10 11 12 13 14 15 16 17 18
12Z AVG MX 2MIN
DY MAX MIN AVG DEP HDD CDD WTR SNW DPTH SPD SPD DIR MIN PSBL S-S WX SPD DR
================================================================================
1 63 29 46 2 19 0 0.00 M M 1.5 7 20 M M 2 12 90
2 73 33 53 9 12 0 0.53 M M 1.5 13 270 M M 7 1 24 290
3 49 30 40 -4 25 0 0.01 M M 1.1 8 20 M M 6 14 250
4 64 26 45 1 20 0 0.00 M M 1.4 9 270 M M 2 14 270
5 71 34 53 8 12 0 0.00 M M 1.2 8 30 M M 2 16 90
6 53 31 42 -3 23 0 0.43 M M 4.1 12 260 M M 6 12 22 250
7 58 27 43 -2 22 0 0.00 M M 1.7 8 30 M M 0 14 340
8 66 29 48 3 17 0 0.00 M M 2.1 9 40 M M 0 16 350
9 75 30 53 7 12 0 0.00 M M 1.2 9 40 M M 0 14 100
10 72 36 54 8 11 0 0.00 M M 0.9 8 20 M M 1 13 30
11 64 40 52 6 13 0 0.04 M M 1.5 10 40 M M 1 17 40
12 56 41 49 3 16 0 0.43 M M 1.1 8 40 M M 9 13 12 30
13 56 40 48 1 17 0 0.11 M M 0.7 7 260 M M 7 1 11 170
14 54 40 47 0 18 0 0.34 M M 0.5 9 290 M M 9 1 19 280
15 58 35 47 0 18 0 0.09 M M 1.2 7 240 M M 5 12 230
16 66 34 50 3 15 0 0.01 M M 1.2 9 110 M M 3 19 90
17 63 46 55 7 10 0 0.18 M M 0.7 8 90 M M 8 18 13 90
18 60 41 51 3 14 0 0.50 M M 0.0 8 280 M M 7 12 16 300
19 52 44 48 0 17 0 0.27 M M 1.9 8 280 M M 10 1 14 290
20 47 42 45 -3 20 0 2.55 M M 4.5 10 280 M M 10 1 22 290
21 47 38 43 -5 22 0 0.40 M M 2.3 9 280 M M 9 1 14 310
22 50 35 43 -5 22 0 T M M 2.0 6 99 M M 9 M M
23 58 34 46 -3 19 0 T M M 1.5 8 260 M M 5 18 14 260
24 66 30 48 -1 17 0 0.00 M M 1.3 7 270 M M 0 13 310
25 68 36 52 3 13 0 0.15 M M 0.9 8 290 M M 5 1 13 300
26 67 44 56 7 9 0 0.00 M M 1.0 8 280 M M 6 8 13 220
27 72 36 54 5 11 0 0.00 M M 1.4 8 10 M M 0 8 13 20
28 79 36 58 8 7 0 0.09 M M 1.7 7 20 M M 2 12 10
29 82 54 68 18 0 3 0.03 M M 0.7 6 30 M M 2 18 9 290
30 88 48 68 18 0 3 0.09 M M 2.0 15 100 M M 5 1 27 80
31 63 41 52 2 13 0 0.01 M M 1.2 7 310 M M 6 1 14 280
================================================================================
SM 1960 1140 464 6 6.26 M 46.0 M 144
================================================================================
AV 63.2 36.8 1.5 FASTST M M 5 MAX(MPH)
MISC ----> # 15 100 # 27 80
================================================================================
NOTES:
# LAST OF SEVERAL OCCURRENCES
COLUMN 17 PEAK WIND IN M.P.H.
PRELIMINARY LOCAL CLIMATOLOGICAL DATA (WS FORM: F-6) , PAGE 2
STATION: MEACHAM OR
MONTH: MAY
YEAR: 2020
LATITUDE: 45 30 N
LONGITUDE: 118 24 W
[TEMPERATURE DATA] [PRECIPITATION DATA] SYMBOLS USED IN COLUMN 16
AVERAGE MONTHLY: 50.0 TOTAL FOR MONTH: 6.26 1 = FOG OR MIST
DPTR FM NORMAL: 2.8 DPTR FM NORMAL: 2.98 2 = FOG REDUCING VISIBILITY
HIGHEST: 88 ON 30 GRTST 24HR 2.55 ON 20-20 TO 1/4 MILE OR LESS
LOWEST: 26 ON 4 3 = THUNDER
SNOW, ICE PELLETS, HAIL 4 = ICE PELLETS
TOTAL MONTH: M 5 = HAIL
GRTST 24HR M ON M 6 = FREEZING RAIN OR DRIZZLE
GRTST DEPTH: M ON M 7 = DUSTSTORM OR SANDSTORM:
VSBY 1/2 MILE OR LESS
8 = SMOKE OR HAZE
[NO. OF DAYS WITH] [WEATHER - DAYS WITH] 9 = BLOWING SNOW
X = TORNADO
MAX 32 OR BELOW: 0 0.01 INCH OR MORE: 19
MAX 90 OR ABOVE: 0 0.10 INCH OR MORE: 11
MIN 32 OR BELOW: 8 0.50 INCH OR MORE: 3
MIN 0 OR BELOW: 0 1.00 INCH OR MORE: 1
[HDD (BASE 65) ]
TOTAL THIS MO. 464 CLEAR (SCALE 0-3) 12
DPTR FM NORMAL -90 PTCLDY (SCALE 4-7) 13
TOTAL FM JUL 1 7532 CLOUDY (SCALE 8-10) 6
DPTR FM NORMAL -424
[CDD (BASE 65) ]
TOTAL THIS MO. 6
DPTR FM NORMAL 6 [PRESSURE DATA]
TOTAL FM JAN 1 6 HIGHEST SLP 30.45 ON 7
DPTR FM NORMAL 6 LOWEST SLP 29.44 ON 30
[REMARKS]
#FINAL-05-20#