000
CXUS54 KJAN 011510
CF6MEI
PRELIMINARY LOCAL CLIMATOLOGICAL DATA (WS FORM: F-6)
STATION: MERIDIAN
MONTH: DECEMBER
YEAR: 2020
LATITUDE: 32 19 N
LONGITUDE: 88 45 W
TEMPERATURE IN F: :PCPN: SNOW: WIND :SUNSHINE: SKY :PK WND
================================================================================
1 2 3 4 5 6A 6B 7 8 9 10 11 12 13 14 15 16 17 18
12Z AVG MX 2MIN
DY MAX MIN AVG DEP HDD CDD WTR SNW DPTH SPD SPD DIR MIN PSBL S-S WX SPD DR
================================================================================
1 53 25 39 -11 26 0 0.00 0.0 0 2.7 13 300 M M 0 17 300
2 58 24 41 -9 24 0 0.00 0.0 0 2.8 12 50 M M 0 15 50
3 64 33 49 -1 16 0 0.00 0.0 0 5.0 13 140 M M 8 19 140
4 53 34 44 -6 21 0 0.32 0.0 0 5.8 17 300 M M 6 1 24 310
5 63 30 47 -2 18 0 0.00 0.0 0 1.9 7 180 M M 0 1 10 300
6 52 36 44 -5 21 0 0.01 0.0 0 3.3 10 200 M M 4 1 15 200
7 52 31 42 -7 23 0 0.00 0.0 0 7.3 24 350 M M 1 1 34 360
8 63 27 45 -4 20 0 0.00 0.0 0 2.4 12 230 M M 0 19 230
9 69 31 50 2 15 0 0.00 0.0 0 3.7 12 230 M M 0 17 230
10 73 35 54 6 11 0 0.00 0.0 0 2.1 10 200 M M 0 15 190
11 69 38 54 6 11 0 0.00 0.0 0 4.5 13 190 M M 6 12 19 200
12 70 46 58 10 7 0 0.54 0.0 0 4.7 13 160 M M 8 12 18 160
13 68 40 54 6 11 0 0.43 0.0 0 5.6 20 250 M M 6 123 34 270
14 62 39 51 4 14 0 0.02 0.0 0 12.2 21 310 M M 9 1 31 320
15 50 30 40 -7 25 0 0.04 0.0 0 3.5 12 50 M M 6 1 16 60
16 48 36 42 -5 23 0 0.23 0.0 0 7.6 16 330 M M 10 1 22 330
17 48 29 39 -8 26 0 0.00 0.0 0 5.3 14 300 M M 4 20 330
18 55 26 41 -6 24 0 0.00 0.0 0 1.3 10 100 M M 0 15 130
19 63 27 45 -1 20 0 0.09 0.0 0 3.6 15 160 M M 3 1 20 160
20 58 44 51 5 14 0 0.03 0.0 0 3.2 14 310 M M 9 1 19 300
21 66 37 52 6 13 0 0.00 0.0 0 3.2 12 280 M M 4 1 19 290
22 69 34 52 6 13 0 0.00 M M 2.4 12 50 M M 0 19 50
23 65 37 51 5 14 0 0.03 M M 8.4 22 180 M M 7 13 32 170
24 64 28 46 0 19 0 1.61 M M 11.7 24 280 M M 4 13 34 260
25 43 25 34 -12 31 0 0.00 M M 5.7 18 290 M M 1 25 330
26 56 23 40 -6 25 0 0.00 M M 3.6 9 190 M M 0 13 180
27 63 28 46 1 19 0 0.00 M M 6.4 16 170 M M 0 23 180
28 67 40 54 9 11 0 0.00 M M 3.7 10 180 M M 6 1 13 180
29 68 46 57 12 8 0 0.00 M M 5.4 14 120 M M 3 18 20 130
30 75 50 63 18 2 0 0.00 M M 10.7 23 170 M M 4 30 180
31 69 60 65 20 0 0 0.26 0.0 0 9.0 24 170 M M 10 13 39 150
================================================================================
SM 1896 1069 525 0 3.61 0.0 158.7 M 119
================================================================================
AV 61.2 34.5 5.1 FASTST M M 4 MAX(MPH)
MISC ----> # 24 350 39 150
================================================================================
NOTES:
# LAST OF SEVERAL OCCURRENCES
COLUMN 17 PEAK WIND IN M.P.H.
PRELIMINARY LOCAL CLIMATOLOGICAL DATA (WS FORM: F-6) , PAGE 2
STATION: MERIDIAN
MONTH: DECEMBER
YEAR: 2020
LATITUDE: 32 19 N
LONGITUDE: 88 45 W
[TEMPERATURE DATA] [PRECIPITATION DATA] SYMBOLS USED IN COLUMN 16
AVERAGE MONTHLY: 47.8 TOTAL FOR MONTH: 3.61 1 = FOG OR MIST
DPTR FM NORMAL: 0.6 DPTR FM NORMAL: -1.45 2 = FOG REDUCING VISIBILITY
HIGHEST: 75 ON 30 GRTST 24HR 1.64 ON 23-24 TO 1/4 MILE OR LESS
LOWEST: 23 ON 26 3 = THUNDER
SNOW, ICE PELLETS, HAIL 4 = ICE PELLETS
TOTAL MONTH: 0.0 INCH 5 = HAIL
GRTST 24HR 0.0 6 = FREEZING RAIN OR DRIZZLE
GRTST DEPTH: 0 7 = DUSTSTORM OR SANDSTORM:
VSBY 1/2 MILE OR LESS
8 = SMOKE OR HAZE
[NO. OF DAYS WITH] [WEATHER - DAYS WITH] 9 = BLOWING SNOW
X = TORNADO
MAX 32 OR BELOW: 0 0.01 INCH OR MORE: 12
MAX 90 OR ABOVE: 0 0.10 INCH OR MORE: 6
MIN 32 OR BELOW: 14 0.50 INCH OR MORE: 2
MIN 0 OR BELOW: 0 1.00 INCH OR MORE: 1
[HDD (BASE 65) ]
TOTAL THIS MO. 525 CLEAR (SCALE 0-3) 14
DPTR FM NORMAL -33 PTCLDY (SCALE 4-7) 12
TOTAL FM JUL 1 787 CLOUDY (SCALE 8-10) 5
DPTR FM NORMAL -221
[CDD (BASE 65) ]
TOTAL THIS MO. 0
DPTR FM NORMAL -6 [PRESSURE DATA]
TOTAL FM JAN 1 2512 HIGHEST SLP 30.43 ON 18
DPTR FM NORMAL 477 LOWEST SLP 29.71 ON 13
[REMARKS]
#FINAL-12-20#