000
CXUS54 KBRO 010800
CF6MFE
PRELIMINARY LOCAL CLIMATOLOGICAL DATA (WS FORM: F-6)
STATION: MCALLEN
MONTH: AUGUST
YEAR: 2022
LATITUDE: 26 10 N
LONGITUDE: 98 14 W
TEMPERATURE IN F: :PCPN: SNOW: WIND :SUNSHINE: SKY :PK WND
================================================================================
1 2 3 4 5 6A 6B 7 8 9 10 11 12 13 14 15 16 17 18
12Z AVG MX 2MIN
DY MAX MIN AVG DEP HDD CDD WTR SNW DPTH SPD SPD DIR MIN PSBL S-S WX SPD DR
================================================================================
1 99 76 88 -2 0 23 0.00 0.0 0 13.4 28 120 M M 1 3 35 130
2 103 78 91 1 0 26 0.00 0.0 0 16.0 26 140 M M 1 35 150
3 105 80 93 3 0 28 0.00 0.0 0 20.6 30 150 M M 0 46 130
4 102 80 91 1 0 26 0.00 0.0 0 19.0 28 130 M M 1 38 130
5 103 79 91 1 0 26 0.00 0.0 0 14.7 24 120 M M 1 31 120
6 102 77 90 0 0 25 0.00 0.0 0 12.7 23 130 M M 1 31 90
7 98 78 88 -2 0 23 0.00 0.0 0 12.1 24 100 M M 2 32 90
8 97 78 88 -2 0 23 T 0.0 0 8.8 36 130 M M 1 3 48 140
9 99 76 88 -2 0 23 0.00 0.0 0 10.3 22 120 M M 1 28 130
10 103 75 89 -1 0 24 0.00 0.0 0 9.8 25 110 M M 1 34 120
11 102 78 90 0 0 25 0.00 0.0 0 8.5 23 120 M M 0 31 120
12 102 79 91 1 0 26 0.10 0.0 0 6.1 31 70 M M 1 3 42 70
13 96 77 87 -3 0 22 T 0.0 0 7.2 20 70 M M 3 3 28 60
14 87 73 80 -10 0 15 0.93 0.0 0 5.4 20 120 M M 7 13 29 220
15 97 75 86 -4 0 21 0.59 0.0 0 13.8 25 130 M M 5 138 38 130
16 98 78 88 -2 0 23 0.00 0.0 0 11.9 23 110 M M 2 30 120
17 98 78 88 -2 0 23 0.00 0.0 0 10.0 24 130 M M 1 33 130
18 100 77 89 0 0 24 0.00 0.0 0 10.6 21 130 M M 1 28 130
19 100 76 88 -1 0 23 0.00 0.0 0 12.3 24 130 M M 1 32 110
20 96 78 87 -2 0 22 T 0.0 0 11.4 28 130 M M 3 3 36 130
21 98 79 89 0 0 24 0.00 0.0 0 14.7 23 130 M M 4 32 130
22 102 80 91 2 0 26 0.00 0.0 0 15.0 25 120 M M 3 33 140
23 98 78 88 -1 0 23 0.00 0.0 0 9.3 17 130 M M 1 23 140
24 101 78 90 1 0 25 0.00 0.0 0 10.0 23 110 M M 1 29 110
25 101 79 90 1 0 25 0.00 0.0 0 7.9 23 70 M M 3 32 70
26 96 80 88 0 0 23 0.00 0.0 0 8.1 17 100 M M 3 3 25 20
27 100 78 89 1 0 24 0.00 0.0 0 9.9 22 110 M M 3 30 110
28 101 77 89 1 0 24 0.00 0.0 0 9.5 20 100 M M 2 26 90
29 97 79 88 0 0 23 0.09 0.0 0 13.0 25 140 M M 1 3 34 130
30 100 80 90 2 0 25 0.00 0.0 0 11.8 21 110 M M 2 32 170
31 98 80 89 1 0 24 0.00 0.0 0 9.1 29 120 M M 2 3 39 140
================================================================================
SM 3079 2414 0 737 1.71 0.0 352.9 M 59
================================================================================
AV 99.3 77.9 11.4 FASTST M M 2 MAX(MPH)
MISC ----> 36 130 48 140
================================================================================
NOTES:
# LAST OF SEVERAL OCCURRENCES
COLUMN 17 PEAK WIND IN M.P.H.
PRELIMINARY LOCAL CLIMATOLOGICAL DATA (WS FORM: F-6) , PAGE 2
STATION: MCALLEN
MONTH: AUGUST
YEAR: 2022
LATITUDE: 26 10 N
LONGITUDE: 98 14 W
[TEMPERATURE DATA] [PRECIPITATION DATA] SYMBOLS USED IN COLUMN 16
AVERAGE MONTHLY: 88.6 TOTAL FOR MONTH: 1.71 1 = FOG OR MIST
DPTR FM NORMAL: -0.7 DPTR FM NORMAL: -0.10 2 = FOG REDUCING VISIBILITY
HIGHEST: 105 ON 3 GRTST 24HR 1.48 ON 14-15 TO 1/4 MILE OR LESS
LOWEST: 73 ON 14 3 = THUNDER
SNOW, ICE PELLETS, HAIL 4 = ICE PELLETS
TOTAL MONTH: 0.0 INCH 5 = HAIL
GRTST 24HR 0.0 6 = FREEZING RAIN OR DRIZZLE
GRTST DEPTH: 0 7 = DUSTSTORM OR SANDSTORM:
VSBY 1/2 MILE OR LESS
8 = SMOKE OR HAZE
[NO. OF DAYS WITH] [WEATHER - DAYS WITH] 9 = BLOWING SNOW
X = TORNADO
MAX 32 OR BELOW: 0 0.01 INCH OR MORE: 4
MAX 90 OR ABOVE: 30 0.10 INCH OR MORE: 3
MIN 32 OR BELOW: 0 0.50 INCH OR MORE: 2
MIN 0 OR BELOW: 0 1.00 INCH OR MORE: 0
[HDD (BASE 65) ]
TOTAL THIS MO. 0 CLEAR (SCALE 0-3) 27
DPTR FM NORMAL 0 PTCLDY (SCALE 4-7) 4
TOTAL FM JUL 1 0 CLOUDY (SCALE 8-10) 0
DPTR FM NORMAL 0
[CDD (BASE 65) ]
TOTAL THIS MO. 737
DPTR FM NORMAL -15 [PRESSURE DATA]
TOTAL FM JAN 1 3519 HIGHEST SLP M ON M
DPTR FM NORMAL -124 LOWEST SLP 29.70 ON 28
[REMARKS]
#FINAL-08-22#