000
CXUS54 KBMX 011010
CF6MGM
PRELIMINARY LOCAL CLIMATOLOGICAL DATA (WS FORM: F-6)
STATION: MONTGOMERY
MONTH: JUNE
YEAR: 2023
LATITUDE: 32 17 N
LONGITUDE: 86 24 W
TEMPERATURE IN F: :PCPN: SNOW: WIND :SUNSHINE: SKY :PK WND
================================================================================
1 2 3 4 5 6A 6B 7 8 9 10 11 12 13 14 15 16 17 18
12Z AVG MX 2MIN
DY MAX MIN AVG DEP HDD CDD WTR SNW DPTH SPD SPD DIR MIN PSBL S-S WX SPD DR
================================================================================
1 87 68 78 0 0 13 0.00 0.0 0 7.5 16 70 M M 3 23 80
2 90 67 79 1 0 14 0.00 0.0 0 4.7 14 20 M M 1 20 70
3 92 65 79 1 0 14 0.00 0.0 M 3.9 15 350 M M 1 20 360
4 91 66 79 1 0 14 0.00 0.0 0 5.4 17 40 M M 2 3 26 60
5 89 66 78 -1 0 13 0.00 0.0 0 5.0 12 140 M M 1 17 130
6 92 65 79 0 0 14 0.00 0.0 0 4.6 22 220 M M 1 30 210
7 92 68 80 1 0 15 0.00 0.0 0 4.3 14 240 M M 2 3 20 240
8 93 67 80 1 0 15 T 0.0 0 6.5 17 330 M M 2 3 24 260
9 90 67 79 0 0 14 0.00 0.0 0 4.1 12 30 M M 1 18 10
10 91 63 77 -3 0 12 0.40 0.0 0 5.2 28 270 M M 2 13 36 290
11 91 72 82 2 0 17 0.19 0.0 M 7.4 20 170 M M 4 13 32 180
12 91 72 82 2 0 17 0.20 0.0 0 8.2 20 300 M M 4 13 26 310
13 81 70 76 -4 0 11 0.12 0.0 0 3.1 13 280 M M 5 13 19 360
14 92 69 81 1 0 16 0.31 0.0 0 8.2 40 310 M M 6 13 60 310
15 77 67 72 -8 0 7 2.08 0.0 M 6.5 22 10 M M 7 13 36 220
16 86 67 77 -3 0 12 0.15 0.0 0 6.9 30 230 M M 4 13 48 250
17 88 66 77 -4 0 12 T 0.0 0 3.2 8 230 M M 3 12 13 230
18 84 71 78 -3 0 13 T 0.0 0 5.2 20 300 M M 2 12 29 290
19 86 69 78 -3 0 13 0.78 0.0 0 7.8 31 210 M M 4 138 44 310
20 89 69 79 -2 0 14 0.36 0.0 0 6.0 31 340 M M 6 123 41 340
21 85 70 78 -3 0 13 0.15 0.0 0 3.3 9 200 M M 6 13 14 190
22 87 71 79 -2 0 14 0.00 0.0 0 4.7 12 290 M M 6 16 300
23 89 70 80 -1 0 15 0.00 0.0 0 6.4 17 290 M M 2 24 290
24 92 67 80 -2 0 15 0.00 0.0 0 4.3 10 280 M M 1 15 270
25 94 69 82 0 0 17 T 0.0 0 5.8 17 120 M M 2 3 29 80
26 93 73 83 1 0 18 T 0.0 M 7.3 22 210 M M 2 3 29 210
27 95 74 85 3 0 20 0.00 0.0 0 5.8 15 270 M M 1 21 300
28 95 70 83 1 0 18 0.00 0.0 0 2.2 8 40 M M 0 13 20
29 97 72 85 3 0 20 0.00 0.0 0 2.5 12 160 M M 0 8 14 160
30 98 73 86 4 0 21 0.00 0.0 M 3.4 10 100 M M 0 18 14 110
================================================================================
SM 2697 2063 0 441 4.74 0.0 159.4 M 81
================================================================================
AV 89.9 68.8 5.3 FASTST M M 3 MAX(MPH)
MISC ----> 40 310 60 310
================================================================================
NOTES:
# LAST OF SEVERAL OCCURRENCES
COLUMN 17 PEAK WIND IN M.P.H.
PRELIMINARY LOCAL CLIMATOLOGICAL DATA (WS FORM: F-6) , PAGE 2
STATION: MONTGOMERY
MONTH: JUNE
YEAR: 2023
LATITUDE: 32 17 N
LONGITUDE: 86 24 W
[TEMPERATURE DATA] [PRECIPITATION DATA] SYMBOLS USED IN COLUMN 16
AVERAGE MONTHLY: 79.3 TOTAL FOR MONTH: 4.74 1 = FOG OR MIST
DPTR FM NORMAL: -0.9 DPTR FM NORMAL: 0.66 2 = FOG REDUCING VISIBILITY
HIGHEST: 98 ON 30 GRTST 24HR 2.08 ON 14-15 TO 1/4 MILE OR LESS
LOWEST: 63 ON 10 3 = THUNDER
SNOW, ICE PELLETS, HAIL 4 = ICE PELLETS
TOTAL MONTH: 0.0 INCH 5 = HAIL
GRTST 24HR 0.0 6 = FREEZING RAIN OR DRIZZLE
GRTST DEPTH: 0 7 = DUSTSTORM OR SANDSTORM:
VSBY 1/2 MILE OR LESS
8 = SMOKE OR HAZE
[NO. OF DAYS WITH] [WEATHER - DAYS WITH] 9 = BLOWING SNOW
X = TORNADO
MAX 32 OR BELOW: 0 0.01 INCH OR MORE: 10
MAX 90 OR ABOVE: 18 0.10 INCH OR MORE: 10
MIN 32 OR BELOW: 0 0.50 INCH OR MORE: 2
MIN 0 OR BELOW: 0 1.00 INCH OR MORE: 1
[HDD (BASE 65) ]
TOTAL THIS MO. 0 CLEAR (SCALE 0-3) 20
DPTR FM NORMAL 0 PTCLDY (SCALE 4-7) 10
TOTAL FM JUL 1 1496 CLOUDY (SCALE 8-10) 0
DPTR FM NORMAL -503
[CDD (BASE 65) ]
TOTAL THIS MO. 441
DPTR FM NORMAL -16 [PRESSURE DATA]
TOTAL FM JAN 1 963 HIGHEST SLP 30.07 ON 30
DPTR FM NORMAL 81 LOWEST SLP 29.67 ON 14
[REMARKS]
#FINAL-06-23#