000
CXUS51 KPBZ 010730
CF6MGW
PRELIMINARY LOCAL CLIMATOLOGICAL DATA (WS FORM: F-6)
STATION: MORGANTOWN WV
MONTH: MARCH
YEAR: 2022
LATITUDE: 39 39 N
LONGITUDE: 79 55 W
TEMPERATURE IN F: :PCPN: SNOW: WIND :SUNSHINE: SKY :PK WND
================================================================================
1 2 3 4 5 6A 6B 7 8 9 10 11 12 13 14 15 16 17 18
12Z AVG MX 2MIN
DY MAX MIN AVG DEP HDD CDD WTR SNW DPTH SPD SPD DIR MIN PSBL S-S WX SPD DR
================================================================================
1 62 30 46 8 19 0 0.00 M M 6.7 17 220 M M 5 24 220
2 59 37 48 10 17 0 0.00 M M 3.7 14 230 M M 7 21 220
3 55 25 40 1 25 0 T M M 8.0 20 350 M M 6 28 350
4 50 19 35 -4 30 0 0.00 M M 2.3 8 310 M M 0 11 310
5 77 33 55 16 10 0 0.00 M M 4.7 15 210 M M 0 22 220
6 68 59 64 25 1 0 0.04 M M 10.4 18 220 M M 8 29 200
7 70 38 54 14 11 0 0.49 M M 10.3 23 210 M M 7 1 38 210
8 43 33 38 -2 27 0 0.03 M M 3.6 10 290 M M 7 18 16 290
9 40 31 36 -4 29 0 0.29 M M 2.9 10 350 M M 8 1 14 330
10 52 27 40 -1 25 0 0.00 M M 1.2 8 60 M M 4 1 11 40
11 62 32 47 6 18 0 0.00 M M 4.9 18 350 M M 3 31 330
12 37 18 28 -13 37 0 0.46 M M 9.6 20 330 M M 10 1289 33 330
13 39 12 26 -16 39 0 T M M 8.0 18 220 M M 3 8 29 200
14 60 32 46 4 19 0 0.00 M M 7.1 17 220 M M 0 24 210
15 64 38 51 9 14 0 0.00 M M 4.7 14 230 M M 3 21 230
16 70 37 54 12 11 0 0.00 M M 2.6 9 160 M M 1 12 160
17 66 50 58 15 7 0 0.06 M M 2.8 10 150 M M 8 1 12 150
18 73 43 58 15 7 0 0.00 M M 5.5 17 160 M M 2 1 24 190
19 66 47 57 14 8 0 0.01 M M 8.4 22 220 M M 6 31 230
20 51 36 44 0 21 0 T M M 6.6 17 230 M M 8 26 220
21 68 31 50 6 15 0 0.00 M M 5.1 13 280 M M 2 20 290
22 66 41 54 10 11 0 0.00 M M 4.5 15 140 M M 1 22 160
23 65 47 56 11 9 0 0.35 M M 11.3 22 130 M M 5 1 32 150
24 63 50 57 12 8 0 0.04 M M 5.8 13 210 M M 8 1 20 220
25 49 41 45 -1 20 0 0.02 M M 7.0 17 220 M M 7 25 200
26 41 33 37 -9 28 0 0.16 M M 8.1 16 290 M M 10 18 32 270
27 33 27 30 -16 35 0 0.03 M M 9.0 18 280 M M 10 128 28 280
28 31 20 26 -21 39 0 T M M 8.0 18 290 M M 7 8 27 290
29 44 15 30 -17 35 0 0.00 M M 2.4 8 220 M M 1 12 220
30 80 34 57 10 8 0 0.10 M M 8.3 18 190 M M 5 28 200
31 77 47 62 14 3 0 0.04 M M 10.9 23 210 M M 7 3 37 220
================================================================================
SM 1781 1063 586 0 2.12 M 194.4 M 159
================================================================================
AV 57.5 34.3 6.3 FASTST M M 5 MAX(MPH)
MISC ----> # 23 210 38 210
================================================================================
NOTES:
# LAST OF SEVERAL OCCURRENCES
COLUMN 17 PEAK WIND IN M.P.H.
PRELIMINARY LOCAL CLIMATOLOGICAL DATA (WS FORM: F-6) , PAGE 2
STATION: MORGANTOWN WV
MONTH: MARCH
YEAR: 2022
LATITUDE: 39 39 N
LONGITUDE: 79 55 W
[TEMPERATURE DATA] [PRECIPITATION DATA] SYMBOLS USED IN COLUMN 16
AVERAGE MONTHLY: 45.9 TOTAL FOR MONTH: 2.12 1 = FOG OR MIST
DPTR FM NORMAL: 3.3 DPTR FM NORMAL: -1.53 2 = FOG REDUCING VISIBILITY
HIGHEST: 80 ON 30 GRTST 24HR 0.50 ON 7- 8 TO 1/4 MILE OR LESS
LOWEST: 12 ON 13 3 = THUNDER
SNOW, ICE PELLETS, HAIL 4 = ICE PELLETS
TOTAL MONTH: M 5 = HAIL
GRTST 24HR M ON M 6 = FREEZING RAIN OR DRIZZLE
GRTST DEPTH: M ON M 7 = DUSTSTORM OR SANDSTORM:
VSBY 1/2 MILE OR LESS
8 = SMOKE OR HAZE
[NO. OF DAYS WITH] [WEATHER - DAYS WITH] 9 = BLOWING SNOW
X = TORNADO
MAX 32 OR BELOW: 1 0.01 INCH OR MORE: 14
MAX 90 OR ABOVE: 0 0.10 INCH OR MORE: 6
MIN 32 OR BELOW: 13 0.50 INCH OR MORE: 0
MIN 0 OR BELOW: 0 1.00 INCH OR MORE: 0
[HDD (BASE 65) ]
TOTAL THIS MO. 586 CLEAR (SCALE 0-3) 11
DPTR FM NORMAL -110 PTCLDY (SCALE 4-7) 14
TOTAL FM JUL 1 3945 CLOUDY (SCALE 8-10) 6
DPTR FM NORMAL -496
[CDD (BASE 65) ]
TOTAL THIS MO. 0
DPTR FM NORMAL -2 [PRESSURE DATA]
TOTAL FM JAN 1 0 HIGHEST SLP 30.51 ON 4
DPTR FM NORMAL -2 LOWEST SLP 29.34 ON 31
[REMARKS]
#FINAL-03-22#