000
CXUS53 KTOP 010810
CF6MHK
PRELIMINARY LOCAL CLIMATOLOGICAL DATA (WS FORM: F-6)
STATION: MANHATTAN KS
MONTH: JUNE
YEAR: 2022
LATITUDE: 39 9 N
LONGITUDE: 96 40 W
TEMPERATURE IN F: :PCPN: SNOW: WIND :SUNSHINE: SKY :PK WND
================================================================================
1 2 3 4 5 6A 6B 7 8 9 10 11 12 13 14 15 16 17 18
12Z AVG MX 2MIN
DY MAX MIN AVG DEP HDD CDD WTR SNW DPTH SPD SPD DIR MIN PSBL S-S WX SPD DR
================================================================================
1 69 52 61 -10 4 0 0.29 M M 5.5 18 30 M M 6 18 25 50
2 80 45 63 -8 2 0 0.00 M M 1.5 9 50 M M 2 12 14 20
3 83 51 67 -5 0 2 0.00 M M 3.9 14 170 M M 0 24 150
4 76 58 67 -5 0 2 0.10 M M 5.0 13 150 M M 4 1 23 170
5 82 63 73 1 0 8 0.34 M M 5.4 20 160 M M 4 13 27 230
6 88 63 76 4 0 11 0.00 M M 3.4 13 60 M M 2 18 60
7 88 63 76 3 0 11 0.59 M M 4.9 22 350 M M 2 13 39 320
8 80 59 70 -3 0 5 0.11 M M 4.7 14 100 M M 4 13 21 20
9 80 54 67 -6 0 2 0.02 M M 3.9 15 170 M M 3 13 21 150
10 86 65 76 2 0 11 0.00 M M 4.5 16 90 M M 3 21 100
11 95 63 79 5 0 14 M M M 7.2 16 210 M M 1 13 50 30
12 95 M M M M M M M M 10.0 24 170 M M 1 238 42 160
13 101 80 91 16 0 26 T M M 16.2 26 180 M M 0 40 190
14 95 80 88 13 0 23 0.00 M M 17.2 25 210 M M 1 42 190
15 89 70 80 5 0 15 0.00 M M 8.8 23 190 M M 1 8 38 190
16 98 66 82 7 0 17 0.00 M M 3.9 13 210 M M 0 1 20 200
17 97 75 86 10 0 21 0.00 M M 8.5 16 180 M M 0 24 190
18 96 72 84 8 0 19 0.00 M M 5.8 17 170 M M 0 23 180
19 96 76 86 10 0 21 0.00 M M 10.2 21 160 M M 0 30 170
20 97 76 87 11 0 22 0.00 M M 13.5 21 170 M M 0 31 180
21 100 72 86 9 0 21 M M M 9.3 35 210 M M 2 138 52 210
22 80 71 76 -1 0 11 M M M 3.7 10 50 M M 3 1 13 60
23 86 70 78 1 0 13 M M M 5.9 22 220 M M 3 13 30 260
24 96 69 83 6 0 18 M M M 10.2 20 180 M M 3 13 30 180
25 89 75 82 5 0 17 T M M 7.6 18 210 M M 2 3 30 200
26 78 59 69 -9 0 4 0.00 M M 6.1 18 20 M M 0 29 30
27 83 53 68 -10 0 3 0.00 M M 2.7 9 70 M M 0 14 70
28 88 57 73 -5 0 8 0.00 M M 5.9 15 230 M M 0 22 180
29 92 62 77 -1 0 12 0.00 M M 7.9 20 170 M M 0 27 170
30 M M M M M M M M M 9.9 18 180 M M 0 29 190
================================================================================
SM 2563 1819 6 337 1.45 M 213.2 M 47
================================================================================
AV 88.4 65.0 7.1 FASTST M M 2 MAX(MPH)
MISC ----> 35 210 52 210
================================================================================
NOTES:
# LAST OF SEVERAL OCCURRENCES
COLUMN 17 PEAK WIND IN M.P.H.
PRELIMINARY LOCAL CLIMATOLOGICAL DATA (WS FORM: F-6) , PAGE 2
STATION: MANHATTAN KS
MONTH: JUNE
YEAR: 2022
LATITUDE: 39 9 N
LONGITUDE: 96 40 W
[TEMPERATURE DATA] [PRECIPITATION DATA] SYMBOLS USED IN COLUMN 16
AVERAGE MONTHLY: 76.7 TOTAL FOR MONTH: 1.45 1 = FOG OR MIST
DPTR FM NORMAL: 1.7 DPTR FM NORMAL: -3.38 2 = FOG REDUCING VISIBILITY
HIGHEST: 101 ON 13 GRTST 24HR 0.62 ON 7- 8 TO 1/4 MILE OR LESS
LOWEST: 45 ON 2 3 = THUNDER
SNOW, ICE PELLETS, HAIL 4 = ICE PELLETS
TOTAL MONTH: M 5 = HAIL
GRTST 24HR M ON M 6 = FREEZING RAIN OR DRIZZLE
GRTST DEPTH: M ON M 7 = DUSTSTORM OR SANDSTORM:
VSBY 1/2 MILE OR LESS
8 = SMOKE OR HAZE
[NO. OF DAYS WITH] [WEATHER - DAYS WITH] 9 = BLOWING SNOW
X = TORNADO
MAX 32 OR BELOW: 0 0.01 INCH OR MORE: 6
MAX 90 OR ABOVE: 12 0.10 INCH OR MORE: 5
MIN 32 OR BELOW: 0 0.50 INCH OR MORE: 1
MIN 0 OR BELOW: 0 1.00 INCH OR MORE: 0
[HDD (BASE 65) ]
TOTAL THIS MO. 6 CLEAR (SCALE 0-3) 22
DPTR FM NORMAL -2 PTCLDY (SCALE 4-7) 8
TOTAL FM JUL 1 4622 CLOUDY (SCALE 8-10) 0
DPTR FM NORMAL -478
[CDD (BASE 65) ]
TOTAL THIS MO. 337
DPTR FM NORMAL 30 [PRESSURE DATA]
TOTAL FM JAN 1 564 HIGHEST SLP M ON M
DPTR FM NORMAL 126 LOWEST SLP 29.55 ON 12
[REMARKS]
#FINAL-06-22#