000
CXUS56 KMFR 011031
CF6MHS
PRELIMINARY LOCAL CLIMATOLOGICAL DATA (WS FORM: F-6)
STATION: MT SHASTA CITY CA
MONTH: NOVEMBER
YEAR: 2021
LATITUDE: 41 19 N
LONGITUDE: 122 19 W
TEMPERATURE IN F: :PCPN: SNOW: WIND :SUNSHINE: SKY :PK WND
================================================================================
1 2 3 4 5 6A 6B 7 8 9 10 11 12 13 14 15 16 17 18
12Z AVG MX 2MIN
DY MAX MIN AVG DEP HDD CDD WTR SNW DPTH SPD SPD DIR MIN PSBL S-S WX SPD DR
================================================================================
1 49 46 48 2 17 0 0.67 M M 2.8 7 90 M M 10 1 16 90
2 57 38 48 3 17 0 0.10 M M 1.0 6 130 M M 4 1 14 90
3 61 35 48 3 17 0 0.36 M M 1.8 7 110 M M 3 1 19 140
4 52 42 47 2 18 0 0.24 M M 2.4 10 90 M M 9 1 22 120
5 49 39 44 0 21 0 0.18 M M 0.9 7 90 M M 7 1 16 70
6 50 29 40 -4 25 0 0.02 M M 0.7 8 100 M M 6 18 15 90
7 48 25 37 -7 28 0 0.00 M M 0.7 6 290 M M 0 18 12 310
8 48 24 36 -7 29 0 0.66 M M 1.3 8 130 M M 4 18 21 140
9 50 34 42 -1 23 0 0.72 M M 3.4 12 90 M M 8 1 22 90
10 48 39 44 1 21 0 0.02 M M 0.0 5 140 M M 10 18 11 140
11 66 34 50 8 15 0 0.00 M M 0.3 6 310 M M 0 18 11 310
12 62 34 48 6 17 0 0.00 M M 1.2 9 310 M M 0 18 17 300
13 62 37 50 8 15 0 0.00 M M 1.5 9 320 M M 0 18 18 310
14 66 38 52 11 13 0 0.00 M M 1.1 6 350 M M 0 18 11 360
15 60 38 49 8 16 0 0.01 M M 1.2 7 90 M M 2 1 19 150
16 48 29 39 -2 26 0 0.00 M M 3.2 10 350 M M 1 8 23 330
17 54 24 39 -1 26 0 0.00 M M 1.6 7 310 M M 0 18 14 300
18 52 32 42 2 23 0 0.12 M M 2.5 8 100 M M 7 1 17 90
19 52 35 44 4 21 0 0.01 M M 2.4 9 340 M M 5 1 19 300
20 50 27 39 -1 26 0 0.00 M M 1.7 8 320 M M 0 18 19 360
21 55 24 40 1 25 0 0.00 M M 1.2 5 350 M M 0 8 M M
22 59 24 42 3 23 0 0.00 M M 0.6 6 140 M M 0 8 13 120
23 48 33 41 3 24 0 T M M 3.5 10 330 M M 3 8 21 340
24 47 24 36 -2 29 0 0.00 M M 1.4 8 300 M M 0 8 16 320
25 58 26 42 4 23 0 0.00 M M 1.1 6 330 M M 1 8 14 320
26 59 30 45 7 20 0 0.00 M M 1.3 8 300 M M 2 15 300
27 62 35 49 12 16 0 0.00 M M 1.7 7 310 M M 2 18 13 300
28 65 36 51 14 14 0 0.00 M M 0.3 6 330 M M 0 18 11 340
29 64 30 47 10 18 0 0.00 M M 2.5 9 320 M M 0 8 20 330
30 55 32 44 7 21 0 0.00 M M 2.6 10 300 M M 0 18 22 290
================================================================================
SM 1656 973 627 0 3.11 M 47.9 M 84
================================================================================
AV 55.2 32.4 1.6 FASTST M M 3 MAX(MPH)
MISC ----> 12 90 23 330
================================================================================
NOTES:
# LAST OF SEVERAL OCCURRENCES
COLUMN 17 PEAK WIND IN M.P.H.
PRELIMINARY LOCAL CLIMATOLOGICAL DATA (WS FORM: F-6) , PAGE 2
STATION: MT SHASTA CITY CA
MONTH: NOVEMBER
YEAR: 2021
LATITUDE: 41 19 N
LONGITUDE: 122 19 W
[TEMPERATURE DATA] [PRECIPITATION DATA] SYMBOLS USED IN COLUMN 16
AVERAGE MONTHLY: 43.8 TOTAL FOR MONTH: 3.11 1 = FOG OR MIST
DPTR FM NORMAL: 2.9 DPTR FM NORMAL: -0.52 2 = FOG REDUCING VISIBILITY
HIGHEST: 66 ON 14,11 GRTST 24HR 1.38 ON 8- 9 TO 1/4 MILE OR LESS
LOWEST: 24 ON 24,22 3 = THUNDER
SNOW, ICE PELLETS, HAIL 4 = ICE PELLETS
TOTAL MONTH: M 5 = HAIL
GRTST 24HR M ON M 6 = FREEZING RAIN OR DRIZZLE
GRTST DEPTH: M ON M 7 = DUSTSTORM OR SANDSTORM:
VSBY 1/2 MILE OR LESS
8 = SMOKE OR HAZE
[NO. OF DAYS WITH] [WEATHER - DAYS WITH] 9 = BLOWING SNOW
X = TORNADO
MAX 32 OR BELOW: 0 0.01 INCH OR MORE: 12
MAX 90 OR ABOVE: 0 0.10 INCH OR MORE: 8
MIN 32 OR BELOW: 14 0.50 INCH OR MORE: 3
MIN 0 OR BELOW: 0 1.00 INCH OR MORE: 0
[HDD (BASE 65) ]
TOTAL THIS MO. 627 CLEAR (SCALE 0-3) 19
DPTR FM NORMAL -95 PTCLDY (SCALE 4-7) 8
TOTAL FM JUL 1 1184 CLOUDY (SCALE 8-10) 3
DPTR FM NORMAL -159
[CDD (BASE 65) ]
TOTAL THIS MO. 0
DPTR FM NORMAL 0 [PRESSURE DATA]
TOTAL FM JAN 1 755 HIGHEST SLP 30.56 ON 25
DPTR FM NORMAL 446 LOWEST SLP 29.90 ON 4
[REMARKS]
#FINAL-11-21#