000
CXUS56 KMFR 010930
CF6MHS
PRELIMINARY LOCAL CLIMATOLOGICAL DATA (WS FORM: F-6)
STATION: MT SHASTA CITY CA
MONTH: AUGUST
YEAR: 2023
LATITUDE: 41 19 N
LONGITUDE: 122 19 W
TEMPERATURE IN F: :PCPN: SNOW: WIND :SUNSHINE: SKY :PK WND
================================================================================
1 2 3 4 5 6A 6B 7 8 9 10 11 12 13 14 15 16 17 18
12Z AVG MX 2MIN
DY MAX MIN AVG DEP HDD CDD WTR SNW DPTH SPD SPD DIR MIN PSBL S-S WX SPD DR
================================================================================
1 91 48 70 1 0 5 0.00 M M 0.5 7 130 M M 0 17 140
2 89 46 68 -1 0 3 0.00 M M 0.2 7 130 M M 0 16 130
3 88 50 69 0 0 4 0.00 M M 0.6 7 130 M M 1 14 130
4 88 53 71 2 0 6 0.00 M M 2.3 10 60 M M 1 24 340
5 88 55 72 3 0 7 0.00 M M 2.9 9 320 M M 0 20 340
6 83 62 73 4 0 8 0.00 M M 4.7 10 300 M M 0 25 350
7 86 54 70 2 0 5 0.00 M M 2.6 9 290 M M 0 18 290
8 90 53 72 4 0 7 0.00 M M 0.9 8 130 M M 0 19 120
9 86 48 67 -1 0 2 0.00 M M 1.0 8 110 M M 0 18 140
10 89 48 69 1 0 4 0.00 M M 0.9 7 130 M M 0 16 130
11 92 50 71 3 0 6 0.00 M M 0.3 7 130 M M 0 13 130
12 95 52 74 6 0 9 0.00 M M 1.7 8 300 M M 0 17 350
13 98 54 76 8 0 11 0.00 M M 0.3 7 80 M M 0 15 300
14 102 55 79 11 0 14 0.00 M M 1.0 9 70 M M 0 20 130
15 100 63 82 15 0 17 T M M 1.2 9 340 M M 1 20 350
16 96 70 83 16 0 18 0.00 M M 2.3 5 99 M M 0 M M
17 92 64 78 11 0 13 0.00 M M 0.8 7 280 M M 5 8 13 280
18 93 55 74 7 0 9 0.00 M M 0.0 M M M M 2 8 M M
19 94 53 74 7 0 9 0.00 M M 0.7 8 70 M M 0 8 17 120
20 81 56 69 2 0 4 0.00 M M 0.3 4 110 M M 3 M M
21 66 58 62 -5 3 0 0.62 M M 2.1 7 120 M M 9 1 15 120
22 68 52 60 -6 5 0 0.07 M M 0.6 6 130 M M 7 18 13 130
23 83 48 66 0 0 1 0.00 M M 0.1 6 100 M M 0 18 14 140
24 86 49 68 2 0 3 0.00 M M 0.5 6 130 M M 0 18 12 240
25 84 49 67 1 0 2 0.00 M M 0.2 8 120 M M 0 17 130
26 86 44 65 -1 0 0 0.00 M M 1.0 7 130 M M M 16 130
27 88 42 65 -1 0 0 0.00 M M 0.3 5 70 M M 0 8 12 130
28 90 47 69 3 0 4 0.00 M M 0.7 7 140 M M 6 8 17 140
29 78 55 67 2 0 2 0.00 M M 3.3 10 300 M M 5 8 24 300
30 81 53 67 2 0 2 0.00 M M 4.2 10 20 M M 0 8 22 360
31 82 49 66 1 0 1 0.00 M M 1.9 8 290 M M 1 17 290
================================================================================
SM 2713 1635 8 176 0.69 M 40.1 M 41
================================================================================
AV 87.5 52.7 1.3 FASTST M M 1 MAX(MPH)
MISC ----> # 10 60 25 350
================================================================================
NOTES:
# LAST OF SEVERAL OCCURRENCES
COLUMN 17 PEAK WIND IN M.P.H.
PRELIMINARY LOCAL CLIMATOLOGICAL DATA (WS FORM: F-6) , PAGE 2
STATION: MT SHASTA CITY CA
MONTH: AUGUST
YEAR: 2023
LATITUDE: 41 19 N
LONGITUDE: 122 19 W
[TEMPERATURE DATA] [PRECIPITATION DATA] SYMBOLS USED IN COLUMN 16
AVERAGE MONTHLY: 70.1 TOTAL FOR MONTH: 0.69 1 = FOG OR MIST
DPTR FM NORMAL: 2.8 DPTR FM NORMAL: 0.49 2 = FOG REDUCING VISIBILITY
HIGHEST: 102 ON 14 GRTST 24HR 0.69 ON 21-22 TO 1/4 MILE OR LESS
LOWEST: 42 ON 27 3 = THUNDER
SNOW, ICE PELLETS, HAIL 4 = ICE PELLETS
TOTAL MONTH: M 5 = HAIL
GRTST 24HR M ON M 6 = FREEZING RAIN OR DRIZZLE
GRTST DEPTH: M ON M 7 = DUSTSTORM OR SANDSTORM:
VSBY 1/2 MILE OR LESS
8 = SMOKE OR HAZE
[NO. OF DAYS WITH] [WEATHER - DAYS WITH] 9 = BLOWING SNOW
X = TORNADO
MAX 32 OR BELOW: 0 0.01 INCH OR MORE: 2
MAX 90 OR ABOVE: 12 0.10 INCH OR MORE: 1
MIN 32 OR BELOW: 0 0.50 INCH OR MORE: 1
MIN 0 OR BELOW: 0 1.00 INCH OR MORE: 0
[HDD (BASE 65) ]
TOTAL THIS MO. 8 CLEAR (SCALE 0-3) 25
DPTR FM NORMAL -22 PTCLDY (SCALE 4-7) 4
TOTAL FM JUL 1 8 CLOUDY (SCALE 8-10) 2
DPTR FM NORMAL -48
[CDD (BASE 65) ]
TOTAL THIS MO. 176
DPTR FM NORMAL 76 [PRESSURE DATA]
TOTAL FM JAN 1 487 HIGHEST SLP M ON M
DPTR FM NORMAL 211 LOWEST SLP 29.74 ON 21
[REMARKS]
#FINAL-08-23#