000
CXUS53 KIND 010700
CF6MIE
PRELIMINARY LOCAL CLIMATOLOGICAL DATA (WS FORM: F-6)
STATION: MUNCIE IN
MONTH: OCTOBER
YEAR: 2020
LATITUDE: 40 13 N
LONGITUDE: 85 23 W
TEMPERATURE IN F: :PCPN: SNOW: WIND :SUNSHINE: SKY :PK WND
================================================================================
1 2 3 4 5 6A 6B 7 8 9 10 11 12 13 14 15 16 17 18
12Z AVG MX 2MIN
DY MAX MIN AVG DEP HDD CDD WTR SNW DPTH SPD SPD DIR MIN PSBL S-S WX SPD DR
================================================================================
1 66 45 56 -3 9 0 0.05 M M 8.1 24 320 M M 4 8 32 340
2 63 38 51 -8 14 0 0.00 M M 3.7 14 320 M M 3 128 19 320
3 66 42 54 -4 11 0 T M M 4.4 13 200 M M 9 21 190
4 57 42 50 -8 15 0 0.07 M M 6.2 17 320 M M 8 1 23 320
5 66 34 50 -7 15 0 0.00 M M 2.8 12 240 M M 0 18 16 190
6 78 48 63 6 2 0 0.00 M M 10.3 21 230 M M 0 33 210
7 83 49 66 9 0 1 0.00 M M 9.0 22 300 M M 0 29 290
8 78 43 61 5 4 0 0.00 M M 1.6 10 330 M M 0 16 310
9 87 45 66 10 0 1 0.00 M M 8.6 20 220 M M 0 30 220
10 82 62 72 16 0 7 0.00 M M 7.3 16 250 M M 1 8 25 240
11 80 56 68 13 0 3 0.00 M M 8.6 18 120 M M 5 128 24 120
12 79 50 65 10 0 0 0.19 M M 8.9 29 310 M M 7 138 42 320
13 71 45 58 3 7 0 0.00 M M 6.9 15 240 M M 0 22 230
14 78 42 60 6 5 0 0.00 M M 10.2 24 190 M M 0 38 190
15 70 42 56 2 9 0 0.22 M M 9.1 24 300 M M 5 33 300
16 58 32 45 -9 20 0 T M M 6.5 20 250 M M 1 36 220
17 62 37 50 -3 15 0 0.00 M M 10.4 18 190 M M 2 28 200
18 64 50 57 4 8 0 0.12 M M 9.8 21 190 M M 10 1 33 190
19 50 46 48 -5 17 0 0.44 M M 10.0 16 30 M M 10 18 20 50
20 61 45 53 1 12 0 0.78 M M 10.6 22 180 M M 10 138 36 180
21 67 56 62 10 3 0 1.09 M M 8.2 20 210 M M 9 13 33 210
22 82 57 70 18 0 5 0.00 M M 8.0 17 210 M M 3 128 25 230
23 81 48 65 13 0 0 0.33 M M 12.0 26 320 M M 5 13 37 300
24 53 40 47 -4 18 0 T M M 10.0 18 350 M M 5 26 350
25 53 44 49 -2 16 0 T M M 10.1 17 80 M M 10 23 90
26 52 45 49 -2 16 0 0.06 M M 4.9 13 340 M M 10 18 16 340
27 48 44 46 -4 19 0 0.04 M M 4.6 9 50 M M 10 18 11 90
28 54 46 50 0 15 0 0.12 M M 4.0 12 340 M M 10 18 14 330
29 51 45 48 -2 17 0 1.23 M M 11.4 21 20 M M 10 1 27 20
30 50 32 41 -8 24 0 T M M 7.9 16 320 M M 7 22 320
31 59 31 45 -4 20 0 0.00 M M 8.5 17 190 M M 0 29 190
================================================================================
SM 2049 1381 311 17 4.74 M 242.6 M 154
================================================================================
AV 66.1 44.5 7.8 FASTST M M 5 MAX(MPH)
MISC ----> 29 310 42 320
================================================================================
NOTES:
# LAST OF SEVERAL OCCURRENCES
COLUMN 17 PEAK WIND IN M.P.H.
PRELIMINARY LOCAL CLIMATOLOGICAL DATA (WS FORM: F-6) , PAGE 2
STATION: MUNCIE IN
MONTH: OCTOBER
YEAR: 2020
LATITUDE: 40 13 N
LONGITUDE: 85 23 W
[TEMPERATURE DATA] [PRECIPITATION DATA] SYMBOLS USED IN COLUMN 16
AVERAGE MONTHLY: 55.3 TOTAL FOR MONTH: 4.74 1 = FOG OR MIST
DPTR FM NORMAL: 1.5 DPTR FM NORMAL: 1.82 2 = FOG REDUCING VISIBILITY
HIGHEST: 87 ON 9 GRTST 24HR 1.80 ON 20-21 TO 1/4 MILE OR LESS
LOWEST: 31 ON 31 3 = THUNDER
SNOW, ICE PELLETS, HAIL 4 = ICE PELLETS
TOTAL MONTH: M 5 = HAIL
GRTST 24HR M ON M 6 = FREEZING RAIN OR DRIZZLE
GRTST DEPTH: M ON M 7 = DUSTSTORM OR SANDSTORM:
VSBY 1/2 MILE OR LESS
8 = SMOKE OR HAZE
[NO. OF DAYS WITH] [WEATHER - DAYS WITH] 9 = BLOWING SNOW
X = TORNADO
MAX 32 OR BELOW: 0 0.01 INCH OR MORE: 13
MAX 90 OR ABOVE: 0 0.10 INCH OR MORE: 9
MIN 32 OR BELOW: 3 0.50 INCH OR MORE: 3
MIN 0 OR BELOW: 0 1.00 INCH OR MORE: 2
[HDD (BASE 65) ]
TOTAL THIS MO. 311 CLEAR (SCALE 0-3) 12
DPTR FM NORMAL -52 PTCLDY (SCALE 4-7) 9
TOTAL FM JUL 1 366 CLOUDY (SCALE 8-10) 10
DPTR FM NORMAL -99
[CDD (BASE 65) ]
TOTAL THIS MO. 17
DPTR FM NORMAL 1 [PRESSURE DATA]
TOTAL FM JAN 1 1210 HIGHEST SLP M ON M
DPTR FM NORMAL 255 LOWEST SLP 29.66 ON 14
[REMARKS]
#FINAL-10-20#