000
CXUS53 KIND 010600
CF6MIE
PRELIMINARY LOCAL CLIMATOLOGICAL DATA (WS FORM: F-6)
STATION: MUNCIE IN
MONTH: MARCH
YEAR: 2020
LATITUDE: 40 13 N
LONGITUDE: 85 23 W
TEMPERATURE IN F: :PCPN: SNOW: WIND :SUNSHINE: SKY :PK WND
================================================================================
1 2 3 4 5 6A 6B 7 8 9 10 11 12 13 14 15 16 17 18
12Z AVG MX 2MIN
DY MAX MIN AVG DEP HDD CDD WTR SNW DPTH SPD SPD DIR MIN PSBL S-S WX SPD DR
================================================================================
1 58 25 42 8 23 0 0.00 M M 12.0 23 190 M M 1 35 200
2 56 45 51 17 14 0 0.12 M M 9.1 28 220 M M 9 18 41 220
3 55 40 48 13 17 0 0.18 M M 11.0 29 280 M M 6 1238 43 280
4 53 33 43 8 22 0 T M M 8.8 22 320 M M 3 29 310
5 58 28 43 8 22 0 T M M 9.4 24 280 M M 1 33 270
6 42 29 36 0 29 0 T M M 16.9 30 320 M M 9 18 40 320
7 49 23 36 0 29 0 0.00 M M 4.4 12 190 M M 1 15 190
8 64 38 51 15 14 0 0.00 M M 11.9 21 190 M M 0 31 210
9 64 53 59 22 6 0 0.01 M M 15.0 23 190 M M 5 36 210
10 58 39 49 12 16 0 0.23 M M 11.0 23 310 M M 10 1 37 220
11 48 39 44 6 21 0 0.00 M M 3.4 12 280 M M 10 18 15 270
12 61 45 53 15 12 0 0.34 M M 6.8 17 300 M M 8 138 26 320
13 56 39 48 10 17 0 0.00 M M 14.3 26 300 M M 2 38 300
14 42 34 38 -1 27 0 0.14 M M 8.9 21 20 M M 8 128 23 100
15 45 33 39 0 26 0 0.00 M M 9.8 20 60 M M 8 25 50
16 49 35 42 2 23 0 T M M 3.7 12 240 M M 10 16 250
17 50 34 42 2 23 0 T M M 8.0 20 320 M M 7 18 28 320
18 47 35 41 1 24 0 0.74 M M 6.8 15 120 M M 6 18 18 120
19 68 43 56 15 9 0 0.27 M M 10.4 25 220 M M 10 12 43 210
20 68 33 51 10 14 0 0.28 M M 16.3 30 330 M M 8 1 42 270
21 35 31 33 -9 32 0 0.00 M M 9.9 18 10 M M 10 22 20
22 40 28 34 -8 31 0 0.12 M M 10.0 17 110 M M 7 18 21 100
23 43 37 40 -2 25 0 0.00 M M 5.8 14 310 M M 10 18 18 310
24 48 39 44 1 21 0 0.01 M M 9.1 16 100 M M 10 18 21 100
25 61 33 47 4 18 0 0.00 M M 4.5 12 190 M M 5 128 17 220
26 67 48 58 14 7 0 0.13 M M 9.0 20 20 M M 4 138 24 30
27 55 50 53 9 12 0 0.19 M M 10.5 20 90 M M 9 18 26 90
28 72 54 63 19 2 0 1.62 M M 8.6 23 200 M M 7 138 35 190
29 68 52 60 15 5 0 T M M 17.6 35 250 M M 7 52 250
30 53 40 47 2 18 0 0.00 M M 13.4 31 280 M M 7 43 280
31 45 35 40 -6 25 0 0.01 M M 7.7 16 20 M M 6 1 20 10
================================================================================
SM 1678 1170 584 0 4.39 M 304.0 M 204
================================================================================
AV 54.1 37.7 9.8 FASTST M M 7 MAX(MPH)
MISC ----> 35 250 52 250
================================================================================
NOTES:
# LAST OF SEVERAL OCCURRENCES
COLUMN 17 PEAK WIND IN M.P.H.
PRELIMINARY LOCAL CLIMATOLOGICAL DATA (WS FORM: F-6) , PAGE 2
STATION: MUNCIE IN
MONTH: MARCH
YEAR: 2020
LATITUDE: 40 13 N
LONGITUDE: 85 23 W
[TEMPERATURE DATA] [PRECIPITATION DATA] SYMBOLS USED IN COLUMN 16
AVERAGE MONTHLY: 45.9 TOTAL FOR MONTH: 4.39 1 = FOG OR MIST
DPTR FM NORMAL: 6.3 DPTR FM NORMAL: 1.44 2 = FOG REDUCING VISIBILITY
HIGHEST: 72 ON 28 GRTST 24HR 1.62 ON 28-28 TO 1/4 MILE OR LESS
LOWEST: 23 ON 7 3 = THUNDER
SNOW, ICE PELLETS, HAIL 4 = ICE PELLETS
TOTAL MONTH: M 5 = HAIL
GRTST 24HR M ON M 6 = FREEZING RAIN OR DRIZZLE
GRTST DEPTH: M ON M 7 = DUSTSTORM OR SANDSTORM:
VSBY 1/2 MILE OR LESS
8 = SMOKE OR HAZE
[NO. OF DAYS WITH] [WEATHER - DAYS WITH] 9 = BLOWING SNOW
X = TORNADO
MAX 32 OR BELOW: 0 0.01 INCH OR MORE: 15
MAX 90 OR ABOVE: 0 0.10 INCH OR MORE: 12
MIN 32 OR BELOW: 6 0.50 INCH OR MORE: 2
MIN 0 OR BELOW: 0 1.00 INCH OR MORE: 1
[HDD (BASE 65) ]
TOTAL THIS MO. 584 CLEAR (SCALE 0-3) 6
DPTR FM NORMAL -203 PTCLDY (SCALE 4-7) 13
TOTAL FM JUL 1 4247 CLOUDY (SCALE 8-10) 12
DPTR FM NORMAL -923
[CDD (BASE 65) ]
TOTAL THIS MO. 0
DPTR FM NORMAL -1 [PRESSURE DATA]
TOTAL FM JAN 1 0 HIGHEST SLP M ON M
DPTR FM NORMAL -1 LOWEST SLP 29.52 ON 29
[REMARKS]
#FINAL-03-20#