000
CXUS54 KTSA 010950
CF6MKO
PRELIMINARY LOCAL CLIMATOLOGICAL DATA (WS FORM: F-6)
STATION: MUSKOGEE OKLAHOMA
MONTH: JANUARY
YEAR: 2021
LATITUDE: 35 40 N
LONGITUDE: 95 22 W
TEMPERATURE IN F: :PCPN: SNOW: WIND :SUNSHINE: SKY :PK WND
================================================================================
1 2 3 4 5 6A 6B 7 8 9 10 11 12 13 14 15 16 17 18
12Z AVG MX 2MIN
DY MAX MIN AVG DEP HDD CDD WTR SNW DPTH SPD SPD DIR MIN PSBL S-S WX SPD DR
================================================================================
1 38 34 36 -2 29 0 0.26 0.0 M 10.2 28 30 M M 10 1 36 30
2 41 28 35 -3 30 0 T M M 5.5 13 320 M M 7 1 16 320
3 54 28 41 3 24 0 0.00 0.0 M 6.1 15 150 M M 0 19 150
4 60 28 44 6 21 0 0.00 0.0 M 5.4 17 310 M M 0 1 24 320
5 59 25 42 4 23 0 0.00 0.0 M 7.4 16 130 M M 0 2 22 120
6 47 41 44 6 21 0 0.21 0.0 M 11.0 18 140 M M 8 1 27 140
7 43 37 40 2 25 0 0.04 0.0 M 10.3 15 350 M M 10 1 20 360
8 41 27 34 -4 31 0 0.00 0.0 M 8.9 20 10 M M 8 24 360
9 45 21 33 -5 32 0 0.00 0.0 M 4.7 13 350 M M 0 18 15 360
10 36 27 32 -6 33 0 0.00 0.0 M 7.9 15 340 M M 3 18 19 340
11 44 25 35 -3 30 0 0.00 0.0 M 5.5 14 300 M M 0 18 19 300
12 51 22 37 -1 28 0 0.00 0.0 M 6.2 12 230 M M 0 1 17 250
13 56 25 41 3 24 0 0.00 0.0 M 8.1 17 190 M M 0 18 24 180
14 58 37 48 10 17 0 0.00 0.0 M 14.1 31 350 M M 1 41 350
15 44 33 39 1 26 0 T M M 16.2 30 330 M M 4 40 320
16 49 26 38 0 27 0 0.00 0.0 M 7.6 18 340 M M 1 25 330
17 54 29 42 4 23 0 T M M 9.7 24 310 M M 1 36 310
18 62 26 44 6 21 0 0.00 0.0 M 8.0 24 200 M M 3 34 200
19 51 29 40 2 25 0 0.00 0.0 M 8.3 17 350 M M 1 22 10
20 44 25 35 -3 30 0 0.02 0.0 M 6.0 20 180 M M 7 1 26 190
21 49 38 44 6 21 0 0.00 0.0 M 4.0 9 130 M M 7 1 13 200
22 57 35 46 8 19 0 0.00 0.0 M 8.6 17 20 M M 0 1 23 20
23 45 31 38 0 27 0 T 0.0 M 12.0 20 140 M M 8 27 150
24 57 39 48 10 17 0 0.20 0.0 M 6.1 12 110 M M 10 13 17 120
25 55 39 47 9 18 0 1.51 M M 8.1 20 230 M M 8 123 26 240
26 41 30 36 -3 29 0 0.00 0.0 M 8.6 16 10 M M 7 18 20 10
27 35 31 33 -6 32 0 T M M 12.4 23 330 M M 10 29 340
28 44 31 38 -1 27 0 0.00 0.0 M 6.3 13 150 M M 5 19 140
29 57 29 43 4 22 0 T 0.0 M 10.9 20 180 M M 0 27 160
30 67 44 56 17 9 0 0.39 0.0 M 13.7 31 230 M M 7 1 43 230
31 44 37 41 2 24 0 0.00 0.0 M 17.0 26 330 M M 9 37 310
================================================================================
SM 1528 957 765 0 2.63 0.0 274.8 M 135
================================================================================
AV 49.3 30.9 8.9 FASTST M M 4 MAX(MPH)
MISC ----> # 31 350 43 230
================================================================================
NOTES:
# LAST OF SEVERAL OCCURRENCES
COLUMN 17 PEAK WIND IN M.P.H.
PRELIMINARY LOCAL CLIMATOLOGICAL DATA (WS FORM: F-6) , PAGE 2
STATION: MUSKOGEE OKLAHOMA
MONTH: JANUARY
YEAR: 2021
LATITUDE: 35 40 N
LONGITUDE: 95 22 W
[TEMPERATURE DATA] [PRECIPITATION DATA] SYMBOLS USED IN COLUMN 16
AVERAGE MONTHLY: 40.1 TOTAL FOR MONTH: 2.63 1 = FOG OR MIST
DPTR FM NORMAL: 2.1 DPTR FM NORMAL: 0.39 2 = FOG REDUCING VISIBILITY
HIGHEST: 67 ON 30 GRTST 24HR 1.51 ON 25-25 TO 1/4 MILE OR LESS
LOWEST: 21 ON 9 3 = THUNDER
SNOW, ICE PELLETS, HAIL 4 = ICE PELLETS
TOTAL MONTH: 0.0 INCH 5 = HAIL
GRTST 24HR 0.0 6 = FREEZING RAIN OR DRIZZLE
GRTST DEPTH: 0 7 = DUSTSTORM OR SANDSTORM:
VSBY 1/2 MILE OR LESS
8 = SMOKE OR HAZE
[NO. OF DAYS WITH] [WEATHER - DAYS WITH] 9 = BLOWING SNOW
X = TORNADO
MAX 32 OR BELOW: 0 0.01 INCH OR MORE: 7
MAX 90 OR ABOVE: 0 0.10 INCH OR MORE: 5
MIN 32 OR BELOW: 20 0.50 INCH OR MORE: 1
MIN 0 OR BELOW: 0 1.00 INCH OR MORE: 1
[HDD (BASE 65) ]
TOTAL THIS MO. 765 CLEAR (SCALE 0-3) 15
DPTR FM NORMAL -72 PTCLDY (SCALE 4-7) 9
TOTAL FM JUL 1 2057 CLOUDY (SCALE 8-10) 7
DPTR FM NORMAL -175
[CDD (BASE 65) ]
TOTAL THIS MO. 0
DPTR FM NORMAL 0 [PRESSURE DATA]
TOTAL FM JAN 1 0 HIGHEST SLP 30.67 ON 28
DPTR FM NORMAL 0 LOWEST SLP 29.48 ON 30
[REMARKS]
#FINAL-01-21#