000
CXUS53 KMPX 010910
CF6MKT
PRELIMINARY LOCAL CLIMATOLOGICAL DATA (WS FORM: F-6)
STATION: MANKATO MN
MONTH: JUNE
YEAR: 2023
LATITUDE: 44 13 N
LONGITUDE: 93 55 W
TEMPERATURE IN F: :PCPN: SNOW: WIND :SUNSHINE: SKY :PK WND
================================================================================
1 2 3 4 5 6A 6B 7 8 9 10 11 12 13 14 15 16 17 18
12Z AVG MX 2MIN
DY MAX MIN AVG DEP HDD CDD WTR SNW DPTH SPD SPD DIR MIN PSBL S-S WX SPD DR
================================================================================
1 83 66 75 11 0 10 M M M 10.9 17 160 M M 4 30 150
2 87 69 78 14 0 13 0.02 M M 9.7 22 120 M M 3 37 120
3 88 66 77 13 0 12 T M M 5.6 14 60 M M 1 M M
4 88 65 77 12 0 12 0.00 M M 6.4 12 110 M M 1 M M
5 89 67 78 13 0 13 0.00 M M 5.6 18 90 M M 1 M M
6 84 70 77 12 0 12 0.00 M M 5.8 8 90 M M 4 M M
7 81 66 74 8 0 9 0.42 M M 9.2 14 90 M M 5 18 27 330
8 79 65 72 6 0 7 T M M 5.9 12 110 M M 5 M M
9 81 57 69 3 0 4 0.00 M M 6.8 14 250 M M 0 21 250
10 79 58 69 2 0 4 0.10 M M 9.0 21 40 M M 6 30 50
11 68 52 60 -7 5 0 0.00 M M 14.3 21 30 M M 3 31 30
12 79 49 64 -3 1 0 0.00 M M 10.3 21 330 M M 2 27 330
13 85 56 71 3 0 6 0.00 M M 7.3 13 300 M M 2 M M
14 83 57 70 2 0 5 0.00 M M 4.0 8 40 M M 1 8 M M
15 75 58 67 -1 0 2 0.00 M M 8.3 13 50 M M 5 8 M M
16 76 52 64 -4 1 0 0.00 M M 8.2 13 110 M M 0 M M
17 81 58 70 1 0 5 T M M 8.6 16 160 M M 3 22 160
18 70 63 67 -2 0 2 0.34 M M 5.7 10 120 M M 9 1 M M
19 86 62 74 5 0 9 0.00 M M 9.4 12 160 M M 1 18 180
20 88 68 78 9 0 13 0.00 M M 10.8 16 150 M M 0 17 170
21 88 64 76 6 0 11 0.00 M M 8.2 14 180 M M 1 8 M M
22 89 65 77 7 0 12 0.00 M M 5.7 9 130 M M 2 8 M M
23 90 69 80 10 0 15 T M M 5.3 15 230 M M 4 17 210
24 79 62 71 1 0 6 0.61 M M 10.2 20 210 M M 5 18 37 80
25 75 61 68 -3 0 3 0.04 M M 10.8 22 320 M M 8 30 320
26 80 62 71 0 0 6 0.01 M M 11.6 23 360 M M 5 1 27 360
27 82 60 71 0 0 6 T M M 4.7 10 160 M M 1 1 M M
28 84 64 74 3 0 9 0.08 M M 9.7 17 160 M M 5 18 30 190
29 88 63 76 5 0 11 T M M 4.4 15 280 M M 1 138 18 280
30 82 65 74 3 0 9 T M M 4.7 9 300 M M 1 M M
================================================================================
SM 2467 1859 7 226 1.62 M 237.1 M 89
================================================================================
AV 82.2 62.0 7.9 FASTST M M 3 MAX(MPH)
MISC ----> 23 360 # 37 120
================================================================================
NOTES:
# LAST OF SEVERAL OCCURRENCES
COLUMN 17 PEAK WIND IN M.P.H.
PRELIMINARY LOCAL CLIMATOLOGICAL DATA (WS FORM: F-6) , PAGE 2
STATION: MANKATO MN
MONTH: JUNE
YEAR: 2023
LATITUDE: 44 13 N
LONGITUDE: 93 55 W
[TEMPERATURE DATA] [PRECIPITATION DATA] SYMBOLS USED IN COLUMN 16
AVERAGE MONTHLY: 72.1 TOTAL FOR MONTH: 1.62 1 = FOG OR MIST
DPTR FM NORMAL: 4.1 DPTR FM NORMAL: -3.47 2 = FOG REDUCING VISIBILITY
HIGHEST: 90 ON 23 GRTST 24HR 0.61 ON 24-24 TO 1/4 MILE OR LESS
LOWEST: 49 ON 12 3 = THUNDER
SNOW, ICE PELLETS, HAIL 4 = ICE PELLETS
TOTAL MONTH: M 5 = HAIL
GRTST 24HR M ON M 6 = FREEZING RAIN OR DRIZZLE
GRTST DEPTH: M ON M 7 = DUSTSTORM OR SANDSTORM:
VSBY 1/2 MILE OR LESS
8 = SMOKE OR HAZE
[NO. OF DAYS WITH] [WEATHER - DAYS WITH] 9 = BLOWING SNOW
X = TORNADO
MAX 32 OR BELOW: 0 0.01 INCH OR MORE: 8
MAX 90 OR ABOVE: 1 0.10 INCH OR MORE: 4
MIN 32 OR BELOW: 0 0.50 INCH OR MORE: 1
MIN 0 OR BELOW: 0 1.00 INCH OR MORE: 0
[HDD (BASE 65) ]
TOTAL THIS MO. 7 CLEAR (SCALE 0-3) 18
DPTR FM NORMAL -44 PTCLDY (SCALE 4-7) 11
TOTAL FM JUL 1 7642 CLOUDY (SCALE 8-10) 1
DPTR FM NORMAL -173
[CDD (BASE 65) ]
TOTAL THIS MO. 226
DPTR FM NORMAL 85 [PRESSURE DATA]
TOTAL FM JAN 1 299 HIGHEST SLP M ON M
DPTR FM NORMAL 114 LOWEST SLP M ON M
[REMARKS]
#FINAL-06-23#