000
CXUS54 KTSA 010950
CF6MLC
PRELIMINARY LOCAL CLIMATOLOGICAL DATA (WS FORM: F-6)
STATION: MCALESTER OKLAHOMA
MONTH: DECEMBER
YEAR: 2020
LATITUDE: 34 52 N
LONGITUDE: 95 47 W
TEMPERATURE IN F: :PCPN: SNOW: WIND :SUNSHINE: SKY :PK WND
================================================================================
1 2 3 4 5 6A 6B 7 8 9 10 11 12 13 14 15 16 17 18
12Z AVG MX 2MIN
DY MAX MIN AVG DEP HDD CDD WTR SNW DPTH SPD SPD DIR MIN PSBL S-S WX SPD DR
================================================================================
1 58 23 41 -5 24 0 0.00 0.0 M 6.5 15 170 M M 2 29 170
2 49 43 46 1 19 0 0.26 0.0 M 5.7 12 100 M M 10 1 19 110
3 45 38 42 -3 23 0 0.04 0.0 M 5.5 13 320 M M 10 1 17 330
4 55 29 42 -3 23 0 0.00 0.0 M 3.9 10 260 M M 3 1 16 260
5 65 28 47 3 18 0 0.00 0.0 M 2.2 10 290 M M 2 15 340
6 57 30 44 0 21 0 0.00 0.0 M 3.5 13 340 M M 1 17 340
7 61 29 45 1 20 0 0.00 0.0 M 2.3 9 260 M M 2 13 330
8 67 28 48 4 17 0 0.00 0.0 M 2.6 13 330 M M 1 18 320
9 77 32 55 12 10 0 0.00 0.0 M 2.6 10 220 M M 2 14 220
10 74 39 57 14 8 0 0.00 0.0 M 6.6 14 180 M M 1 26 190
11 64 34 49 6 16 0 0.31 0.0 M 7.0 15 190 M M 6 1 26 180
12 44 31 38 -4 27 0 0.00 0.0 M 4.0 16 340 M M 3 1 22 340
13 39 32 36 -6 29 0 0.89 M M 9.4 20 360 M M 8 12 29 10
14 33 24 29 -13 36 0 0.00 0.0 M 4.6 13 330 M M 6 1 17 340
15 34 27 31 -11 34 0 0.01 M M 3.7 14 100 M M 7 18 20 120
16 37 25 31 -11 34 0 0.00 0.0 M 5.0 13 320 M M 8 1 18 330
17 55 24 40 -1 25 0 0.00 0.0 M 4.5 12 220 M M 2 1 16 220
18 59 42 51 10 14 0 0.00 0.0 M 8.8 20 200 M M 4 34 190
19 55 30 43 2 22 0 0.00 0.0 M 3.9 14 340 M M 5 1 19 170
20 61 26 44 3 21 0 0.00 0.0 M 3.9 14 300 M M 3 20 330
21 67 32 50 9 15 0 0.00 0.0 M 4.7 14 210 M M 1 20 210
22 69 36 53 12 12 0 0.00 0.0 M 7.5 18 180 M M 3 32 200
23 63 31 47 6 18 0 0.00 0.0 M 16.5 30 320 M M 5 47 330
24 45 25 35 -5 30 0 0.00 0.0 M 8.4 17 320 M M 2 25 340
25 52 20 36 -4 29 0 0.00 0.0 M 4.4 12 210 M M 2 15 220
26 67 35 51 11 14 0 0.00 0.0 M 9.0 16 180 M M 2 32 170
27 67 38 53 13 12 0 0.00 0.0 M 11.0 32 210 M M 2 48 220
28 56 35 46 6 19 0 T M M 6.7 14 10 M M 3 21 10
29 63 46 55 15 10 0 0.01 0.0 M 8.2 17 170 M M 10 32 120
30 58 37 48 8 17 0 0.47 M M 13.7 22 360 M M 9 1 30 360
31 39 34 37 -3 28 0 0.86 0.0 0 11.3 17 40 M M 8 1 32 50
================================================================================
SM 1735 983 645 0 2.85 0.0 197.6 M 133
================================================================================
AV 56.0 31.7 6.4 FASTST M M 4 MAX(MPH)
MISC ----> 32 210 48 220
================================================================================
NOTES:
# LAST OF SEVERAL OCCURRENCES
COLUMN 17 PEAK WIND IN M.P.H.
PRELIMINARY LOCAL CLIMATOLOGICAL DATA (WS FORM: F-6) , PAGE 2
STATION: MCALESTER OKLAHOMA
MONTH: DECEMBER
YEAR: 2020
LATITUDE: 34 52 N
LONGITUDE: 95 47 W
[TEMPERATURE DATA] [PRECIPITATION DATA] SYMBOLS USED IN COLUMN 16
AVERAGE MONTHLY: 43.8 TOTAL FOR MONTH: 2.85 1 = FOG OR MIST
DPTR FM NORMAL: 1.8 DPTR FM NORMAL: -0.13 2 = FOG REDUCING VISIBILITY
HIGHEST: 77 ON 9 GRTST 24HR 0.89 ON 13-13 TO 1/4 MILE OR LESS
LOWEST: 20 ON 25 3 = THUNDER
SNOW, ICE PELLETS, HAIL 4 = ICE PELLETS
TOTAL MONTH: 0.0 INCH 5 = HAIL
GRTST 24HR 0.0 6 = FREEZING RAIN OR DRIZZLE
GRTST DEPTH: 0 7 = DUSTSTORM OR SANDSTORM:
VSBY 1/2 MILE OR LESS
8 = SMOKE OR HAZE
[NO. OF DAYS WITH] [WEATHER - DAYS WITH] 9 = BLOWING SNOW
X = TORNADO
MAX 32 OR BELOW: 0 0.01 INCH OR MORE: 8
MAX 90 OR ABOVE: 0 0.10 INCH OR MORE: 5
MIN 32 OR BELOW: 19 0.50 INCH OR MORE: 2
MIN 0 OR BELOW: 0 1.00 INCH OR MORE: 0
[HDD (BASE 65) ]
TOTAL THIS MO. 645 CLEAR (SCALE 0-3) 15
DPTR FM NORMAL -68 PTCLDY (SCALE 4-7) 11
TOTAL FM JUL 1 1139 CLOUDY (SCALE 8-10) 5
DPTR FM NORMAL -132
[CDD (BASE 65) ]
TOTAL THIS MO. 0
DPTR FM NORMAL -1 [PRESSURE DATA]
TOTAL FM JAN 1 2051 HIGHEST SLP 30.40 ON 14
DPTR FM NORMAL -1 LOWEST SLP 29.60 ON 31
[REMARKS]
#FINAL-12-20#