000
CXUS55 KBYZ 011317
CLMMLS
CLIMATE REPORT
NATIONAL WEATHER SERVICE BILLINGS MT
617 AM MST FRI DEC 01 2023
...................................
...THE MILES CITY MT CLIMATE SUMMARY FOR THE MONTH OF NOVEMBER 2023...
CLIMATE NORMAL PERIOD 1991 TO 2020
CLIMATE RECORD PERIOD 1937 TO 2023
WEATHER OBSERVED NORMAL DEPART
VALUE DATE(S) VALUE FROM
NORMAL
................................................
TEMPERATURE (F)
HIGHEST 60 11/04
LOWEST 9 11/24
AVG. MAXIMUM 48.8 44.3 4.5
AVG. MINIMUM 25.9 21.2 4.7
MEAN 37.3 32.7 4.6
DAYS MAX >= 90 0
DAYS MAX <= 32 2
DAYS MIN <= 32 25
DAYS MIN <= 0 0
PRECIPITATION (INCHES)
TOTALS 0.20 0.33 -0.13
DAYS >= .01 3
DAYS >= .10 1
DAYS >= .50 0
DAYS >= 1.00 0
GREATEST
24 HR. TOTAL 0.19 11/02 TO 11/03
DEGREE DAYS
HEATING TOTAL 822 968 -146
SINCE 7/1 1548 1756 -208
COOLING TOTAL 0 0 0
SINCE 1/1 830 731 99
................................................
WIND (MPH)
AVERAGE WIND SPEED 7.9
HIGHEST WIND SPEED/DIRECTION 35/320 DATE 11/16
HIGHEST GUST SPEED/DIRECTION 43/330 DATE 11/16
43/330 11/25
AVERAGE RH (PERCENT) 65
WEATHER CONDITIONS. NUMBER OF DAYS WITH
THUNDERSTORM 0 MIXED PRECIP 0
HEAVY RAIN 0 RAIN 4
LIGHT RAIN 4 FREEZING RAIN 0
LT FREEZING RAIN 0 HAIL 0
HEAVY SNOW 0 SNOW 2
LIGHT SNOW 0 SLEET 0
FOG 3 FOG W/VIS <= 1/4 MILE 0
HAZE 0
- INDICATES NEGATIVE NUMBERS.
R INDICATES RECORD WAS SET OR TIED.
MM INDICATES DATA IS MISSING.
T INDICATES TRACE AMOUNT.
$$