000
CXUS54 KMOB 010629
CF6MOB
PRELIMINARY LOCAL CLIMATOLOGICAL DATA (WS FORM: F-6)
STATION: MOBILE
MONTH: JUNE
YEAR: 2023
LATITUDE: 30 40 N
LONGITUDE: 88 15 W
TEMPERATURE IN F: :PCPN: SNOW: WIND :SUNSHINE: SKY :PK WND
================================================================================
1 2 3 4 5 6A 6B 7 8 9 10 11 12 13 14 15 16 17 18
12Z AVG MX 2MIN
DY MAX MIN AVG DEP HDD CDD WTR SNW DPTH SPD SPD DIR MIN PSBL S-S WX SPD DR
================================================================================
1 85 68 77 -1 0 12 0.00 0.0 0 8.6 16 10 M M 6 138 23 10
2 92 67 80 2 0 15 0.00 0.0 0 6.2 16 10 M M 3 25 360
3 94 69 82 4 0 17 0.00 0.0 0 6.1 21 10 M M 3 27 10
4 94 67 81 2 0 16 0.09 0.0 0 5.7 17 200 M M 3 3 22 220
5 87 68 78 -1 0 13 0.19 0.0 0 3.8 18 70 M M 5 138 25 70
6 86 68 77 -2 0 12 0.00 0.0 0 4.8 13 200 M M 6 1 19 120
7 90 67 79 0 0 14 0.00 0.0 0 3.5 15 180 M M 5 3 20 200
8 94 70 82 3 0 17 0.00 0.0 0 4.0 29 30 M M 3 3 37 30
9 95 69 82 3 0 17 0.00 0.0 0 3.9 15 180 M M 5 138 20 170
10 92 72 82 2 0 17 0.14 0.0 0 4.8 20 330 M M 4 13 28 330
11 92 72 82 2 0 17 0.00 0.0 0 7.4 17 200 M M 4 1 24 190
12 94 70 82 2 0 17 0.07 0.0 0 7.6 25 340 M M 5 13 37 330
13 93 70 82 2 0 17 0.02 0.0 0 4.1 14 210 M M 5 138 18 190
14 93 78 86 6 0 21 0.00 0.0 0 11.6 24 210 M M 6 138 36 210
15 91 82 87 7 0 22 0.25 0.0 0 12.7 25 210 M M 8 138 36 200
16 89 70 80 0 0 15 3.42 0.0 0 8.3 33 360 M M 7 1238 47 10
17 93 70 82 2 0 17 0.97 0.0 0 5.7 23 220 M M 6 13 36 330
18 83 72 78 -3 0 13 0.25 0.0 0 7.3 21 20 M M 8 13 28 20
19 83 71 77 -4 0 12 1.23 0.0 0 10.6 29 140 M M 7 138 40 120
20 89 72 81 0 0 16 0.00 0.0 0 4.5 16 240 M M 5 3 22 230
21 92 72 82 1 0 17 T 0.0 0 4.7 16 200 M M 6 138 24 270
22 92 71 82 1 0 17 0.06 0.0 0 4.1 16 220 M M 5 13 22 210
23 92 70 81 0 0 16 0.00 0.0 0 3.9 12 340 M M 3 18 290
24 92 67 80 -1 0 15 0.00 0.0 0 4.0 14 180 M M 3 17 200
25 96 74 85 4 0 20 0.00 0.0 0 5.6 15 190 M M 4 20 200
26 93 73 83 2 0 18 0.42 0.0 0 5.8 37 340 M M 5 13 47 330
27 97 75 86 5 0 21 0.00 0.0 0 5.5 13 90 M M 5 3 18 270
28 98 79 89 8 0 24 0.00 0.0 0 4.0 14 270 M M 5 9 20
29 98 78 88 7 0 23 0.00 0.0 0 3.4 10 40 M M 2 15 40
30 99 76 88 7 0 23 0.00 0.0 0 2.3 10 190 M M 2 18 15 350
================================================================================
SM 2758 2147 0 511 7.11 0.0 174.5 M 144
================================================================================
AV 91.9 71.6 5.8 FASTST M M 5 MAX(MPH)
MISC ----> 37 340 # 47 10
================================================================================
NOTES:
# LAST OF SEVERAL OCCURRENCES
COLUMN 17 PEAK WIND IN M.P.H.
PRELIMINARY LOCAL CLIMATOLOGICAL DATA (WS FORM: F-6) , PAGE 2
STATION: MOBILE
MONTH: JUNE
YEAR: 2023
LATITUDE: 30 40 N
LONGITUDE: 88 15 W
[TEMPERATURE DATA] [PRECIPITATION DATA] SYMBOLS USED IN COLUMN 16
AVERAGE MONTHLY: 81.8 TOTAL FOR MONTH: 7.11 1 = FOG OR MIST
DPTR FM NORMAL: 1.7 DPTR FM NORMAL: 0.56 2 = FOG REDUCING VISIBILITY
HIGHEST: 99 ON 30 GRTST 24HR 3.42 ON 16-16 TO 1/4 MILE OR LESS
LOWEST: 67 ON 24, 7 3 = THUNDER
SNOW, ICE PELLETS, HAIL 4 = ICE PELLETS
TOTAL MONTH: 0.0 INCH 5 = HAIL
GRTST 24HR 0.0 6 = FREEZING RAIN OR DRIZZLE
GRTST DEPTH: 0 7 = DUSTSTORM OR SANDSTORM:
VSBY 1/2 MILE OR LESS
8 = SMOKE OR HAZE
[NO. OF DAYS WITH] [WEATHER - DAYS WITH] 9 = BLOWING SNOW
X = TORNADO
MAX 32 OR BELOW: 0 0.01 INCH OR MORE: 12
MAX 90 OR ABOVE: 23 0.10 INCH OR MORE: 8
MIN 32 OR BELOW: 0 0.50 INCH OR MORE: 3
MIN 0 OR BELOW: 0 1.00 INCH OR MORE: 2
[HDD (BASE 65) ]
TOTAL THIS MO. 0 CLEAR (SCALE 0-3) 6
DPTR FM NORMAL 0 PTCLDY (SCALE 4-7) 23
TOTAL FM JUL 1 1070 CLOUDY (SCALE 8-10) 1
DPTR FM NORMAL -547
[CDD (BASE 65) ]
TOTAL THIS MO. 511
DPTR FM NORMAL 58 [PRESSURE DATA]
TOTAL FM JAN 1 1264 HIGHEST SLP 30.06 ON 30
DPTR FM NORMAL 334 LOWEST SLP 29.72 ON 3
[REMARKS]
#FINAL-06-23#