000
CXUS54 KMOB 010627
CF6MOB
PRELIMINARY LOCAL CLIMATOLOGICAL DATA (WS FORM: F-6)
STATION: MOBILE
MONTH: APRIL
YEAR: 2023
LATITUDE: 30 40 N
LONGITUDE: 88 15 W
TEMPERATURE IN F: :PCPN: SNOW: WIND :SUNSHINE: SKY :PK WND
================================================================================
1 2 3 4 5 6A 6B 7 8 9 10 11 12 13 14 15 16 17 18
12Z AVG MX 2MIN
DY MAX MIN AVG DEP HDD CDD WTR SNW DPTH SPD SPD DIR MIN PSBL S-S WX SPD DR
================================================================================
1 87 57 72 8 0 7 0.02 0.0 0 6.1 16 210 M M 7 1238 25 260
2 79 56 68 4 0 3 0.00 0.0 0 6.1 15 30 M M 6 21 30
3 85 69 77 13 0 12 T 0.0 0 13.4 24 210 M M 9 35 210
4 85 73 79 15 0 14 0.00 0.0 0 8.3 20 150 M M 8 18 27 140
5 84 71 78 13 0 13 0.00 0.0 0 8.7 14 160 M M 6 18 18 160
6 88 68 78 13 0 13 0.00 0.0 0 7.0 16 130 M M 6 128 28 140
7 80 66 73 8 0 8 0.00 0.0 0 5.0 14 40 M M 8 18 17 20
8 76 56 66 1 0 1 0.59 0.0 0 7.5 18 20 M M 9 13 25 20
9 60 50 55 -10 10 0 0.00 0.0 0 10.5 17 20 M M 10 1 23 40
10 72 57 65 -1 0 0 T 0.0 0 9.5 18 20 M M 9 24 40
11 77 59 68 2 0 3 T 0.0 0 8.1 18 70 M M 8 24 60
12 71 59 65 -1 0 0 0.58 0.0 0 9.4 16 70 M M 8 1 24 90
13 71 57 64 -2 1 0 2.80 0.0 0 12.8 22 220 M M 9 13 36 270
14 79 58 69 3 0 4 0.00 0.0 0 6.1 14 210 M M 3 20 220
15 81 60 71 4 0 6 1.71 0.0 0 6.7 20 280 M M 7 1238 46 290
16 74 53 64 -3 1 0 0.36 0.0 0 7.4 18 330 M M 7 123 32 340
17 77 43 60 -7 5 0 0.00 0.0 0 2.8 16 340 M M 0 22 350
18 79 45 62 -5 3 0 0.00 0.0 0 3.8 13 180 M M 4 16 180
19 82 48 65 -3 0 0 0.00 0.0 0 6.6 20 140 M M 2 8 25 140
20 84 57 71 3 0 6 0.00 0.0 0 8.9 20 170 M M 4 128 26 160
21 79 56 68 0 0 3 0.00 0.0 0 5.1 17 130 M M 5 128 23 150
22 82 60 71 3 0 6 0.01 0.0 0 7.3 21 20 M M 3 1 28 360
23 80 54 67 -1 0 2 0.00 0.0 0 6.4 16 20 M M 4 25 10
24 73 56 65 -4 0 0 0.00 0.0 0 10.1 17 10 M M 4 23 360
25 83 54 69 0 0 4 0.00 0.0 0 5.5 10 90 M M 5 14 80
26 84 60 72 3 0 7 0.00 0.0 0 7.7 15 160 M M 5 23 150
27 75 65 70 0 0 5 2.42 0.0 0 8.2 21 130 M M 9 123 27 130
28 86 63 75 5 0 10 0.00 0.0 0 5.0 13 260 M M 4 12 21 260
29 78 58 68 -2 0 3 0.08 0.0 0 4.8 17 190 M M 8 123 22 190
30 80 58 69 -1 0 4 T 0.0 0 8.0 14 280 M M 4 33 300
================================================================================
SM 2371 1746 20 134 8.57 0.0 222.8 M 181
================================================================================
AV 79.0 58.2 7.4 FASTST M M 6 MAX(MPH)
MISC ----> 24 210 46 290
================================================================================
NOTES:
# LAST OF SEVERAL OCCURRENCES
COLUMN 17 PEAK WIND IN M.P.H.
PRELIMINARY LOCAL CLIMATOLOGICAL DATA (WS FORM: F-6) , PAGE 2
STATION: MOBILE
MONTH: APRIL
YEAR: 2023
LATITUDE: 30 40 N
LONGITUDE: 88 15 W
[TEMPERATURE DATA] [PRECIPITATION DATA] SYMBOLS USED IN COLUMN 16
AVERAGE MONTHLY: 68.6 TOTAL FOR MONTH: 8.57 1 = FOG OR MIST
DPTR FM NORMAL: 1.7 DPTR FM NORMAL: 2.86 2 = FOG REDUCING VISIBILITY
HIGHEST: 88 ON 6 GRTST 24HR 3.38 ON 12-13 TO 1/4 MILE OR LESS
LOWEST: 43 ON 17 3 = THUNDER
SNOW, ICE PELLETS, HAIL 4 = ICE PELLETS
TOTAL MONTH: 0.0 INCH 5 = HAIL
GRTST 24HR 0.0 6 = FREEZING RAIN OR DRIZZLE
GRTST DEPTH: 0 7 = DUSTSTORM OR SANDSTORM:
VSBY 1/2 MILE OR LESS
8 = SMOKE OR HAZE
[NO. OF DAYS WITH] [WEATHER - DAYS WITH] 9 = BLOWING SNOW
X = TORNADO
MAX 32 OR BELOW: 0 0.01 INCH OR MORE: 9
MAX 90 OR ABOVE: 0 0.10 INCH OR MORE: 6
MIN 32 OR BELOW: 0 0.50 INCH OR MORE: 5
MIN 0 OR BELOW: 0 1.00 INCH OR MORE: 3
[HDD (BASE 65) ]
TOTAL THIS MO. 20 CLEAR (SCALE 0-3) 3
DPTR FM NORMAL -35 PTCLDY (SCALE 4-7) 20
TOTAL FM JUL 1 1070 CLOUDY (SCALE 8-10) 7
DPTR FM NORMAL -543
[CDD (BASE 65) ]
TOTAL THIS MO. 134
DPTR FM NORMAL 22 [PRESSURE DATA]
TOTAL FM JAN 1 419 HIGHEST SLP 30.10 ON 24
DPTR FM NORMAL 236 LOWEST SLP 29.62 ON 29
[REMARKS]
#FINAL-04-23#