000
CXUS54 KMOB 011532
CF6MOB
PRELIMINARY LOCAL CLIMATOLOGICAL DATA (WS FORM: F-6)
STATION: MOBILE
MONTH: NOVEMBER
YEAR: 2022
LATITUDE: 30 40 N
LONGITUDE: 88 15 W
TEMPERATURE IN F: :PCPN: SNOW: WIND :SUNSHINE: SKY :PK WND
================================================================================
1 2 3 4 5 6A 6B 7 8 9 10 11 12 13 14 15 16 17 18
12Z AVG MX 2MIN
DY MAX MIN AVG DEP HDD CDD WTR SNW DPTH SPD SPD DIR MIN PSBL S-S WX SPD DR
================================================================================
1 80 53 67 4 0 2 0.00 0.0 0 3.9 15 30 M M 5 1 20 30
2 83 57 70 7 0 5 0.00 0.0 0 4.2 9 340 M M 2 12 80
3 85 58 72 10 0 7 0.00 0.0 0 3.9 10 130 M M 2 1 14 60
4 80 64 72 10 0 7 0.00 0.0 0 9.1 17 120 M M 8 18 22 110
5 78 66 72 10 0 7 0.96 0.0 0 8.6 20 130 M M 6 18 27 140
6 85 63 74 13 0 9 0.00 0.0 0 1.8 9 130 M M 4 18 13 130
7 86 67 77 16 0 12 0.00 0.0 0 4.3 12 140 M M 2 17 90
8 88 67 78 17 0 13 0.00 0.0 0 6.5 14 80 M M 2 19 30
9 76 57 67 7 0 2 0.00 0.0 0 8.6 14 50 M M 5 21 70
10 77 54 66 6 0 1 T 0.0 0 9.1 17 340 M M 6 24 330
11 82 60 71 11 0 6 0.00 0.0 0 5.1 12 210 M M 2 19 300
12 69 46 58 -2 7 0 0.01 0.0 0 10.4 23 340 M M 7 18 34 340
13 58 35 47 -12 18 0 0.00 0.0 0 11.8 22 350 M M 2 29 360
14 64 35 50 -9 15 0 0.82 0.0 0 6.2 14 80 M M 4 13 22 70
15 62 49 56 -3 9 0 0.53 0.0 0 12.5 28 110 M M 10 1 38 100
16 56 42 49 -10 16 0 T 0.0 0 10.4 18 350 M M 7 26 340
17 55 35 45 -13 20 0 0.00 0.0 0 7.0 16 340 M M 5 21 330
18 58 30 44 -14 21 0 0.00 0.0 0 6.9 16 20 M M 2 21 20
19 54 43 49 -9 16 0 0.10 0.0 0 6.9 13 30 M M 7 17 350
20 54 38 46 -12 19 0 0.01 0.0 0 9.7 18 10 M M 7 24 40
21 65 35 50 -7 15 0 0.00 0.0 0 7.5 15 40 M M 4 19 40
22 65 50 58 1 7 0 0.02 0.0 0 6.5 12 10 M M 8 14 40
23 78 55 67 10 0 2 0.00 0.0 0 4.2 10 40 M M 5 14 40
24 74 55 65 8 0 0 0.34 0.0 0 9.3 18 120 M M 7 1 23 130
25 71 62 67 10 0 2 0.20 0.0 0 8.1 15 10 M M 10 1238 21 10
26 73 61 67 11 0 2 2.09 0.0 0 6.5 18 230 M M 10 1 29 220
27 74 51 63 7 2 0 0.00 0.0 0 7.6 16 230 M M 1 26 240
28 75 54 65 9 0 0 0.00 0.0 0 2.4 9 130 M M 3 128 12 130
29 78 55 67 11 0 2 0.14 0.0 0 11.4 21 170 M M 8 18 30 160
30 76 45 61 5 4 0 1.06 0.0 0 12.4 28 270 M M 7 13 47 270
================================================================================
SM 2159 1542 169 79 6.28 0.0 222.8 M 158
================================================================================
AV 72.0 51.4 7.4 FASTST M M 5 MAX(MPH)
MISC ----> # 28 110 47 270
================================================================================
NOTES:
# LAST OF SEVERAL OCCURRENCES
COLUMN 17 PEAK WIND IN M.P.H.
PRELIMINARY LOCAL CLIMATOLOGICAL DATA (WS FORM: F-6) , PAGE 2
STATION: MOBILE
MONTH: NOVEMBER
YEAR: 2022
LATITUDE: 30 40 N
LONGITUDE: 88 15 W
[TEMPERATURE DATA] [PRECIPITATION DATA] SYMBOLS USED IN COLUMN 16
AVERAGE MONTHLY: 61.7 TOTAL FOR MONTH: 6.28 1 = FOG OR MIST
DPTR FM NORMAL: 2.8 DPTR FM NORMAL: 1.68 2 = FOG REDUCING VISIBILITY
HIGHEST: 88 ON 8 GRTST 24HR 2.09 ON 26-26 TO 1/4 MILE OR LESS
LOWEST: 30 ON 18 3 = THUNDER
SNOW, ICE PELLETS, HAIL 4 = ICE PELLETS
TOTAL MONTH: 0.0 INCH 5 = HAIL
GRTST 24HR 0.0 6 = FREEZING RAIN OR DRIZZLE
GRTST DEPTH: 0 7 = DUSTSTORM OR SANDSTORM:
VSBY 1/2 MILE OR LESS
8 = SMOKE OR HAZE
[NO. OF DAYS WITH] [WEATHER - DAYS WITH] 9 = BLOWING SNOW
X = TORNADO
MAX 32 OR BELOW: 0 0.01 INCH OR MORE: 12
MAX 90 OR ABOVE: 0 0.10 INCH OR MORE: 9
MIN 32 OR BELOW: 1 0.50 INCH OR MORE: 5
MIN 0 OR BELOW: 0 1.00 INCH OR MORE: 2
[HDD (BASE 65) ]
TOTAL THIS MO. 169 CLEAR (SCALE 0-3) 9
DPTR FM NORMAL -49 PTCLDY (SCALE 4-7) 18
TOTAL FM JUL 1 217 CLOUDY (SCALE 8-10) 3
DPTR FM NORMAL -51
[CDD (BASE 65) ]
TOTAL THIS MO. 79
DPTR FM NORMAL 42 [PRESSURE DATA]
TOTAL FM JAN 1 2930 HIGHEST SLP 30.43 ON 20
DPTR FM NORMAL 347 LOWEST SLP 29.69 ON 11
[REMARKS]
#FINAL-11-22#