000
CXUS56 KSTO 011401
CF6MOD
PRELIMINARY LOCAL CLIMATOLOGICAL DATA (WS FORM: F-6)
STATION: MODESTO CA
MONTH: FEBRUARY
YEAR: 2024
LATITUDE: 37 37 N
LONGITUDE: 120 57 W
TEMPERATURE IN F: :PCPN: SNOW: WIND :SUNSHINE: SKY :PK WND
================================================================================
1 2 3 4 5 6A 6B 7 8 9 10 11 12 13 14 15 16 17 18
12Z AVG MX 2MIN
DY MAX MIN AVG DEP HDD CDD WTR SNW DPTH SPD SPD DIR MIN PSBL S-S WX SPD DR
================================================================================
1 60 47 54 5 11 0 0.84 M M 4.4 21 320 M M 8 13 26 320
2 56 45 51 1 14 0 0.10 M M 3.4 18 300 M M 8 22 300
3 54 44 49 -1 16 0 0.10 M M 4.2 8 110 M M 5 12 190
4 59 47 53 3 12 0 0.30 M M 17.9 38 140 M M 9 1 56 130
5 57 47 52 2 13 0 0.43 M M 5.3 17 150 M M 9 1 26 150
6 56 42 49 -1 16 0 0.60 M M 5.2 14 350 M M 8 13 19 330
7 51 41 46 -4 19 0 0.58 M M 4.6 16 160 M M 9 1 23 160
8 53 40 47 -4 18 0 0.02 M M 4.6 16 290 M M 9 1 21 290
9 54 36 45 -6 20 0 0.00 M M 5.3 14 320 M M 2 12 19 320
10 58 40 49 -2 16 0 0.00 M M 5.3 17 310 M M 0 23 300
11 61 35 48 -3 17 0 0.00 M M 2.6 9 350 M M 0 1 12 10
12 60 35 48 -4 17 0 0.00 M M 1.3 7 250 M M 0 128 10 220
13 61 38 50 -2 15 0 T M M 1.2 8 330 M M 0 18 10 310
14 61 42 52 0 13 0 0.40 M M 5.5 14 120 M M 5 18 20 180
15 63 46 55 3 10 0 0.00 M M 4.0 10 350 M M 4 1 14 10
16 59 44 52 0 13 0 0.00 0.0 M 2.4 9 110 M M 0 1 11 120
17 57 48 53 1 12 0 0.10 M M 8.1 21 120 M M 6 1 28 140
18 66 48 57 4 8 0 0.26 M M 11.6 23 140 M M 7 1 35 140
19 67 51 59 6 6 0 0.51 M M 10.3 20 150 M M 7 1 32 150
20 64 44 54 1 11 0 0.40 M M 5.9 14 170 M M 4 13 21 180
21 62 43 53 0 12 0 0.00 M M 4.2 12 330 M M 4 12 18 290
22 64 42 53 -1 12 0 0.00 M M 1.8 8 10 M M 0 1 11 20
23 63 42 53 -1 12 0 0.00 0.0 M 4.8 10 290 M M 0 1 14 290
24 70 42 56 2 9 0 0.00 0.0 M 1.5 8 270 M M 0 18 12 340
25 70 41 56 2 9 0 0.00 M M 2.1 10 340 M M 0 18 14 340
26 67 46 57 3 8 0 0.02 M M 4.3 14 340 M M 4 1 19 340
27 61 40 51 -3 14 0 0.00 M M 9.4 17 290 M M 1 1 26 300
28 66 37 52 -3 13 0 0.00 M M 2.3 8 200 M M 0 18 13 110
29 63 41 52 -3 13 0 0.03 M M 6.6 14 200 M M 5 24 200
================================================================================
SM 1763 1234 379 0 4.69 0.0 150.1 M 114
================================================================================
AV 60.8 42.6 5.2 FASTST M M 4 MAX(MPH)
MISC ----> 38 140 56 130
================================================================================
NOTES:
# LAST OF SEVERAL OCCURRENCES
COLUMN 17 PEAK WIND IN M.P.H.
PRELIMINARY LOCAL CLIMATOLOGICAL DATA (WS FORM: F-6) , PAGE 2
STATION: MODESTO CA
MONTH: FEBRUARY
YEAR: 2024
LATITUDE: 37 37 N
LONGITUDE: 120 57 W
[TEMPERATURE DATA] [PRECIPITATION DATA] SYMBOLS USED IN COLUMN 16
AVERAGE MONTHLY: 51.7 TOTAL FOR MONTH: 4.69 1 = FOG OR MIST
DPTR FM NORMAL: -0.3 DPTR FM NORMAL: 2.47 2 = FOG REDUCING VISIBILITY
HIGHEST: 70 ON 24,25 GRTST 24HR 1.21 ON 31- 1 TO 1/4 MILE OR LESS
LOWEST: 35 ON 12,11 3 = THUNDER
SNOW, ICE PELLETS, HAIL 4 = ICE PELLETS
TOTAL MONTH: 0.0 INCH 5 = HAIL
GRTST 24HR 0.0 6 = FREEZING RAIN OR DRIZZLE
GRTST DEPTH: M ON M 7 = DUSTSTORM OR SANDSTORM:
VSBY 1/2 MILE OR LESS
8 = SMOKE OR HAZE
[NO. OF DAYS WITH] [WEATHER - DAYS WITH] 9 = BLOWING SNOW
X = TORNADO
MAX 32 OR BELOW: 0 0.01 INCH OR MORE: 15
MAX 90 OR ABOVE: 0 0.10 INCH OR MORE: 12
MIN 32 OR BELOW: 0 0.50 INCH OR MORE: 4
MIN 0 OR BELOW: 0 1.00 INCH OR MORE: 0
[HDD (BASE 65) ]
TOTAL THIS MO. 379 CLEAR (SCALE 0-3) 12
DPTR FM NORMAL 15 PTCLDY (SCALE 4-7) 13
TOTAL FM JUL 1 1649 CLOUDY (SCALE 8-10) 4
DPTR FM NORMAL -215
[CDD (BASE 65) ]
TOTAL THIS MO. 0
DPTR FM NORMAL 0 [PRESSURE DATA]
TOTAL FM JAN 1 0 HIGHEST SLP 30.29 ON 22
DPTR FM NORMAL 0 LOWEST SLP 29.42 ON 4
[REMARKS]
#FINAL-02-24#