000
CXUS56 KSTO 011300
CF6MOD
PRELIMINARY LOCAL CLIMATOLOGICAL DATA (WS FORM: F-6)
STATION: MODESTO CA
MONTH: AUGUST
YEAR: 2023
LATITUDE: 37 37 N
LONGITUDE: 120 57 W
TEMPERATURE IN F: :PCPN: SNOW: WIND :SUNSHINE: SKY :PK WND
================================================================================
1 2 3 4 5 6A 6B 7 8 9 10 11 12 13 14 15 16 17 18
12Z AVG MX 2MIN
DY MAX MIN AVG DEP HDD CDD WTR SNW DPTH SPD SPD DIR MIN PSBL S-S WX SPD DR
================================================================================
1 92 65 79 0 0 14 0.00 M M 8.1 15 330 M M 0 24 280
2 88 59 74 -5 0 9 0.00 M M 9.2 17 310 M M 0 22 320
3 85 58 72 -7 0 7 0.00 M M 7.8 14 320 M M 0 8 19 320
4 92 58 75 -4 0 10 0.00 M M 7.2 15 330 M M 0 22 330
5 96 64 80 1 0 15 0.00 M M 7.8 18 350 M M 0 24 330
6 99 69 84 6 0 19 0.00 M M 8.9 21 300 M M 0 25 310
7 100 65 83 5 0 18 0.00 0.0 M 4.5 14 330 M M 0 18 330
8 93 65 79 1 0 14 0.00 M M 6.4 17 320 M M 0 20 320
9 90 59 75 -3 0 10 0.00 M M 7.1 15 330 M M 0 18 330
10 92 63 78 0 0 13 0.00 M M 7.3 15 330 M M 0 19 320
11 90 66 78 0 0 13 0.00 M M 6.5 13 330 M M 0 15 310
12 94 65 80 2 0 15 0.00 M M 8.0 16 320 M M 0 23 330
13 96 70 83 5 0 18 0.00 M M 4.9 18 330 M M 0 22 340
14 100 73 87 9 0 22 0.00 M M 6.9 17 320 M M 1 20 320
15 102 73 88 10 0 23 0.00 M M 8.1 16 310 M M 0 18 310
16 102 72 87 9 0 22 0.00 M M 6.5 13 330 M M 0 16 330
17 102 73 88 10 0 23 0.00 M M 7.3 16 350 M M 0 20 290
18 92 66 79 1 0 14 0.00 M M 8.9 16 330 M M 0 20 330
19 94 65 80 2 0 15 T M M 7.3 20 110 M M 1 38 26 140
20 87 69 78 0 0 13 T M M 7.5 12 310 M M 3 M M
21 85 67 76 -1 0 11 T M M 10.5 18 130 M M 6 26 130
22 89 65 77 0 0 12 0.00 M M 8.8 16 310 M M 1 8 20 310
23 95 67 81 4 0 16 0.00 M M 6.9 14 330 M M 0 8 17 320
24 96 70 83 6 0 18 0.00 M M 7.7 21 330 M M 0 24 320
25 89 62 76 -1 0 11 0.00 M M 8.4 15 340 M M 0 18 340
26 91 61 76 -1 0 11 0.00 M M 9.6 17 320 M M 0 8 22 310
27 93 62 78 1 0 13 0.00 M M 8.5 16 320 M M 0 20 320
28 95 57 76 -1 0 11 0.00 0.0 M 6.9 16 330 M M 0 26 340
29 91 63 77 0 0 12 0.00 0.0 M 8.8 20 320 M M 0 25 310
30 93 63 78 1 0 13 0.00 M M 6.9 20 300 M M 0 8 26 300
31 95 59 77 1 0 12 0.00 M M 6.7 15 160 M M 0 8 22 140
================================================================================
SM 2898 2013 0 447 T 0.0 235.9 M 12
================================================================================
AV 93.5 64.9 7.6 FASTST M M 0 MAX(MPH)
MISC ----> # 21 300 # 26 140
================================================================================
NOTES:
# LAST OF SEVERAL OCCURRENCES
COLUMN 17 PEAK WIND IN M.P.H.
PRELIMINARY LOCAL CLIMATOLOGICAL DATA (WS FORM: F-6) , PAGE 2
STATION: MODESTO CA
MONTH: AUGUST
YEAR: 2023
LATITUDE: 37 37 N
LONGITUDE: 120 57 W
[TEMPERATURE DATA] [PRECIPITATION DATA] SYMBOLS USED IN COLUMN 16
AVERAGE MONTHLY: 79.2 TOTAL FOR MONTH: T 1 = FOG OR MIST
DPTR FM NORMAL: 1.4 DPTR FM NORMAL: -0.01 2 = FOG REDUCING VISIBILITY
HIGHEST: 102 ON 17,16 GRTST 24HR T ON 19-19 TO 1/4 MILE OR LESS
LOWEST: 57 ON 28 3 = THUNDER
SNOW, ICE PELLETS, HAIL 4 = ICE PELLETS
TOTAL MONTH: 0.0 INCH 5 = HAIL
GRTST 24HR 0.0 6 = FREEZING RAIN OR DRIZZLE
GRTST DEPTH: M ON M 7 = DUSTSTORM OR SANDSTORM:
VSBY 1/2 MILE OR LESS
8 = SMOKE OR HAZE
[NO. OF DAYS WITH] [WEATHER - DAYS WITH] 9 = BLOWING SNOW
X = TORNADO
MAX 32 OR BELOW: 0 0.01 INCH OR MORE: 0
MAX 90 OR ABOVE: 25 0.10 INCH OR MORE: 0
MIN 32 OR BELOW: 0 0.50 INCH OR MORE: 0
MIN 0 OR BELOW: 0 1.00 INCH OR MORE: 0
[HDD (BASE 65) ]
TOTAL THIS MO. 0 CLEAR (SCALE 0-3) 30
DPTR FM NORMAL 0 PTCLDY (SCALE 4-7) 1
TOTAL FM JUL 1 0 CLOUDY (SCALE 8-10) 0
DPTR FM NORMAL 0
[CDD (BASE 65) ]
TOTAL THIS MO. 447
DPTR FM NORMAL 52 [PRESSURE DATA]
TOTAL FM JAN 1 1245 HIGHEST SLP 30.04 ON 3
DPTR FM NORMAL -32 LOWEST SLP 29.56 ON 20
[REMARKS]
#FINAL-08-23#