000
CXUS53 KBIS 010930
CF6MOT
PRELIMINARY LOCAL CLIMATOLOGICAL DATA (WS FORM: F-6)
STATION: MINOT ND
MONTH: FEBRUARY
YEAR: 2023
LATITUDE: 48 15 N
LONGITUDE: 101 16 W
TEMPERATURE IN F: :PCPN: SNOW: WIND :SUNSHINE: SKY :PK WND
================================================================================
1 2 3 4 5 6A 6B 7 8 9 10 11 12 13 14 15 16 17 18
12Z AVG MX 2MIN
DY MAX MIN AVG DEP HDD CDD WTR SNW DPTH SPD SPD DIR MIN PSBL S-S WX SPD DR
================================================================================
1 17 -7 5 -9 60 0 M M M 8.9 26 340 M M 4 18 34 340
2 6 -11 -2 -16 67 0 0.00 M M 11.7 29 340 M M 4 18 35 330
3 29 -3 13 -2 52 0 0.00 M M 12.6 23 180 M M 5 18 33 170
4 40 25 33 18 32 0 0.00 M M 13.8 24 230 M M 4 33 230
5 37 20 29 14 36 0 0.00 M M 6.7 15 140 M M 2 22 130
6 37 26 32 17 33 0 0.00 M M 18.7 36 280 M M 3 46 300
7 40 24 32 17 33 0 0.00 M M 14.3 23 230 M M 0 31 240
8 42 24 33 17 32 0 T M M 9.9 22 330 M M 3 1 30 230
9 31 18 25 9 40 0 0.00 M M 13.5 23 340 M M 2 1 31 340
10 39 19 29 13 36 0 0.00 M M 15.6 24 210 M M 0 33 230
11 40 26 33 17 32 0 0.00 M M 10.8 21 220 M M 1 27 250
12 35 25 30 14 35 0 0.00 M M 13.6 26 230 M M 0 32 230
13 46 24 35 18 30 0 0.00 M M 11.5 22 210 M M 1 29 220
14 37 6 22 5 43 0 T M M 22.2 36 320 M M 10 16 47 320
15 25 1 13 -4 52 0 T M M 11.4 26 320 M M 3 1 38 310
16 21 1 11 -6 54 0 T M M 7.1 20 190 M M 5 18 25 180
17 38 16 27 9 38 0 0.00 M M 16.0 31 270 M M 2 39 270
18 37 21 29 11 36 0 0.00 M M 10.9 23 310 M M 7 29 310
19 21 14 18 0 47 0 M M M 11.2 20 110 M M 9 128 24 110
20 26 1 14 -5 51 0 M M M 16.5 36 300 M M 8 128 48 280
21 5 -10 -2 -21 67 0 M M M 9.8 18 340 M M 5 18 23 340
22 -7 -17 -12 -31 77 0 M M M 12.9 22 350 M M 4 27 350
23 -5 -15 -10 -30 75 0 M M M 11.5 22 360 M M 9 18 28 360
24 -2 -21 -11 -31 76 0 M M M 8.0 16 150 M M 3 8 20 150
25 15 -6 5 -15 60 0 0.00 M M 11.0 23 230 M M 0 30 230
26 33 0 17 -4 48 0 0.00 M M 5.9 13 110 M M 0 1 15 120
27 36 7 22 1 43 0 0.00 M M 15.7 29 260 M M 2 1 38 270
28 20 6 13 -9 52 0 0.00 M M 8.4 15 20 M M 5 8 18 30
================================================================================
SM 739 214 1337 0 T M 340.1 M 101
================================================================================
AV 26.4 7.6 12.1 FASTST M M 4 MAX(MPH)
MISC ----> # 36 280 48 280
================================================================================
NOTES:
# LAST OF SEVERAL OCCURRENCES
COLUMN 17 PEAK WIND IN M.P.H.
PRELIMINARY LOCAL CLIMATOLOGICAL DATA (WS FORM: F-6) , PAGE 2
STATION: MINOT ND
MONTH: FEBRUARY
YEAR: 2023
LATITUDE: 48 15 N
LONGITUDE: 101 16 W
[TEMPERATURE DATA] [PRECIPITATION DATA] SYMBOLS USED IN COLUMN 16
AVERAGE MONTHLY: 17.0 TOTAL FOR MONTH: T 1 = FOG OR MIST
DPTR FM NORMAL: -0.3 DPTR FM NORMAL: -0.29 2 = FOG REDUCING VISIBILITY
HIGHEST: 46 ON 13 GRTST 24HR T ON 1- 1 TO 1/4 MILE OR LESS
LOWEST: -21 ON 24 3 = THUNDER
SNOW, ICE PELLETS, HAIL 4 = ICE PELLETS
TOTAL MONTH: M 5 = HAIL
GRTST 24HR M ON M 6 = FREEZING RAIN OR DRIZZLE
GRTST DEPTH: M ON M 7 = DUSTSTORM OR SANDSTORM:
VSBY 1/2 MILE OR LESS
8 = SMOKE OR HAZE
[NO. OF DAYS WITH] [WEATHER - DAYS WITH] 9 = BLOWING SNOW
X = TORNADO
MAX 32 OR BELOW: 14 0.01 INCH OR MORE: 0
MAX 90 OR ABOVE: 0 0.10 INCH OR MORE: 0
MIN 32 OR BELOW: 28 0.50 INCH OR MORE: 0
MIN 0 OR BELOW: 9 1.00 INCH OR MORE: 0
[HDD (BASE 65) ]
TOTAL THIS MO. 1337 CLEAR (SCALE 0-3) 14
DPTR FM NORMAL 3 PTCLDY (SCALE 4-7) 11
TOTAL FM JUL 1 6381 CLOUDY (SCALE 8-10) 3
DPTR FM NORMAL 124
[CDD (BASE 65) ]
TOTAL THIS MO. 0
DPTR FM NORMAL 0 [PRESSURE DATA]
TOTAL FM JAN 1 0 HIGHEST SLP 30.77 ON 24
DPTR FM NORMAL 0 LOWEST SLP 29.35 ON 14
[REMARKS]
#FINAL-02-23#