328
CXUS51 KPHI 010815
CF6MPO
PRELIMINARY LOCAL CLIMATOLOGICAL DATA (WS FORM: F-6)
STATION: MOUNT POCONO PA
MONTH: MARCH
YEAR: 2020
LATITUDE: 41 8 N
LONGITUDE: 75 24 W
TEMPERATURE IN F: :PCPN: SNOW: WIND :SUNSHINE: SKY :PK WND
================================================================================
1 2 3 4 5 6A 6B 7 8 9 10 11 12 13 14 15 16 17 18
12Z AVG MX 2MIN
DY MAX MIN AVG DEP HDD CDD WTR SNW DPTH SPD SPD DIR MIN PSBL S-S WX SPD DR
================================================================================
1 35 15 25 -4 40 0 T M M 11.8 25 270 M M 5 39 280
2 53 31 42 13 23 0 T M M 9.2 21 200 M M 5 26 210
3 51 38 45 15 20 0 0.23 M M 9.8 35 270 M M 9 1 47 270
4 44 32 38 8 27 0 0.04 M M 16.4 28 260 M M 6 39 260
5 46 28 37 7 28 0 0.00 M M 8.4 21 290 M M 2 28 290
6 38 26 32 2 33 0 T M M 7.5 16 320 M M 6 1 20 320
7 36 23 30 0 35 0 T M M 17.3 35 320 M M 3 1 43 310
8 53 24 39 8 26 0 0.00 M M 11.0 18 260 M M 0 24 260
9 66 37 52 21 13 0 0.00 M M 12.8 23 280 M M 0 30 280
10 54 42 48 17 17 0 0.08 M M 12.2 24 310 M M 7 1 34 310
11 47 27 37 5 28 0 0.00 M M 7.5 24 310 M M 4 32 300
12 43 28 36 4 29 0 0.06 M M 6.4 15 120 M M 9 12 21 110
13 59 36 48 16 17 0 0.35 M M 16.0 35 260 M M 5 12 49 260
14 42 30 36 3 29 0 0.00 M M 12.9 22 300 M M 3 30 310
15 45 27 36 3 29 0 0.00 M M 10.4 20 320 M M 5 27 320
16 42 21 32 -1 33 0 0.00 M M 10.0 18 140 M M 3 25 130
17 47 30 39 5 26 0 0.01 M M 10.9 22 280 M M 9 12 30 280
18 49 27 38 4 27 0 0.06 M M 7.7 16 130 M M 2 1 21 130
19 42 33 38 4 27 0 0.61 M M 5.8 14 110 M M 10 12 19 110
20 68 41 55 20 10 0 0.07 M M 14.9 31 310 M M 9 12 46 250
21 43 26 35 0 30 0 0.00 M M 14.0 32 310 M M 3 40 310
22 39 19 29 -6 36 0 0.00 M M 9.3 16 110 M M 1 22 130
23 33 26 30 -6 35 0 0.48 M M 9.9 22 100 M M 10 126 30 100
24 41 30 36 0 29 0 T M M 11.3 25 300 M M 7 1 33 300
25 39 28 34 -3 31 0 T M M 7.3 14 70 M M 8 1 21 70
26 53 24 39 2 26 0 0.00 M M 6.8 15 250 M M 3 1 18 250
27 58 40 49 12 16 0 T M M 10.2 20 310 M M 2 24 310
28 42 36 39 1 26 0 0.49 M M 7.8 17 110 M M 9 12 26 110
29 45 38 42 4 23 0 0.09 M M 8.0 17 290 M M 10 123 23 90
30 52 40 46 7 19 0 0.06 M M 7.3 21 270 M M 10 12 26 260
31 40 36 38 -1 27 0 0.04 M M 5.3 12 320 M M 10 12 16 170
================================================================================
SM 1445 939 815 0 2.67 M 316.1 M 175
================================================================================
AV 46.6 30.3 10.2 FASTST M M 6 MAX(MPH)
MISC ----> # 35 270 49 260
================================================================================
NOTES:
# LAST OF SEVERAL OCCURRENCES
COLUMN 17 PEAK WIND IN M.P.H.
PRELIMINARY LOCAL CLIMATOLOGICAL DATA (WS FORM: F-6) , PAGE 2
STATION: MOUNT POCONO PA
MONTH: MARCH
YEAR: 2020
LATITUDE: 41 8 N
LONGITUDE: 75 24 W
[TEMPERATURE DATA] [PRECIPITATION DATA] SYMBOLS USED IN COLUMN 16
AVERAGE MONTHLY: 38.5 TOTAL FOR MONTH: 2.67 1 = FOG OR MIST
DPTR FM NORMAL: 5.0 DPTR FM NORMAL: -1.16 2 = FOG REDUCING VISIBILITY
HIGHEST: 68 ON 20 GRTST 24HR 0.67 ON 18-19 TO 1/4 MILE OR LESS
LOWEST: 15 ON 1 3 = THUNDER
SNOW, ICE PELLETS, HAIL 4 = ICE PELLETS
TOTAL MONTH: M 5 = HAIL
GRTST 24HR M ON M 6 = FREEZING RAIN OR DRIZZLE
GRTST DEPTH: M ON M 7 = DUSTSTORM OR SANDSTORM:
VSBY 1/2 MILE OR LESS
8 = SMOKE OR HAZE
[NO. OF DAYS WITH] [WEATHER - DAYS WITH] 9 = BLOWING SNOW
X = TORNADO
MAX 32 OR BELOW: 0 0.01 INCH OR MORE: 14
MAX 90 OR ABOVE: 0 0.10 INCH OR MORE: 5
MIN 32 OR BELOW: 20 0.50 INCH OR MORE: 1
MIN 0 OR BELOW: 0 1.00 INCH OR MORE: 0
[HDD (BASE 65) ]
TOTAL THIS MO. 815 CLEAR (SCALE 0-3) 9
DPTR FM NORMAL -160 PTCLDY (SCALE 4-7) 11
TOTAL FM JUL 1 5651 CLOUDY (SCALE 8-10) 11
DPTR FM NORMAL -447
[CDD (BASE 65) ]
TOTAL THIS MO. 0
DPTR FM NORMAL 0 [PRESSURE DATA]
TOTAL FM JAN 1 0 HIGHEST SLP 30.64 ON 22
DPTR FM NORMAL 0 LOWEST SLP 29.43 ON 3
[REMARKS]
#FINAL-03-20#