000
CXUS51 KLWX 011842
CF6MRB
PRELIMINARY LOCAL CLIMATOLOGICAL DATA (WS FORM: F-6)
STATION: MARTINSBURG WV
MONTH: AUGUST
YEAR: 2020
LATITUDE: 39 24 N
LONGITUDE: 77 58 W
TEMPERATURE IN F: :PCPN: SNOW: WIND :SUNSHINE: SKY :PK WND
================================================================================
1 2 3 4 5 6A 6B 7 8 9 10 11 12 13 14 15 16 17 18
12Z AVG MX 2MIN
DY MAX MIN AVG DEP HDD CDD WTR SNW DPTH SPD SPD DIR MIN PSBL S-S WX SPD DR
================================================================================
1 85 68 77 3 0 12 0.01 M M 2.8 12 140 M M 8 123 15 160
2 92 72 82 8 0 17 0.00 M M 7.8 17 200 M M 4 18 26 230
3 85 68 77 3 0 12 0.09 M M 2.9 13 280 M M 6 1 17 290
4 88 69 79 5 0 14 0.65 M M 8.2 22 260 M M 6 1 27 260
5 86 61 74 0 0 9 0.00 M M 3.2 15 290 M M 3 3 21 310
6 80 66 73 -1 0 8 0.22 M M 3.0 18 310 M M 6 13 22 300
7 84 67 76 2 0 11 0.02 M M 3.4 12 360 M M 6 3 16 360
8 83 64 74 0 0 9 0.00 M M 1.4 7 140 M M 5 1 10 340
9 90 66 78 4 0 13 0.00 M M 2.4 13 280 M M 2 12 15 280
10 93 63 78 4 0 13 0.00 M M 3.0 10 140 M M 0 1 15 270
11 92 68 80 6 0 15 T M M 2.7 18 260 M M 2 1 22 260
12 93 71 82 8 0 17 0.45 M M 3.5 17 260 M M 4 138 21 130
13 88 70 79 6 0 14 0.03 M M 2.1 12 110 M M 5 1 17 90
14 87 71 79 6 0 14 0.00 M M 5.6 15 70 M M 7 18 20 120
15 78 67 73 0 0 8 0.22 M M 3.1 9 50 M M 10 1 14 40
16 80 63 72 -1 0 7 0.07 M M 3.7 10 360 M M 6 1 14 110
17 86 59 73 0 0 8 0.00 M M 4.1 14 310 M M 2 1 17 340
18 86 63 75 2 0 10 0.00 M M 4.1 13 330 M M 4 16 300
19 82 63 73 0 0 8 T M M 3.4 15 330 M M 1 19 320
20 83 61 72 -1 0 7 0.00 M M 4.3 10 180 M M 2 14 160
21 83 61 72 0 0 7 T M M 3.6 9 150 M M 2 12 200
22 90 69 80 8 0 15 0.20 M M 3.2 13 300 M M 2 3 17 140
23 90 67 79 7 0 14 0.12 M M 4.0 16 360 M M 1 13 21 350
24 91 67 79 7 0 14 T M M 3.7 15 250 M M 2 12 19 250
25 93 70 82 10 0 17 0.07 M M 9.0 28 290 M M 2 3 34 280
26 88 60 74 2 0 9 0.00 M M 5.9 15 300 M M 2 27 300
27 95 71 83 12 0 18 0.01 M M 10.1 25 260 M M 2 34 280
28 91 69 80 9 0 15 0.01 M M 6.5 25 340 M M 4 3 31 340
29 89 71 80 9 0 15 0.21 M M 6.7 20 320 M M 7 1 27 330
30 82 60 71 0 0 6 0.00 M M 5.8 16 320 M M 2 21 320
31 70 60 65 -6 0 0 0.84 M M 1.8 12 120 M M 8 1 18 130
================================================================================
SM 2683 2045 0 356 3.22 M 135.0 M 123
================================================================================
AV 86.5 66.0 4.4 FASTST M M 4 MAX(MPH)
MISC ----> 28 290 # 34 280
================================================================================
NOTES:
# LAST OF SEVERAL OCCURRENCES
COLUMN 17 PEAK WIND IN M.P.H.
PRELIMINARY LOCAL CLIMATOLOGICAL DATA (WS FORM: F-6) , PAGE 2
STATION: MARTINSBURG WV
MONTH: AUGUST
YEAR: 2020
LATITUDE: 39 24 N
LONGITUDE: 77 58 W
[TEMPERATURE DATA] [PRECIPITATION DATA] SYMBOLS USED IN COLUMN 16
AVERAGE MONTHLY: 76.3 TOTAL FOR MONTH: 3.22 1 = FOG OR MIST
DPTR FM NORMAL: 3.4 DPTR FM NORMAL: 0.14 2 = FOG REDUCING VISIBILITY
HIGHEST: 95 ON 27 GRTST 24HR 0.84 ON 31-31 TO 1/4 MILE OR LESS
LOWEST: 59 ON 17 3 = THUNDER
SNOW, ICE PELLETS, HAIL 4 = ICE PELLETS
TOTAL MONTH: M 5 = HAIL
GRTST 24HR M ON M 6 = FREEZING RAIN OR DRIZZLE
GRTST DEPTH: M ON M 7 = DUSTSTORM OR SANDSTORM:
VSBY 1/2 MILE OR LESS
8 = SMOKE OR HAZE
[NO. OF DAYS WITH] [WEATHER - DAYS WITH] 9 = BLOWING SNOW
X = TORNADO
MAX 32 OR BELOW: 0 0.01 INCH OR MORE: 16
MAX 90 OR ABOVE: 11 0.10 INCH OR MORE: 8
MIN 32 OR BELOW: 0 0.50 INCH OR MORE: 2
MIN 0 OR BELOW: 0 1.00 INCH OR MORE: 0
[HDD (BASE 65) ]
TOTAL THIS MO. 0 CLEAR (SCALE 0-3) 15
DPTR FM NORMAL -6 PTCLDY (SCALE 4-7) 14
TOTAL FM JUL 1 0 CLOUDY (SCALE 8-10) 2
DPTR FM NORMAL -1
[CDD (BASE 65) ]
TOTAL THIS MO. 356
DPTR FM NORMAL 107 [PRESSURE DATA]
TOTAL FM JAN 1 1077 HIGHEST SLP 30.18 ON 8
DPTR FM NORMAL 285 LOWEST SLP 29.51 ON 29
[REMARKS]
#FINAL-08-20#