000
CXUS54 KMAF 011110
CF6MRF
PRELIMINARY LOCAL CLIMATOLOGICAL DATA (WS FORM: F-6)
STATION: MARFA
MONTH: MARCH
YEAR: 2023
LATITUDE: 30 22 N
LONGITUDE: 104 1 W
TEMPERATURE IN F: :PCPN: SNOW: WIND :SUNSHINE: SKY :PK WND
================================================================================
1 2 3 4 5 6A 6B 7 8 9 10 11 12 13 14 15 16 17 18
12Z AVG MX 2MIN
DY MAX MIN AVG DEP HDD CDD WTR SNW DPTH SPD SPD DIR MIN PSBL S-S WX SPD DR
================================================================================
1 69 37 53 M 12 0 M M M 11.1 26 210 M M 1 31 220
2 67 29 48 M 17 0 M M M 23.3 46 270 M M 0 8 70 270
3 61 28 45 M 20 0 M M M 12.9 21 280 M M 0 24 250
4 72 23 48 M 17 0 M M M 7.6 16 170 M M 0 21 220
5 78 29 54 M 11 0 M M M 7.6 17 230 M M 0 29 230
6 80 34 57 M 8 0 M M M 6.5 14 200 M M 0 17 190
7 82 39 61 M 4 0 M M M 8.7 15 260 M M 0 18 220
8 79 47 63 M 2 0 M M M 6.5 13 100 M M 0 18 190
9 78 41 60 M 5 0 M M M 7.5 15 300 M M 1 12 M M
10 78 39 59 M 6 0 M M M 7.6 16 260 M M 1 23 260
11 79 43 61 M 4 0 M M M 11.8 26 270 M M 0 36 280
12 73 46 60 M 5 0 M M M 11.0 24 280 M M 0 35 260
13 76 35 56 M 9 0 M M M 7.6 20 40 M M 0 25 40
14 74 35 55 M 10 0 M M M 5.5 17 70 M M 0 22 70
15 80 35 58 M 7 0 M M M 8.5 18 190 M M 0 25 190
16 71 37 54 M 11 0 0.04 M M 15.1 29 260 M M 3 1 38 260
17 44 30 37 M 28 0 T M M 16.1 25 10 M M 9 36 20
18 36 29 33 M 32 0 0.15 M M 12.6 22 40 M M 10 1 31 30
19 45 25 35 M 30 0 M M M 8.8 17 120 M M 6 24 140
20 66 36 51 M 14 0 T M M 8.1 18 250 M M 5 26 250
21 74 36 55 M 10 0 M M M 8.6 22 220 M M 0 31 230
22 81 40 61 M 4 0 M M M 8.5 24 200 M M 0 35 230
23 78 39 59 M 6 0 M M M 9.8 22 230 M M 0 33 230
24 64 38 51 M 14 0 M M M 15.7 33 260 M M 0 46 250
25 68 36 52 M 13 0 M M M 9.4 20 270 M M 0 24 200
26 71 31 51 M 14 0 M M M 9.5 21 260 M M 0 30 270
27 74 32 53 M 12 0 M M M 8.1 15 250 M M 0 21 260
28 56 36 46 M 19 0 M M M 18.5 29 10 M M 6 40 10
29 77 34 56 M 9 0 M M M 8.8 17 150 M M 2 21 150
30 78 43 61 M 4 0 M M M 10.4 24 190 M M 1 31 190
31 68 40 54 M 11 0 M M M 12.7 26 260 M M 0 33 270
================================================================================
SM 2177 1102 368 0 0.19 M 324.4 M 45
================================================================================
AV 70.2 35.5 10.5 FASTST M M 1 MAX(MPH)
MISC ----> 46 270 70 270
================================================================================
NOTES:
# LAST OF SEVERAL OCCURRENCES
COLUMN 17 PEAK WIND IN M.P.H.
PRELIMINARY LOCAL CLIMATOLOGICAL DATA (WS FORM: F-6) , PAGE 2
STATION: MARFA
MONTH: MARCH
YEAR: 2023
LATITUDE: 30 22 N
LONGITUDE: 104 1 W
[TEMPERATURE DATA] [PRECIPITATION DATA] SYMBOLS USED IN COLUMN 16
AVERAGE MONTHLY: 52.9 TOTAL FOR MONTH: 0.19 1 = FOG OR MIST
DPTR FM NORMAL: 0.0 DPTR FM NORMAL: M 2 = FOG REDUCING VISIBILITY
HIGHEST: 82 ON 7 GRTST 24HR 0.15 ON 18-18 TO 1/4 MILE OR LESS
LOWEST: 23 ON 4 3 = THUNDER
SNOW, ICE PELLETS, HAIL 4 = ICE PELLETS
TOTAL MONTH: M 5 = HAIL
GRTST 24HR M ON M 6 = FREEZING RAIN OR DRIZZLE
GRTST DEPTH: M ON M 7 = DUSTSTORM OR SANDSTORM:
VSBY 1/2 MILE OR LESS
8 = SMOKE OR HAZE
[NO. OF DAYS WITH] [WEATHER - DAYS WITH] 9 = BLOWING SNOW
X = TORNADO
MAX 32 OR BELOW: 0 0.01 INCH OR MORE: 2
MAX 90 OR ABOVE: 0 0.10 INCH OR MORE: 1
MIN 32 OR BELOW: 9 0.50 INCH OR MORE: 0
MIN 0 OR BELOW: 0 1.00 INCH OR MORE: 0
[HDD (BASE 65) ]
TOTAL THIS MO. 368 CLEAR (SCALE 0-3) 26
DPTR FM NORMAL M PTCLDY (SCALE 4-7) 3
TOTAL FM JUL 1 2033 CLOUDY (SCALE 8-10) 2
DPTR FM NORMAL M
[CDD (BASE 65) ]
TOTAL THIS MO. 0
DPTR FM NORMAL M [PRESSURE DATA]
TOTAL FM JAN 1 0 HIGHEST SLP M ON M
DPTR FM NORMAL M LOWEST SLP M ON M
[REMARKS]
#FINAL-03-23#