000
CXUS56 KMTR 010900
CF6MRY
PRELIMINARY LOCAL CLIMATOLOGICAL DATA (WS FORM: F-6)
STATION: MONTEREY AIRPORT
MONTH: APRIL
YEAR: 2023
LATITUDE: 36 34 N
LONGITUDE: 121 51 W
TEMPERATURE IN F: :PCPN: SNOW: WIND :SUNSHINE: SKY :PK WND
================================================================================
1 2 3 4 5 6A 6B 7 8 9 10 11 12 13 14 15 16 17 18
12Z AVG MX 2MIN
DY MAX MIN AVG DEP HDD CDD WTR SNW DPTH SPD SPD DIR MIN PSBL S-S WX SPD DR
================================================================================
1 58 38 48 -6 17 0 0.00 M M 5.9 14 310 M M 1 19 330
2 56 49 53 -1 12 0 0.04 M M 8.8 17 290 M M 8 1 24 290
3 53 47 50 -5 15 0 T M M 18.0 30 300 M M 3 51 310
4 54 41 48 -7 17 0 0.00 M M 8.8 17 270 M M 1 26 250
5 54 42 48 -7 17 0 0.00 M M 6.0 14 300 M M 2 21 290
6 61 40 51 -4 14 0 0.00 M M 5.0 15 300 M M 0 20 300
7 60 49 55 0 10 0 0.03 M M 3.8 10 220 M M 8 18 16 200
8 61 47 54 -1 11 0 0.00 M M 4.2 13 300 M M 5 1 17 340
9 64 45 55 0 10 0 0.00 M M 4.3 10 310 M M 0 14 340
10 63 49 56 1 9 0 0.00 M M 4.3 16 280 M M 4 128 22 300
11 58 48 53 -2 12 0 0.00 M M 7.4 15 270 M M 5 1 27 280
12 55 45 50 -5 15 0 0.00 M M 11.5 22 300 M M 4 32 300
13 58 38 48 -7 17 0 0.00 M M 7.1 17 270 M M 2 23 270
14 56 47 52 -3 13 0 0.00 M M 8.4 15 290 M M 5 22 290
15 56 47 52 -3 13 0 0.00 M M 6.3 14 290 M M 4 22 290
16 57 47 52 -3 13 0 0.00 M M 7.0 14 280 M M 5 20 310
17 56 49 53 -2 12 0 0.00 M M 8.5 16 280 M M 5 23 310
18 57 44 51 -5 14 0 0.03 M M 7.1 17 270 M M 2 1 26 260
19 56 44 50 -6 15 0 0.00 M M 6.2 17 310 M M 2 25 290
20 59 41 50 -6 15 0 0.00 M M 5.1 14 280 M M 0 19 270
21 66 46 56 0 9 0 0.00 M M 5.9 14 330 M M 1 19 320
22 60 47 54 -2 11 0 0.00 M M 5.9 14 280 M M 3 18 21 250
23 58 50 54 -2 11 0 0.00 M M 8.1 15 270 M M 10 1 21 260
24 60 47 54 -2 11 0 0.00 M M 9.0 17 260 M M 4 1 24 260
25 61 44 53 -3 12 0 0.00 M M 4.7 10 270 M M 4 8 14 260
26 67 46 57 1 8 0 0.00 M M 2.5 12 290 M M 6 12 20 260
27 71 45 58 2 7 0 0.00 M M 3.5 10 260 M M 5 12 16 280
28 65 44 55 -1 10 0 0.00 M M 4.6 13 260 M M 5 1 18 260
29 57 49 53 -3 12 0 0.00 M M 5.1 12 300 M M 8 1 18 20
30 58 49 54 -2 11 0 T M M 9.9 22 270 M M 9 1 31 270
================================================================================
SM 1775 1364 373 0 0.10 M 202.9 M 121
================================================================================
AV 59.2 45.5 6.8 FASTST M M 4 MAX(MPH)
MISC ----> 30 300 51 310
================================================================================
NOTES:
# LAST OF SEVERAL OCCURRENCES
COLUMN 17 PEAK WIND IN M.P.H.
PRELIMINARY LOCAL CLIMATOLOGICAL DATA (WS FORM: F-6) , PAGE 2
STATION: MONTEREY AIRPORT
MONTH: APRIL
YEAR: 2023
LATITUDE: 36 34 N
LONGITUDE: 121 51 W
[TEMPERATURE DATA] [PRECIPITATION DATA] SYMBOLS USED IN COLUMN 16
AVERAGE MONTHLY: 52.3 TOTAL FOR MONTH: 0.10 1 = FOG OR MIST
DPTR FM NORMAL: -3.0 DPTR FM NORMAL: -0.93 2 = FOG REDUCING VISIBILITY
HIGHEST: 71 ON 27 GRTST 24HR 0.04 ON 2- 2 TO 1/4 MILE OR LESS
LOWEST: 38 ON 13, 1 3 = THUNDER
SNOW, ICE PELLETS, HAIL 4 = ICE PELLETS
TOTAL MONTH: M 5 = HAIL
GRTST 24HR M ON M 6 = FREEZING RAIN OR DRIZZLE
GRTST DEPTH: M ON M 7 = DUSTSTORM OR SANDSTORM:
VSBY 1/2 MILE OR LESS
8 = SMOKE OR HAZE
[NO. OF DAYS WITH] [WEATHER - DAYS WITH] 9 = BLOWING SNOW
X = TORNADO
MAX 32 OR BELOW: 0 0.01 INCH OR MORE: 3
MAX 90 OR ABOVE: 0 0.10 INCH OR MORE: 0
MIN 32 OR BELOW: 0 0.50 INCH OR MORE: 0
MIN 0 OR BELOW: 0 1.00 INCH OR MORE: 0
[HDD (BASE 65) ]
TOTAL THIS MO. 373 CLEAR (SCALE 0-3) 11
DPTR FM NORMAL 81 PTCLDY (SCALE 4-7) 16
TOTAL FM JUL 1 2910 CLOUDY (SCALE 8-10) 3
DPTR FM NORMAL 421
[CDD (BASE 65) ]
TOTAL THIS MO. 0
DPTR FM NORMAL -2 [PRESSURE DATA]
TOTAL FM JAN 1 0 HIGHEST SLP M ON M
DPTR FM NORMAL -3 LOWEST SLP 29.91 ON 13
[REMARKS]
#FINAL-04-23#