000
CXUS56 KMTR 010900
CF6MRY
PRELIMINARY LOCAL CLIMATOLOGICAL DATA (WS FORM: F-6)
STATION: MONTEREY AIRPORT
MONTH: AUGUST
YEAR: 2022
LATITUDE: 36 34 N
LONGITUDE: 121 51 W
TEMPERATURE IN F: :PCPN: SNOW: WIND :SUNSHINE: SKY :PK WND
================================================================================
1 2 3 4 5 6A 6B 7 8 9 10 11 12 13 14 15 16 17 18
12Z AVG MX 2MIN
DY MAX MIN AVG DEP HDD CDD WTR SNW DPTH SPD SPD DIR MIN PSBL S-S WX SPD DR
================================================================================
1 76 61 69 7 0 4 0.00 M M 3.1 12 340 M M 0 17 340
2 77 59 68 6 0 3 0.00 M M 5.8 16 260 M M 1 20 250
3 74 58 66 4 0 1 0.00 M M 5.4 14 300 M M 4 1 18 310
4 78 60 69 7 0 4 0.00 M M 5.3 20 250 M M 5 18 26 250
5 73 63 68 6 0 3 0.00 M M 8.0 20 260 M M 8 26 250
6 73 62 68 6 0 3 0.00 M M 5.7 16 300 M M 6 18 23 320
7 71 58 65 3 0 0 0.00 M M 7.0 15 280 M M 2 21 290
8 73 58 66 4 0 1 0.00 M M 7.9 17 270 M M 0 24 260
9 75 61 68 6 0 3 0.00 M M 8.0 16 280 M M 2 21 280
10 74 57 66 4 0 1 0.00 M M 6.8 15 290 M M 0 21 310
11 72 57 65 3 0 0 0.00 M M 7.3 16 260 M M 1 8 25 260
12 72 59 66 4 0 1 0.00 M M 8.7 17 250 M M 1 24 270
13 72 58 65 3 0 0 0.00 M M 7.9 15 280 M M 2 18 21 320
14 69 59 64 2 1 0 0.00 M M 7.8 17 270 M M 7 8 22 280
15 70 55 63 1 2 0 0.00 M M 6.0 14 290 M M 7 128 20 300
16 74 53 64 1 1 0 0.00 M M 4.0 9 340 M M 5 128 13 20
17 77 56 67 4 0 2 0.06 M M 2.7 10 350 M M 4 18 15 340
18 69 57 63 0 2 0 0.00 M M 5.4 14 320 M M 6 18 19 320
19 67 58 63 0 2 0 0.00 M M 7.8 14 270 M M 9 18 24 290
20 71 58 65 2 0 0 0.00 M M 7.6 18 240 M M 8 18 24 240
21 73 59 66 3 0 1 0.00 M M 4.4 10 250 M M 8 18 16 340
22 75 57 66 3 0 1 0.00 M M 5.8 15 260 M M 6 18 22 290
23 65 56 61 -2 4 0 0.00 M M 8.9 15 300 M M 9 128 21 270
24 66 55 61 -2 4 0 0.00 M M 7.0 15 330 M M 7 1 21 300
25 66 55 61 -2 4 0 0.00 M M 6.4 15 300 M M 9 18 21 320
26 67 54 61 -2 4 0 0.00 M M 5.3 14 320 M M 7 1 20 310
27 68 54 61 -2 4 0 0.00 M M 6.5 16 260 M M 8 18 22 270
28 69 56 63 0 2 0 0.00 M M 7.0 18 260 M M 5 18 26 240
29 68 56 62 -1 3 0 0.00 M M 5.2 17 260 M M 4 23 270
30 71 53 62 -1 3 0 0.00 M M 5.5 14 320 M M 0 18 20 320
31 66 52 59 -4 6 0 0.00 M M 5.8 13 300 M M 2 1 18 310
================================================================================
SM 2211 1774 42 28 0.06 M 196.0 M 143
================================================================================
AV 71.3 57.2 6.3 FASTST M M 5 MAX(MPH)
MISC ----> # 20 250 # 26 250
================================================================================
NOTES:
# LAST OF SEVERAL OCCURRENCES
COLUMN 17 PEAK WIND IN M.P.H.
PRELIMINARY LOCAL CLIMATOLOGICAL DATA (WS FORM: F-6) , PAGE 2
STATION: MONTEREY AIRPORT
MONTH: AUGUST
YEAR: 2022
LATITUDE: 36 34 N
LONGITUDE: 121 51 W
[TEMPERATURE DATA] [PRECIPITATION DATA] SYMBOLS USED IN COLUMN 16
AVERAGE MONTHLY: 64.3 TOTAL FOR MONTH: 0.06 1 = FOG OR MIST
DPTR FM NORMAL: 1.8 DPTR FM NORMAL: 0.04 2 = FOG REDUCING VISIBILITY
HIGHEST: 78 ON 4 GRTST 24HR 0.06 ON 17-17 TO 1/4 MILE OR LESS
LOWEST: 52 ON 31 3 = THUNDER
SNOW, ICE PELLETS, HAIL 4 = ICE PELLETS
TOTAL MONTH: M 5 = HAIL
GRTST 24HR M ON M 6 = FREEZING RAIN OR DRIZZLE
GRTST DEPTH: M ON M 7 = DUSTSTORM OR SANDSTORM:
VSBY 1/2 MILE OR LESS
8 = SMOKE OR HAZE
[NO. OF DAYS WITH] [WEATHER - DAYS WITH] 9 = BLOWING SNOW
X = TORNADO
MAX 32 OR BELOW: 0 0.01 INCH OR MORE: 1
MAX 90 OR ABOVE: 0 0.10 INCH OR MORE: 0
MIN 32 OR BELOW: 0 0.50 INCH OR MORE: 0
MIN 0 OR BELOW: 0 1.00 INCH OR MORE: 0
[HDD (BASE 65) ]
TOTAL THIS MO. 42 CLEAR (SCALE 0-3) 11
DPTR FM NORMAL -51 PTCLDY (SCALE 4-7) 17
TOTAL FM JUL 1 112 CLOUDY (SCALE 8-10) 3
DPTR FM NORMAL -95
[CDD (BASE 65) ]
TOTAL THIS MO. 28
DPTR FM NORMAL 12 [PRESSURE DATA]
TOTAL FM JAN 1 87 HIGHEST SLP M ON M
DPTR FM NORMAL 53 LOWEST SLP 29.82 ON 16
[REMARKS]
#FINAL-08-22#