000
CXUS56 KMTR 010900
CF6MRY
PRELIMINARY LOCAL CLIMATOLOGICAL DATA (WS FORM: F-6)
STATION: MONTEREY AIRPORT
MONTH: JULY
YEAR: 2022
LATITUDE: 36 34 N
LONGITUDE: 121 51 W
TEMPERATURE IN F: :PCPN: SNOW: WIND :SUNSHINE: SKY :PK WND
================================================================================
1 2 3 4 5 6A 6B 7 8 9 10 11 12 13 14 15 16 17 18
12Z AVG MX 2MIN
DY MAX MIN AVG DEP HDD CDD WTR SNW DPTH SPD SPD DIR MIN PSBL S-S WX SPD DR
================================================================================
1 64 55 60 -1 5 0 0.00 M M 8.5 16 280 M M 9 22 290
2 65 56 61 0 4 0 0.00 M M 9.4 20 310 M M 9 1 25 260
3 66 56 61 0 4 0 0.00 M M 8.3 15 310 M M 6 22 290
4 76 54 65 4 0 0 0.00 M M 5.6 15 240 M M 5 18 23 230
5 73 61 67 6 0 2 0.00 M M 6.2 17 260 M M 7 12 23 280
6 74 61 68 7 0 3 T M M 6.6 15 320 M M 6 18 21 330
7 70 60 65 4 0 0 0.00 M M 7.4 15 270 M M 4 24 280
8 73 58 66 5 0 1 0.00 M M 8.2 16 260 M M 4 25 250
9 68 56 62 1 3 0 0.00 M M 6.5 14 270 M M 4 18 20 260
10 72 56 64 3 1 0 0.00 M M 5.8 14 330 M M 6 128 18 330
11 74 53 64 3 1 0 0.00 M M 5.5 14 330 M M 5 12 18 320
12 70 59 65 4 0 0 0.00 M M 8.3 21 260 M M 8 1 31 260
13 73 59 66 4 0 1 0.00 M M 5.7 15 260 M M 7 21 260
14 67 57 62 0 3 0 0.00 M M 7.5 16 260 M M 5 18 23 270
15 67 56 62 0 3 0 0.00 M M 8.9 16 270 M M 8 18 22 260
16 67 54 61 -1 4 0 0.00 M M 8.0 15 280 M M 7 18 19 320
17 69 56 63 1 2 0 0.00 M M 8.4 15 260 M M 5 18 20 310
18 73 55 64 2 1 0 0.00 M M 5.5 15 330 M M 0 8 22 340
19 66 56 61 -1 4 0 0.00 M M 7.0 14 310 M M 5 18 19 300
20 68 53 61 -1 4 0 0.00 M M 6.1 15 310 M M 7 18 23 290
21 64 53 59 -3 6 0 0.00 M M 7.2 13 260 M M 8 18 18 300
22 68 54 61 -1 4 0 0.00 M M 8.3 14 290 M M 3 1 19 310
23 65 54 60 -2 5 0 0.00 M M 9.1 16 300 M M 9 18 22 300
24 66 54 60 -2 5 0 0.00 M M 7.5 20 260 M M 9 1 27 260
25 68 56 62 0 3 0 T M M 6.2 17 260 M M 8 18 24 260
26 69 57 63 1 2 0 0.00 M M 5.9 17 270 M M 7 24 260
27 68 56 62 0 3 0 T M M 5.3 14 330 M M 6 1 20 350
28 68 55 62 0 3 0 0.00 M M 7.4 15 270 M M 7 18 22 300
29 70 59 65 3 0 0 0.00 M M 8.8 16 280 M M 8 18 22 290
30 72 59 66 4 0 1 0.00 M M 6.0 15 330 M M 6 18 22 330
31 74 60 67 5 0 2 0.00 M M 4.7 13 330 M M 1 1 19 340
================================================================================
SM 2147 1748 70 10 T M 219.8 M 189
================================================================================
AV 69.3 56.4 7.1 FASTST M M 6 MAX(MPH)
MISC ----> 21 260 31 260
================================================================================
NOTES:
# LAST OF SEVERAL OCCURRENCES
COLUMN 17 PEAK WIND IN M.P.H.
PRELIMINARY LOCAL CLIMATOLOGICAL DATA (WS FORM: F-6) , PAGE 2
STATION: MONTEREY AIRPORT
MONTH: JULY
YEAR: 2022
LATITUDE: 36 34 N
LONGITUDE: 121 51 W
[TEMPERATURE DATA] [PRECIPITATION DATA] SYMBOLS USED IN COLUMN 16
AVERAGE MONTHLY: 62.8 TOTAL FOR MONTH: T 1 = FOG OR MIST
DPTR FM NORMAL: 1.2 DPTR FM NORMAL: -0.02 2 = FOG REDUCING VISIBILITY
HIGHEST: 76 ON 4 GRTST 24HR T ON 6- 6 TO 1/4 MILE OR LESS
LOWEST: 53 ON 21,20 3 = THUNDER
SNOW, ICE PELLETS, HAIL 4 = ICE PELLETS
TOTAL MONTH: M 5 = HAIL
GRTST 24HR M ON M 6 = FREEZING RAIN OR DRIZZLE
GRTST DEPTH: M ON M 7 = DUSTSTORM OR SANDSTORM:
VSBY 1/2 MILE OR LESS
8 = SMOKE OR HAZE
[NO. OF DAYS WITH] [WEATHER - DAYS WITH] 9 = BLOWING SNOW
X = TORNADO
MAX 32 OR BELOW: 0 0.01 INCH OR MORE: 0
MAX 90 OR ABOVE: 0 0.10 INCH OR MORE: 0
MIN 32 OR BELOW: 0 0.50 INCH OR MORE: 0
MIN 0 OR BELOW: 0 1.00 INCH OR MORE: 0
[HDD (BASE 65) ]
TOTAL THIS MO. 70 CLEAR (SCALE 0-3) 2
DPTR FM NORMAL -44 PTCLDY (SCALE 4-7) 24
TOTAL FM JUL 1 70 CLOUDY (SCALE 8-10) 5
DPTR FM NORMAL -47
[CDD (BASE 65) ]
TOTAL THIS MO. 10
DPTR FM NORMAL 3 [PRESSURE DATA]
TOTAL FM JAN 1 59 HIGHEST SLP M ON M
DPTR FM NORMAL 41 LOWEST SLP 29.90 ON 17
[REMARKS]
#FINAL-07-22#