000
CXUS56 KMTR 010900
CF6MRY
PRELIMINARY LOCAL CLIMATOLOGICAL DATA (WS FORM: F-6)
STATION: MONTEREY AIRPORT
MONTH: APRIL
YEAR: 2022
LATITUDE: 36 34 N
LONGITUDE: 121 51 W
TEMPERATURE IN F: :PCPN: SNOW: WIND :SUNSHINE: SKY :PK WND
================================================================================
1 2 3 4 5 6A 6B 7 8 9 10 11 12 13 14 15 16 17 18
12Z AVG MX 2MIN
DY MAX MIN AVG DEP HDD CDD WTR SNW DPTH SPD SPD DIR MIN PSBL S-S WX SPD DR
================================================================================
1 63 45 54 0 11 0 0.00 M M 5.5 15 330 M M 5 18 20 340
2 68 46 57 3 8 0 0.00 M M 3.8 12 250 M M 5 18 16 260
3 62 49 56 1 9 0 0.00 M M 6.8 17 280 M M 4 18 26 260
4 64 50 57 2 8 0 0.00 M M 5.9 14 310 M M 5 21 280
5 63 48 56 1 9 0 0.00 M M 5.9 14 320 M M 2 1 20 300
6 82 47 65 10 0 0 0.00 M M 5.0 14 120 M M 0 17 340
7 93 56 75 20 0 10 0.00 M M 3.8 10 240 M M 0 15 260
8 71 52 62 7 3 0 0.00 M M 6.8 16 270 M M 1 22 280
9 63 47 55 0 10 0 0.00 M M 7.7 18 260 M M 4 8 25 280
10 61 43 52 -3 13 0 0.00 M M 7.5 18 290 M M 3 8 37 250
11 56 48 52 -3 13 0 0.09 M M 14.0 28 300 M M 6 18 47 300
12 57 45 51 -4 14 0 T M M 10.0 24 300 M M 0 36 280
13 59 41 50 -5 15 0 0.00 M M 6.8 15 280 M M 0 21 300
14 65 50 58 3 7 0 0.00 M M 6.4 15 270 M M 8 18 20 270
15 64 52 58 3 7 0 0.00 M M 5.1 16 330 M M 5 128 22 300
16 62 47 55 0 10 0 0.28 M M 9.6 23 220 M M 6 18 36 230
17 58 47 53 -2 12 0 0.00 M M 6.0 16 300 M M 2 22 320
18 71 41 56 0 9 0 0.00 M M 5.8 15 240 M M 2 21 270
19 66 52 59 3 6 0 T M M 7.3 16 260 M M 6 8 21 260
20 69 48 59 3 6 0 0.00 M M 8.2 21 190 M M 3 29 200
21 66 53 60 4 5 0 0.13 M M 8.1 20 210 M M 6 1 30 250
22 61 50 56 0 9 0 0.09 M M 8.0 20 280 M M 6 1 30 280
23 62 48 55 -1 10 0 0.00 M M 5.8 15 330 M M 0 20 300
24 63 48 56 0 9 0 0.00 M M 5.3 14 330 M M 2 1 19 330
25 66 47 57 1 8 0 0.00 M M 6.5 15 260 M M 2 18 22 280
26 61 51 56 0 9 0 0.00 M M 9.2 21 290 M M 5 8 28 290
27 60 50 55 -1 10 0 0.00 M M 9.9 18 300 M M 6 27 290
28 61 50 56 0 9 0 0.00 M M 10.6 22 280 M M 2 33 280
29 63 43 53 -3 12 0 0.00 M M 5.9 15 270 M M 0 22 260
30 65 46 56 0 9 0 0.00 M M 8.8 21 260 M M 3 30 270
================================================================================
SM 1945 1440 260 10 0.59 M 216.0 M 99
================================================================================
AV 64.8 48.0 7.2 FASTST M M 3 MAX(MPH)
MISC ----> 28 300 47 300
================================================================================
NOTES:
# LAST OF SEVERAL OCCURRENCES
COLUMN 17 PEAK WIND IN M.P.H.
PRELIMINARY LOCAL CLIMATOLOGICAL DATA (WS FORM: F-6) , PAGE 2
STATION: MONTEREY AIRPORT
MONTH: APRIL
YEAR: 2022
LATITUDE: 36 34 N
LONGITUDE: 121 51 W
[TEMPERATURE DATA] [PRECIPITATION DATA] SYMBOLS USED IN COLUMN 16
AVERAGE MONTHLY: 56.4 TOTAL FOR MONTH: 0.59 1 = FOG OR MIST
DPTR FM NORMAL: 1.1 DPTR FM NORMAL: -0.44 2 = FOG REDUCING VISIBILITY
HIGHEST: 93 ON 7 GRTST 24HR 0.28 ON 16-16 TO 1/4 MILE OR LESS
LOWEST: 41 ON 18,13 3 = THUNDER
SNOW, ICE PELLETS, HAIL 4 = ICE PELLETS
TOTAL MONTH: M 5 = HAIL
GRTST 24HR M ON M 6 = FREEZING RAIN OR DRIZZLE
GRTST DEPTH: M ON M 7 = DUSTSTORM OR SANDSTORM:
VSBY 1/2 MILE OR LESS
8 = SMOKE OR HAZE
[NO. OF DAYS WITH] [WEATHER - DAYS WITH] 9 = BLOWING SNOW
X = TORNADO
MAX 32 OR BELOW: 0 0.01 INCH OR MORE: 4
MAX 90 OR ABOVE: 1 0.10 INCH OR MORE: 2
MIN 32 OR BELOW: 0 0.50 INCH OR MORE: 0
MIN 0 OR BELOW: 0 1.00 INCH OR MORE: 0
[HDD (BASE 65) ]
TOTAL THIS MO. 260 CLEAR (SCALE 0-3) 15
DPTR FM NORMAL -32 PTCLDY (SCALE 4-7) 14
TOTAL FM JUL 1 1917 CLOUDY (SCALE 8-10) 1
DPTR FM NORMAL -572
[CDD (BASE 65) ]
TOTAL THIS MO. 10
DPTR FM NORMAL 8 [PRESSURE DATA]
TOTAL FM JAN 1 13 HIGHEST SLP M ON M
DPTR FM NORMAL 10 LOWEST SLP 29.94 ON 16
[REMARKS]
#FINAL-04-22#