000
CXUS56 KMTR 010900
CF6MRY
PRELIMINARY LOCAL CLIMATOLOGICAL DATA (WS FORM: F-6)
STATION: MONTEREY AIRPORT
MONTH: JUNE
YEAR: 2021
LATITUDE: 36 34 N
LONGITUDE: 121 51 W
TEMPERATURE IN F: :PCPN: SNOW: WIND :SUNSHINE: SKY :PK WND
================================================================================
1 2 3 4 5 6A 6B 7 8 9 10 11 12 13 14 15 16 17 18
12Z AVG MX 2MIN
DY MAX MIN AVG DEP HDD CDD WTR SNW DPTH SPD SPD DIR MIN PSBL S-S WX SPD DR
================================================================================
1 72 53 63 4 2 0 0.00 M M 5.2 15 270 M M 7 18 17 260
2 64 53 59 0 6 0 0.00 M M 6.6 14 330 M M 8 18 17 310
3 68 53 61 2 4 0 0.00 M M 6.5 13 260 M M 6 18 17 260
4 63 54 59 0 6 0 0.00 M M 8.2 15 300 M M 6 18 20 310
5 68 54 61 2 4 0 0.00 M M 9.2 16 290 M M 5 20 280
6 65 55 60 1 5 0 0.00 M M 11.2 24 250 M M 6 30 250
7 65 55 60 1 5 0 0.00 M M 11.7 22 250 M M 4 32 280
8 66 54 60 0 5 0 0.00 M M 7.5 16 280 M M 3 8 21 270
9 67 50 59 -1 6 0 0.00 M M 7.2 18 270 M M 1 24 280
10 68 48 58 -2 7 0 0.00 M M 7.5 17 300 M M 0 22 310
11 70 47 59 -1 6 0 0.00 M M 6.2 15 260 M M 0 21 280
12 74 56 65 5 0 0 0.00 M M 6.5 15 270 M M 1 20 280
13 76 59 68 8 0 3 0.00 M M 6.2 16 280 M M 4 18 20 280
14 72 58 65 5 0 0 0.00 M M 6.6 14 270 M M 5 8 27 260
15 71 54 63 3 2 0 0.00 M M 6.9 14 270 M M 1 19 270
16 73 52 63 3 2 0 0.00 M M 4.4 13 270 M M 0 8 17 270
17 79 55 67 7 0 2 0.00 M M 3.7 10 330 M M 0 8 13 320
18 78 56 67 7 0 2 0.00 M M 5.2 16 260 M M 1 8 20 250
19 77 53 65 5 0 0 0.00 M M 4.6 13 270 M M 4 18 16 260
20 72 56 64 4 1 0 0.00 M M 6.6 14 260 M M 5 M M
21 76 58 67 7 0 2 T M M 5.4 14 240 M M 5 18 M M
22 74 60 67 7 0 2 0.00 M M 8.8 21 260 M M 5 26 250
23 73 61 67 6 0 2 0.00 M M 7.6 21 240 M M 6 29 240
24 72 61 67 6 0 2 0.00 M M 7.4 20 260 M M 8 8 23 250
25 69 59 64 3 1 0 0.00 M M 5.7 15 320 M M 8 18 20 330
26 68 58 63 2 2 0 0.00 M M 7.5 15 290 M M 8 18 19 280
27 68 58 63 2 2 0 0.00 M M 7.9 15 300 M M 9 1 19 310
28 67 57 62 1 3 0 0.00 M M 8.1 16 260 M M 9 18 20 270
29 69 58 64 3 1 0 0.00 M M 9.1 15 270 M M 8 128 20 280
30 70 59 65 4 0 0 0.00 M M 8.0 15 270 M M 10 1 20 290
================================================================================
SM 2114 1664 70 15 T M 213.2 M 143
================================================================================
AV 70.5 55.5 7.1 FASTST M M 5 MAX(MPH)
MISC ----> 24 250 32 280
================================================================================
NOTES:
# LAST OF SEVERAL OCCURRENCES
COLUMN 17 PEAK WIND IN M.P.H.
PRELIMINARY LOCAL CLIMATOLOGICAL DATA (WS FORM: F-6) , PAGE 2
STATION: MONTEREY AIRPORT
MONTH: JUNE
YEAR: 2021
LATITUDE: 36 34 N
LONGITUDE: 121 51 W
[TEMPERATURE DATA] [PRECIPITATION DATA] SYMBOLS USED IN COLUMN 16
AVERAGE MONTHLY: 63.0 TOTAL FOR MONTH: T 1 = FOG OR MIST
DPTR FM NORMAL: 2.9 DPTR FM NORMAL: -0.13 2 = FOG REDUCING VISIBILITY
HIGHEST: 79 ON 17 GRTST 24HR T ON 21-21 TO 1/4 MILE OR LESS
LOWEST: 47 ON 11 3 = THUNDER
SNOW, ICE PELLETS, HAIL 4 = ICE PELLETS
TOTAL MONTH: M 5 = HAIL
GRTST 24HR M ON M 6 = FREEZING RAIN OR DRIZZLE
GRTST DEPTH: M ON M 7 = DUSTSTORM OR SANDSTORM:
VSBY 1/2 MILE OR LESS
8 = SMOKE OR HAZE
[NO. OF DAYS WITH] [WEATHER - DAYS WITH] 9 = BLOWING SNOW
X = TORNADO
MAX 32 OR BELOW: 0 0.01 INCH OR MORE: 0
MAX 90 OR ABOVE: 0 0.10 INCH OR MORE: 0
MIN 32 OR BELOW: 0 0.50 INCH OR MORE: 0
MIN 0 OR BELOW: 0 1.00 INCH OR MORE: 0
[HDD (BASE 65) ]
TOTAL THIS MO. 70 CLEAR (SCALE 0-3) 9
DPTR FM NORMAL -84 PTCLDY (SCALE 4-7) 17
TOTAL FM JUL 1 2386 CLOUDY (SCALE 8-10) 4
DPTR FM NORMAL -488
[CDD (BASE 65) ]
TOTAL THIS MO. 15
DPTR FM NORMAL 10 [PRESSURE DATA]
TOTAL FM JAN 1 21 HIGHEST SLP M ON M
DPTR FM NORMAL 10 LOWEST SLP 29.78 ON 17
[REMARKS]
#FINAL-06-21#