000
CXUS56 KMTR 080911
CF6MRY
PRELIMINARY LOCAL CLIMATOLOGICAL DATA (WS FORM: F-6)
STATION: MONTEREY AIRPORT
MONTH: APRIL
YEAR: 2021
LATITUDE: 36 34 N
LONGITUDE: 121 51 W
TEMPERATURE IN F: :PCPN: SNOW: WIND :SUNSHINE: SKY :PK WND
================================================================================
1 2 3 4 5 6A 6B 7 8 9 10 11 12 13 14 15 16 17 18
12Z AVG MX 2MIN
DY MAX MIN AVG DEP HDD CDD WTR SNW DPTH SPD SPD DIR MIN PSBL S-S WX SPD DR
================================================================================
1 83 53 68 14 0 3 0.00 M M 4.7 13 300 M M 0 19 320
2 62 47 55 1 10 0 0.00 M M 5.9 16 260 M M 5 128 19 260
3 61 48 55 0 10 0 0.00 M M 5.9 15 280 M M 7 20 310
4 60 47 54 -1 11 0 0.00 M M 7.2 17 300 M M 4 24 300
5 61 50 56 1 9 0 0.00 M M 6.3 15 310 M M 8 20 290
6 59 52 56 1 9 0 0.00 M M 5.4 15 260 M M 8 18 260
7 61 51 56 1 9 0 0.00 M M 7.3 16 310 M M 6 21 300
8 61 51 56 1 9 0 0.00 M M 8.2 15 330 M M 5 21 310
9 59 49 54 -1 11 0 0.00 M M 9.2 18 280 M M 7 23 290
10 60 50 55 0 10 0 0.00 M M 7.6 14 260 M M 6 19 310
11 60 50 55 0 10 0 0.00 M M 7.8 15 320 M M 8 8 19 320
12 61 50 56 1 9 0 0.00 M M 6.9 15 240 M M 8 8 21 230
13 61 50 56 1 9 0 0.00 M M 9.5 21 280 M M 9 25 280
14 64 47 56 1 9 0 0.00 M M 7.2 20 250 M M 7 26 250
15 64 45 55 0 10 0 0.00 M M 6.8 15 250 M M 5 18 20 250
16 60 46 53 -2 12 0 0.00 M M 7.0 15 320 M M 6 19 320
17 60 49 55 0 10 0 0.00 M M 7.4 14 310 M M 6 1 19 310
18 64 45 55 -1 10 0 0.00 M M 4.1 10 320 M M 3 128 14 10
19 60 48 54 -2 11 0 0.00 M M 8.4 15 260 M M 8 18 21 250
20 59 52 56 0 9 0 0.01 M M 10.6 20 270 M M 10 18 26 270
21 56 51 54 -2 11 0 T M M 6.9 15 270 M M 10 18 19 280
22 58 51 55 -1 10 0 0.00 M M 6.9 16 270 M M 10 20 260
23 63 51 57 1 8 0 0.00 M M 6.9 18 250 M M 9 25 270
24 64 48 56 0 9 0 0.00 M M 6.8 17 260 M M 5 18 23 260
25 62 51 57 1 8 0 T M M 6.5 20 240 M M 9 24 250
26 62 46 54 -2 11 0 0.00 M M 7.9 17 290 M M 3 22 290
27 68 49 59 3 6 0 0.00 M M 6.2 16 280 M M 2 22 260
28 70 46 58 2 7 0 0.00 M M 4.5 12 330 M M 1 12 15 320
29 64 47 56 0 9 0 0.00 M M 5.4 15 320 M M 1 128 19 320
30 62 51 57 1 8 0 0.00 M M 8.1 16 300 M M 6 8 20 260
================================================================================
SM 1869 1471 274 3 0.01 M 209.5 M 182
================================================================================
AV 62.3 49.0 7.0 FASTST M M 6 MAX(MPH)
MISC ----> 21 280 # 26 250
================================================================================
NOTES:
# LAST OF SEVERAL OCCURRENCES
COLUMN 17 PEAK WIND IN M.P.H.
PRELIMINARY LOCAL CLIMATOLOGICAL DATA (WS FORM: F-6) , PAGE 2
STATION: MONTEREY AIRPORT
MONTH: APRIL
YEAR: 2021
LATITUDE: 36 34 N
LONGITUDE: 121 51 W
[TEMPERATURE DATA] [PRECIPITATION DATA] SYMBOLS USED IN COLUMN 16
AVERAGE MONTHLY: 55.7 TOTAL FOR MONTH: 0.01 1 = FOG OR MIST
DPTR FM NORMAL: 0.4 DPTR FM NORMAL: -1.02 2 = FOG REDUCING VISIBILITY
HIGHEST: 83 ON 1 GRTST 24HR 0.01 ON 20-20 TO 1/4 MILE OR LESS
LOWEST: 45 ON 18,15 3 = THUNDER
SNOW, ICE PELLETS, HAIL 4 = ICE PELLETS
TOTAL MONTH: M 5 = HAIL
GRTST 24HR M ON M 6 = FREEZING RAIN OR DRIZZLE
GRTST DEPTH: M ON M 7 = DUSTSTORM OR SANDSTORM:
VSBY 1/2 MILE OR LESS
8 = SMOKE OR HAZE
[NO. OF DAYS WITH] [WEATHER - DAYS WITH] 9 = BLOWING SNOW
X = TORNADO
MAX 32 OR BELOW: 0 0.01 INCH OR MORE: 1
MAX 90 OR ABOVE: 0 0.10 INCH OR MORE: 0
MIN 32 OR BELOW: 0 0.50 INCH OR MORE: 0
MIN 0 OR BELOW: 0 1.00 INCH OR MORE: 0
[HDD (BASE 65) ]
TOTAL THIS MO. 274 CLEAR (SCALE 0-3) 5
DPTR FM NORMAL -18 PTCLDY (SCALE 4-7) 19
TOTAL FM JUL 1 2143 CLOUDY (SCALE 8-10) 6
DPTR FM NORMAL -346
[CDD (BASE 65) ]
TOTAL THIS MO. 3
DPTR FM NORMAL 1 [PRESSURE DATA]
TOTAL FM JAN 1 6 HIGHEST SLP 30.29 ON 29
DPTR FM NORMAL 3 LOWEST SLP 29.90 ON 12
[REMARKS]
#FINAL-04-21#