000
CXUS56 KMTR 010900
CF6MRY
PRELIMINARY LOCAL CLIMATOLOGICAL DATA (WS FORM: F-6)
STATION: MONTEREY AIRPORT
MONTH: JULY
YEAR: 2023
LATITUDE: 36 34 N
LONGITUDE: 121 51 W
TEMPERATURE IN F: :PCPN: SNOW: WIND :SUNSHINE: SKY :PK WND
================================================================================
1 2 3 4 5 6A 6B 7 8 9 10 11 12 13 14 15 16 17 18
12Z AVG MX 2MIN
DY MAX MIN AVG DEP HDD CDD WTR SNW DPTH SPD SPD DIR MIN PSBL S-S WX SPD DR
================================================================================
1 68 50 59 -2 6 0 0.00 M M 3.1 9 320 M M 4 1 14 340
2 82 52 67 6 0 2 0.00 M M 4.0 10 340 M M 1 12 15 360
3 66 53 60 -1 5 0 0.00 M M 7.5 15 260 M M 6 18 21 270
4 66 55 61 0 4 0 0.00 M M 7.5 17 260 M M 7 1 24 260
5 66 54 60 -1 5 0 0.00 M M 7.4 20 260 M M 8 27 260
6 65 56 61 0 4 0 0.00 M M 6.6 16 270 M M 10 22 250
7 64 55 60 -1 5 0 0.00 M M 9.9 17 280 M M 10 1 24 300
8 64 55 60 -1 5 0 0.00 M M 11.0 17 260 M M 8 25 280
9 65 55 60 -1 5 0 0.00 M M 8.4 16 260 M M 8 8 27 280
10 63 52 58 -3 7 0 0.00 M M 6.9 15 300 M M 7 18 21 290
11 66 50 58 -3 7 0 0.00 M M 5.0 15 330 M M 7 128 21 340
12 64 52 58 -3 7 0 0.00 M M 5.6 13 310 M M 5 1 19 280
13 70 49 60 -2 5 0 0.00 M M 4.6 14 260 M M 2 18 19 260
14 63 53 58 -4 7 0 0.00 M M 7.0 14 330 M M 7 1 19 320
15 64 52 58 -4 7 0 0.00 M M 4.6 10 330 M M 6 128 16 300
16 71 51 61 -1 4 0 0.00 M M 3.6 9 350 M M 3 18 16 280
17 70 53 62 0 3 0 0.00 M M 5.6 17 250 M M 1 18 23 230
18 64 53 59 -3 6 0 0.00 M M 5.9 14 300 M M 5 18 19 320
19 62 54 58 -4 7 0 0.00 M M 7.0 14 270 M M 9 18 19 280
20 63 53 58 -4 7 0 0.00 M M 6.2 14 320 M M 7 18 19 300
21 64 53 59 -3 6 0 0.00 M M 5.1 12 250 M M 5 128 16 300
22 67 51 59 -3 6 0 0.00 M M 5.7 14 270 M M 4 18 20 250
23 68 53 61 -1 4 0 0.00 M M 5.8 16 260 M M 1 23 240
24 69 55 62 0 3 0 0.00 M M 6.4 14 280 M M 5 18 20 290
25 70 53 62 0 3 0 0.00 M M 4.2 10 280 M M 3 12 15 280
26 67 55 61 -1 4 0 0.00 M M 6.9 14 270 M M 6 18 19 330
27 66 54 60 -2 5 0 0.00 M M 6.3 14 260 M M 5 1 19 280
28 68 53 61 -1 4 0 0.00 M M 6.8 13 290 M M 3 12 18 280
29 69 54 62 0 3 0 0.00 M M 6.0 12 270 M M 4 128 17 300
30 69 52 61 -1 4 0 0.00 M M 5.9 12 240 M M 5 128 16 250
31 66 54 60 -2 5 0 0.00 M M 7.0 14 310 M M 7 18 19 310
================================================================================
SM 2069 1644 153 2 0.00 M 193.5 M 169
================================================================================
AV 66.7 53.0 6.2 FASTST M M 5 MAX(MPH)
MISC ----> 20 260 # 27 260
================================================================================
NOTES:
# LAST OF SEVERAL OCCURRENCES
COLUMN 17 PEAK WIND IN M.P.H.
PRELIMINARY LOCAL CLIMATOLOGICAL DATA (WS FORM: F-6) , PAGE 2
STATION: MONTEREY AIRPORT
MONTH: JULY
YEAR: 2023
LATITUDE: 36 34 N
LONGITUDE: 121 51 W
[TEMPERATURE DATA] [PRECIPITATION DATA] SYMBOLS USED IN COLUMN 16
AVERAGE MONTHLY: 59.9 TOTAL FOR MONTH: 0.00 1 = FOG OR MIST
DPTR FM NORMAL: -1.7 DPTR FM NORMAL: -0.02 2 = FOG REDUCING VISIBILITY
HIGHEST: 82 ON 2 GRTST 24HR 0.00 ON 1- 1 TO 1/4 MILE OR LESS
LOWEST: 49 ON 13 3 = THUNDER
SNOW, ICE PELLETS, HAIL 4 = ICE PELLETS
TOTAL MONTH: M 5 = HAIL
GRTST 24HR M ON M 6 = FREEZING RAIN OR DRIZZLE
GRTST DEPTH: M ON M 7 = DUSTSTORM OR SANDSTORM:
VSBY 1/2 MILE OR LESS
8 = SMOKE OR HAZE
[NO. OF DAYS WITH] [WEATHER - DAYS WITH] 9 = BLOWING SNOW
X = TORNADO
MAX 32 OR BELOW: 0 0.01 INCH OR MORE: 0
MAX 90 OR ABOVE: 0 0.10 INCH OR MORE: 0
MIN 32 OR BELOW: 0 0.50 INCH OR MORE: 0
MIN 0 OR BELOW: 0 1.00 INCH OR MORE: 0
[HDD (BASE 65) ]
TOTAL THIS MO. 153 CLEAR (SCALE 0-3) 5
DPTR FM NORMAL 39 PTCLDY (SCALE 4-7) 23
TOTAL FM JUL 1 153 CLOUDY (SCALE 8-10) 3
DPTR FM NORMAL 36
[CDD (BASE 65) ]
TOTAL THIS MO. 2
DPTR FM NORMAL -5 [PRESSURE DATA]
TOTAL FM JAN 1 2 HIGHEST SLP M ON M
DPTR FM NORMAL -16 LOWEST SLP 29.88 ON 16
[REMARKS]
#FINAL-07-23#