000
CXUS56 KMTR 010841
CLMMRY
CLIMATE REPORT
NATIONAL WEATHER SERVICE SAN FRANCISCO BAY AREA
141 AM PDT SAT APR 01 2023
...................................
...THE MONTEREY AIRPORT CLIMATE SUMMARY FOR THE MONTH OF MARCH 2023...
CLIMATE NORMAL PERIOD: 1991 TO 2020
CLIMATE RECORD PERIOD: 1998 TO 2023
WEATHER OBSERVED LAST YEAR`S
VALUE DATE(S) VALUE DATE(S)
.........................................................
TEMPERATURE (F)
RECORD
HIGH 87 MM
LOW 35 03/05/2018
HIGHEST 68 03/12 79 03/22
LOWEST 35R 03/27 38 03/07
AVG. MAXIMUM 57.6 63.3
AVG. MINIMUM 43.7 46.7
MEAN 50.6 55.0
DAYS MAX >= 90 0 0
DAYS MAX <= 32 0 0
DAYS MIN <= 32 0 0
DAYS MIN <= 0 0 0
PRECIPITATION (INCHES)
TOTALS 5.61 0.89
DAILY AVG. 0.18 0.03
DAYS >= .01 14 7
DAYS >= .10 11 3
DAYS >= .50 3 1
DAYS >= 1.00 1 0
GREATEST
24 HR. TOTAL 1.48 03/09 TO 03/10 0.63 03/27 TO 03/28
DEGREE DAYS
HEATING TOTAL 437 301
SINCE 7/1 2537 MM
COOLING TOTAL 0 0
SINCE 1/1 0 MM
.........................................................
WIND (MPH)
AVERAGE WIND SPEED 7.2
RESULTANT WIND SPEED/DIRECTION 3/250
HIGHEST WIND SPEED/DIRECTION 30/180 DATE 03/09
30/170 03/14
30/200 03/21
HIGHEST GUST SPEED/DIRECTION 60/170 DATE 03/09
SKY COVER
POSSIBLE SUNSHINE (PERCENT) MM
AVERAGE SKY COVER 0.53
NUMBER OF DAYS FAIR 10
NUMBER OF DAYS PC 12
NUMBER OF DAYS CLOUDY 9
AVERAGE RH (PERCENT) 75
WEATHER CONDITIONS. NUMBER OF DAYS WITH
THUNDERSTORM 1 MIXED PRECIP 0
HEAVY RAIN 7 RAIN 12
LIGHT RAIN 16 FREEZING RAIN 0
LT FREEZING RAIN 0 HAIL 0
HEAVY SNOW 0 SNOW 0
LIGHT SNOW 0 SLEET 0
FOG 15 FOG W/VIS <= 1/4 MILE 2
HAZE 5
- INDICATES NEGATIVE NUMBERS.
R INDICATES RECORD WAS SET OR TIED.
MM INDICATES DATA IS MISSING.
T INDICATES TRACE AMOUNT.
$$